CRAN Package Check Results for Package BayesXsrc

Last updated on 2022-10-01 00:49:20 CEST.

Flavor Version Tinstall Tcheck Ttotal Status Flags
r-devel-linux-x86_64-debian-clang 3.0-2 946.87 42.74 989.61 NOTE
r-devel-linux-x86_64-debian-gcc 3.0-2 843.59 29.14 872.73 NOTE
r-devel-linux-x86_64-fedora-clang 3.0-2 1545.24 WARN
r-devel-linux-x86_64-fedora-gcc 3.0-2 1506.32 NOTE
r-devel-windows-x86_64 3.0-2 650.00 80.00 730.00 NOTE
r-patched-linux-x86_64 3.0-2 875.00 36.57 911.57 NOTE
r-release-linux-x86_64 3.0-2 877.71 35.80 913.51 NOTE
r-release-macos-arm64 3.0-2 372.00 NOTE
r-release-macos-x86_64 3.0-2 458.00 NOTE
r-release-windows-x86_64 3.0-2 647.00 76.00 723.00 NOTE
r-oldrel-macos-arm64 3.0-2 328.00 NOTE
r-oldrel-macos-x86_64 3.0-2 442.00 NOTE
r-oldrel-windows-ix86+x86_64 3.0-2 1954.00 79.00 2033.00 NOTE

Additional issues

clang15 clang15

Check Details

Version: 3.0-2
Check: for GNU extensions in Makefiles
Result: NOTE
    GNU make is a SystemRequirements.
Flavors: r-devel-linux-x86_64-debian-clang, r-devel-linux-x86_64-debian-gcc, r-devel-linux-x86_64-fedora-clang, r-devel-linux-x86_64-fedora-gcc, r-devel-windows-x86_64, r-patched-linux-x86_64, r-release-linux-x86_64, r-release-macos-arm64, r-release-macos-x86_64, r-release-windows-x86_64, r-oldrel-macos-arm64, r-oldrel-macos-x86_64, r-oldrel-windows-ix86+x86_64

Version: 3.0-2
Check: whether package can be installed
Result: WARN
    Found the following significant warnings:
     bayesxsrc/bib/tlinklst.h:369:53: warning: invalid UTF-8 in comment [-Winvalid-utf8]
     bayesxsrc/bib/tlinklst.cpp:517:13: warning: invalid UTF-8 in comment [-Winvalid-utf8]
     bayesxsrc/bib/tlinklst.cpp:593:23: warning: invalid UTF-8 in comment [-Winvalid-utf8]
     bayesxsrc/bib/tlinklst.cpp:640:22: warning: invalid UTF-8 in comment [-Winvalid-utf8]
     bayesxsrc/bib/tlinklst.cpp:644:44: warning: invalid UTF-8 in comment [-Winvalid-utf8]
     bayesxsrc/bib/tpremat.cpp:113:32: warning: invalid UTF-8 in comment [-Winvalid-utf8]
     bayesxsrc/bib/tpremat.cpp:1444:78: warning: invalid UTF-8 in comment [-Winvalid-utf8]
     bayesxsrc/bib/tpremat.cpp:1465:76: warning: invalid UTF-8 in comment [-Winvalid-utf8]
     bayesxsrc/bib/clstring.h:218:19: warning: invalid UTF-8 in comment [-Winvalid-utf8]
     bayesxsrc/bib/clstring.h:218:54: warning: invalid UTF-8 in comment [-Winvalid-utf8]
     bayesxsrc/bib/statmat.cpp:1204:61: warning: invalid UTF-8 in comment [-Winvalid-utf8]
     bayesxsrc/bib/statmat.cpp:1205:68: warning: invalid UTF-8 in comment [-Winvalid-utf8]
     bayesxsrc/bib/statmat.cpp:1206:64: warning: invalid UTF-8 in comment [-Winvalid-utf8]
     bayesxsrc/bib/statmat.cpp:1207:63: warning: invalid UTF-8 in comment [-Winvalid-utf8]
     bayesxsrc/bib/statmat.cpp:1260:61: warning: invalid UTF-8 in comment [-Winvalid-utf8]
     bayesxsrc/bib/statmat.cpp:1261:68: warning: invalid UTF-8 in comment [-Winvalid-utf8]
     bayesxsrc/bib/statmat.cpp:1262:64: warning: invalid UTF-8 in comment [-Winvalid-utf8]
     bayesxsrc/bib/statmat.cpp:1263:63: warning: invalid UTF-8 in comment [-Winvalid-utf8]
     bayesxsrc/bib/map.h:57:22: warning: invalid UTF-8 in comment [-Winvalid-utf8]
     bayesxsrc/bib/map.h:148:23: warning: invalid UTF-8 in comment [-Winvalid-utf8]
     bayesxsrc/bib/map.h:739:13: warning: invalid UTF-8 in comment [-Winvalid-utf8]
     bayesxsrc/mcmc/distribution.h:56:42: warning: invalid UTF-8 in comment [-Winvalid-utf8]
     bayesxsrc/mcmc/distribution.h:56:74: warning: invalid UTF-8 in comment [-Winvalid-utf8]
     bayesxsrc/mcmc/distribution.h:56:126: warning: invalid UTF-8 in comment [-Winvalid-utf8]
     bayesxsrc/mcmc/distribution.h:845:55: warning: invalid UTF-8 in comment [-Winvalid-utf8]
     bayesxsrc/mcmc/distribution.h:1694:29: warning: invalid UTF-8 in comment [-Winvalid-utf8]
     bayesxsrc/mcmc/distribution.h:1699:47: warning: invalid UTF-8 in comment [-Winvalid-utf8]
     bayesxsrc/mcmc/distribution.h:1703:22: warning: invalid UTF-8 in comment [-Winvalid-utf8]
     bayesxsrc/mcmc/distribution.h:1706:46: warning: invalid UTF-8 in comment [-Winvalid-utf8]
     bayesxsrc/mcmc/distribution.h:1709:38: warning: invalid UTF-8 in comment [-Winvalid-utf8]
     bayesxsrc/mcmc/distribution.h:1710:6: warning: invalid UTF-8 in comment [-Winvalid-utf8]
     bayesxsrc/mcmc/distribution.h:1722:7: warning: invalid UTF-8 in comment [-Winvalid-utf8]
     bayesxsrc/mcmc/distribution.h:1722:33: warning: invalid UTF-8 in comment [-Winvalid-utf8]
     bayesxsrc/mcmc/distribution.h:1730:30: warning: invalid UTF-8 in comment [-Winvalid-utf8]
     bayesxsrc/mcmc/distribution.h:1731:36: warning: invalid UTF-8 in comment [-Winvalid-utf8]
     bayesxsrc/mcmc/distribution.h:1887:22: warning: invalid UTF-8 in comment [-Winvalid-utf8]
     bayesxsrc/mcmc/distribution.h:1934:35: warning: invalid UTF-8 in comment [-Winvalid-utf8]
     bayesxsrc/mcmc/distribution.h:2033:20: warning: invalid UTF-8 in comment [-Winvalid-utf8]
     bayesxsrc/mcmc/distribution.h:2153:22: warning: invalid UTF-8 in comment [-Winvalid-utf8]
     bayesxsrc/leyre/nbinomial.h:73:37: warning: invalid UTF-8 in comment [-Winvalid-utf8]
     bayesxsrc/leyre/zip.h:79:37: warning: invalid UTF-8 in comment [-Winvalid-utf8]
     bayesxsrc/mcmc/mcmc_nonpbasis.h:123:74: warning: invalid UTF-8 in comment [-Winvalid-utf8]
     bayesxsrc/mcmc/mcmc_nonpbasis.h:148:19: warning: invalid UTF-8 in comment [-Winvalid-utf8]
     bayesxsrc/psplines/spline_basis.h:44:72: warning: invalid UTF-8 in comment [-Winvalid-utf8]
     bayesxsrc/psplines/spline_basis.h:52:59: warning: invalid UTF-8 in comment [-Winvalid-utf8]
     bayesxsrc/psplines/spline_basis.h:55:55: warning: invalid UTF-8 in comment [-Winvalid-utf8]
     bayesxsrc/psplines/spline_basis.h:55:77: warning: invalid UTF-8 in comment [-Winvalid-utf8]
     bayesxsrc/psplines/spline_basis.h:57:74: warning: invalid UTF-8 in comment [-Winvalid-utf8]
     bayesxsrc/psplines/spline_basis.h:68:45: warning: invalid UTF-8 in comment [-Winvalid-utf8]
     bayesxsrc/psplines/spline_basis.h:69:45: warning: invalid UTF-8 in comment [-Winvalid-utf8]
     bayesxsrc/psplines/spline_basis.h:79:46: warning: invalid UTF-8 in comment [-Winvalid-utf8]
     bayesxsrc/psplines/spline_basis.h:81:46: warning: invalid UTF-8 in comment [-Winvalid-utf8]
     bayesxsrc/psplines/spline_basis.h:93:45: warning: invalid UTF-8 in comment [-Winvalid-utf8]
     bayesxsrc/psplines/spline_basis.h:95:58: warning: invalid UTF-8 in comment [-Winvalid-utf8]
     bayesxsrc/psplines/spline_basis.h:105:56: warning: invalid UTF-8 in comment [-Winvalid-utf8]
     bayesxsrc/psplines/spline_basis.h:105:66: warning: invalid UTF-8 in comment [-Winvalid-utf8]
     bayesxsrc/psplines/spline_basis.h:107:62: warning: invalid UTF-8 in comment [-Winvalid-utf8]
     bayesxsrc/psplines/spline_basis.h:108:53: warning: invalid UTF-8 in comment [-Winvalid-utf8]
     bayesxsrc/psplines/spline_basis.h:112:62: warning: invalid UTF-8 in comment [-Winvalid-utf8]
     bayesxsrc/psplines/spline_basis.h:114:69: warning: invalid UTF-8 in comment [-Winvalid-utf8]
     bayesxsrc/psplines/spline_basis.h:115:72: warning: invalid UTF-8 in comment [-Winvalid-utf8]
     bayesxsrc/psplines/spline_basis.h:115:77: warning: invalid UTF-8 in comment [-Winvalid-utf8]
     bayesxsrc/psplines/spline_basis.h:118:45: warning: invalid UTF-8 in comment [-Winvalid-utf8]
     bayesxsrc/psplines/spline_basis.h:129:52: warning: invalid UTF-8 in comment [-Winvalid-utf8]
     bayesxsrc/psplines/spline_basis.h:132:54: warning: invalid UTF-8 in comment [-Winvalid-utf8]
     bayesxsrc/psplines/spline_basis.h:134:47: warning: invalid UTF-8 in comment [-Winvalid-utf8]
     bayesxsrc/psplines/spline_basis.h:134:59: warning: invalid UTF-8 in comment [-Winvalid-utf8]
     bayesxsrc/psplines/spline_basis.h:135:49: warning: invalid UTF-8 in comment [-Winvalid-utf8]
     bayesxsrc/psplines/spline_basis.h:135:62: warning: invalid UTF-8 in comment [-Winvalid-utf8]
     bayesxsrc/psplines/spline_basis.h:136:45: warning: invalid UTF-8 in comment [-Winvalid-utf8]
     bayesxsrc/psplines/spline_basis.h:137:47: warning: invalid UTF-8 in comment [-Winvalid-utf8]
     bayesxsrc/psplines/spline_basis.h:137:60: warning: invalid UTF-8 in comment [-Winvalid-utf8]
     bayesxsrc/psplines/spline_basis.h:138:49: warning: invalid UTF-8 in comment [-Winvalid-utf8]
     bayesxsrc/psplines/spline_basis.h:138:62: warning: invalid UTF-8 in comment [-Winvalid-utf8]
     bayesxsrc/psplines/spline_basis.h:139:45: warning: invalid UTF-8 in comment [-Winvalid-utf8]
     bayesxsrc/psplines/spline_basis.h:140:67: warning: invalid UTF-8 in comment [-Winvalid-utf8]
     bayesxsrc/psplines/spline_basis.h:142:45: warning: invalid UTF-8 in comment [-Winvalid-utf8]
     bayesxsrc/psplines/spline_basis.h:143:45: warning: invalid UTF-8 in comment [-Winvalid-utf8]
     bayesxsrc/psplines/spline_basis.h:187:62: warning: invalid UTF-8 in comment [-Winvalid-utf8]
     bayesxsrc/psplines/spline_basis.h:192:49: warning: invalid UTF-8 in comment [-Winvalid-utf8]
     bayesxsrc/psplines/spline_basis.h:193:44: warning: invalid UTF-8 in comment [-Winvalid-utf8]
     bayesxsrc/psplines/spline_basis.h:214:27: warning: invalid UTF-8 in comment [-Winvalid-utf8]
     bayesxsrc/psplines/spline_basis.h:224:56: warning: invalid UTF-8 in comment [-Winvalid-utf8]
     bayesxsrc/psplines/spline_basis.h:259:7: warning: invalid UTF-8 in comment [-Winvalid-utf8]
     bayesxsrc/psplines/spline_basis.h:266:60: warning: invalid UTF-8 in comment [-Winvalid-utf8]
     bayesxsrc/psplines/spline_basis.h:286:13: warning: invalid UTF-8 in comment [-Winvalid-utf8]
     bayesxsrc/psplines/spline_basis.h:369:19: warning: invalid UTF-8 in comment [-Winvalid-utf8]
     bayesxsrc/psplines/spline_basis.h:378:19: warning: invalid UTF-8 in comment [-Winvalid-utf8]
     bayesxsrc/psplines/spline_basis.h:394:21: warning: invalid UTF-8 in comment [-Winvalid-utf8]
     bayesxsrc/psplines/spline_basis.h:401:7: warning: invalid UTF-8 in comment [-Winvalid-utf8]
     bayesxsrc/psplines/spline_basis.h:406:7: warning: invalid UTF-8 in comment [-Winvalid-utf8]
     bayesxsrc/psplines/spline_basis.h:406:34: warning: invalid UTF-8 in comment [-Winvalid-utf8]
     bayesxsrc/psplines/mcmc_pspline.h:114:21: warning: invalid UTF-8 in comment [-Winvalid-utf8]
     bayesxsrc/psplines/mcmc_pspline.h:124:21: warning: invalid UTF-8 in comment [-Winvalid-utf8]
     bayesxsrc/andrea/baseline.h:105:20: warning: invalid UTF-8 in comment [-Winvalid-utf8]
     bayesxsrc/andrea/baseline.h:105:30: warning: invalid UTF-8 in comment [-Winvalid-utf8]
     bayesxsrc/andrea/baseline.cpp:39:32: warning: invalid UTF-8 in comment [-Winvalid-utf8]
     bayesxsrc/andrea/baseline.cpp:78:87: warning: invalid UTF-8 in comment [-Winvalid-utf8]
     bayesxsrc/andrea/baseline.cpp:258:41: warning: invalid UTF-8 in comment [-Winvalid-utf8]
     bayesxsrc/andrea/baseline.cpp:499:41: warning: invalid UTF-8 in comment [-Winvalid-utf8]
     bayesxsrc/andrea/baseline.cpp:802:43: warning: invalid UTF-8 in comment [-Winvalid-utf8]
     bayesxsrc/andrea/baseline.cpp:804:16: warning: invalid UTF-8 in comment [-Winvalid-utf8]
     bayesxsrc/andrea/baseline.cpp:804:60: warning: invalid UTF-8 in comment [-Winvalid-utf8]
     bayesxsrc/andrea/baseline.cpp:805:18: warning: invalid UTF-8 in comment [-Winvalid-utf8]
     bayesxsrc/andrea/baseline.cpp:805:76: warning: invalid UTF-8 in comment [-Winvalid-utf8]
     bayesxsrc/andrea/baseline.cpp:939:4: warning: invalid UTF-8 in comment [-Winvalid-utf8]
     bayesxsrc/andrea/baseline.cpp:1121:4: warning: invalid UTF-8 in comment [-Winvalid-utf8]
     bayesxsrc/andrea/baseline.cpp:1431:32: warning: invalid UTF-8 in comment [-Winvalid-utf8]
     bayesxsrc/andrea/baseline.cpp:1552:12: warning: invalid UTF-8 in comment [-Winvalid-utf8]
     bayesxsrc/andrea/baseline.cpp:1588:52: warning: invalid UTF-8 in comment [-Winvalid-utf8]
     bayesxsrc/andrea/baseline.cpp:1591:52: warning: invalid UTF-8 in comment [-Winvalid-utf8]
     bayesxsrc/andrea/baseline.cpp:1953:31: warning: invalid UTF-8 in comment [-Winvalid-utf8]
     bayesxsrc/andrea/baseline.cpp:2244:33: warning: invalid UTF-8 in comment [-Winvalid-utf8]
     bayesxsrc/andrea/baseline.cpp:2437:71: warning: invalid UTF-8 in comment [-Winvalid-utf8]
     bayesxsrc/andrea/baseline.cpp:2451:33: warning: invalid UTF-8 in comment [-Winvalid-utf8]
     bayesxsrc/andrea/cox.cpp:44:20: warning: invalid UTF-8 in comment [-Winvalid-utf8]
     bayesxsrc/andrea/cox.cpp:70:20: warning: invalid UTF-8 in comment [-Winvalid-utf8]
     bayesxsrc/mcmc/fullcond_nonp_gaussian.h:61:45: warning: invalid UTF-8 in comment [-Winvalid-utf8]
     bayesxsrc/mcmc/fullcond_nonp_gaussian.h:62:45: warning: invalid UTF-8 in comment [-Winvalid-utf8]
     bayesxsrc/mcmc/fullcond_nonp_gaussian.h:257:64: warning: invalid UTF-8 in comment [-Winvalid-utf8]
     bayesxsrc/mcmc/fullcond_nonp_gaussian.h:259:16: warning: invalid UTF-8 in comment [-Winvalid-utf8]
     bayesxsrc/mcmc/fullcond_nonp_gaussian.h:260:28: warning: invalid UTF-8 in comment [-Winvalid-utf8]
     bayesxsrc/mcmc/fullcond_nonp_gaussian.h:266:27: warning: invalid UTF-8 in comment [-Winvalid-utf8]
     bayesxsrc/psplines/IWLS_pspline.h:51:5: warning: invalid UTF-8 in comment [-Winvalid-utf8]
     bayesxsrc/psplines/IWLS_pspline.h:53:73: warning: invalid UTF-8 in comment [-Winvalid-utf8]
     bayesxsrc/psplines/IWLS_pspline.h:54:73: warning: invalid UTF-8 in comment [-Winvalid-utf8]
     bayesxsrc/psplines/IWLS_pspline.h:57:55: warning: invalid UTF-8 in comment [-Winvalid-utf8]
     bayesxsrc/psplines/IWLS_pspline.h:58:62: warning: invalid UTF-8 in comment [-Winvalid-utf8]
     bayesxsrc/psplines/IWLS_pspline.h:100:22: warning: invalid UTF-8 in comment [-Winvalid-utf8]
     bayesxsrc/psplines/IWLS_pspline.h:111:22: warning: invalid UTF-8 in comment [-Winvalid-utf8]
     bayesxsrc/andrea/IWLS_baseline.h:110:22: warning: invalid UTF-8 in comment [-Winvalid-utf8]
     bayesxsrc/andrea/IWLS_baseline.h:161:13: warning: invalid UTF-8 in comment [-Winvalid-utf8]
     bayesxsrc/andrea/IWLS_baseline.h:245:21: warning: invalid UTF-8 in comment [-Winvalid-utf8]
     bayesxsrc/andrea/IWLS_baseline.cpp:149:41: warning: invalid UTF-8 in comment [-Winvalid-utf8]
     bayesxsrc/andrea/IWLS_baseline.cpp:423:60: warning: invalid UTF-8 in comment [-Winvalid-utf8]
     bayesxsrc/andrea/IWLS_baseline.cpp:423:67: warning: invalid UTF-8 in comment [-Winvalid-utf8]
     bayesxsrc/andrea/IWLS_baseline.cpp:870:14: warning: invalid UTF-8 in comment [-Winvalid-utf8]
     bayesxsrc/andrea/IWLS_baseline.cpp:872:12: warning: invalid UTF-8 in comment [-Winvalid-utf8]
     bayesxsrc/andrea/IWLS_baseline.cpp:909:49: warning: invalid UTF-8 in comment [-Winvalid-utf8]
     bayesxsrc/andrea/IWLS_baseline.cpp:1228:31: warning: invalid UTF-8 in comment [-Winvalid-utf8]
     bayesxsrc/andrea/IWLS_baseline.cpp:1517:33: warning: invalid UTF-8 in comment [-Winvalid-utf8]
     bayesxsrc/andrea/IWLS_baseline.cpp:1710:71: warning: invalid UTF-8 in comment [-Winvalid-utf8]
     bayesxsrc/andrea/IWLS_baseline.cpp:1724:33: warning: invalid UTF-8 in comment [-Winvalid-utf8]
     bayesxsrc/andrea/IWLS_baseline.cpp:2220:23: warning: invalid UTF-8 in comment [-Winvalid-utf8]
     bayesxsrc/andrea/multibaseline.h:96:20: warning: invalid UTF-8 in comment [-Winvalid-utf8]
     bayesxsrc/andrea/multibaseline.h:96:30: warning: invalid UTF-8 in comment [-Winvalid-utf8]
     bayesxsrc/andrea/multibaseline.cpp:219:41: warning: invalid UTF-8 in comment [-Winvalid-utf8]
     bayesxsrc/andrea/multibaseline.cpp:450:41: warning: invalid UTF-8 in comment [-Winvalid-utf8]
     bayesxsrc/andrea/multibaseline.cpp:682:32: warning: invalid UTF-8 in comment [-Winvalid-utf8]
     bayesxsrc/andrea/multibaseline.cpp:763:12: warning: invalid UTF-8 in comment [-Winvalid-utf8]
     bayesxsrc/andrea/multibaseline.cpp:1296:33: warning: invalid UTF-8 in comment [-Winvalid-utf8]
     bayesxsrc/andrea/multistate.cpp:148:20: warning: invalid UTF-8 in comment [-Winvalid-utf8]
     bayesxsrc/bib/model.h:226:43: warning: invalid UTF-8 in comment [-Winvalid-utf8]
     bayesxsrc/bib/model.h:226:49: warning: invalid UTF-8 in comment [-Winvalid-utf8]
     bayesxsrc/bib/model.h:227:19: warning: invalid UTF-8 in comment [-Winvalid-utf8]
     bayesxsrc/bib/model.h:229:45: warning: invalid UTF-8 in comment [-Winvalid-utf8]
     bayesxsrc/bib/model.h:372:18: warning: invalid UTF-8 in comment [-Winvalid-utf8]
     bayesxsrc/bib/model.h:471:18: warning: invalid UTF-8 in comment [-Winvalid-utf8]
     bayesxsrc/bib/model.h:474:17: warning: invalid UTF-8 in comment [-Winvalid-utf8]
     bayesxsrc/bib/model.h:481:16: warning: invalid UTF-8 in comment [-Winvalid-utf8]
     bayesxsrc/bib/model.h:488:19: warning: invalid UTF-8 in comment [-Winvalid-utf8]
     bayesxsrc/bib/model.h:491:32: warning: invalid UTF-8 in comment [-Winvalid-utf8]
     bayesxsrc/bib/model.h:527:18: warning: invalid UTF-8 in comment [-Winvalid-utf8]
     bayesxsrc/bib/model.h:530:17: warning: invalid UTF-8 in comment [-Winvalid-utf8]
     bayesxsrc/bib/model.h:533:17: warning: invalid UTF-8 in comment [-Winvalid-utf8]
     bayesxsrc/bib/model.h:551:19: warning: invalid UTF-8 in comment [-Winvalid-utf8]
     bayesxsrc/bib/model.h:554:32: warning: invalid UTF-8 in comment [-Winvalid-utf8]
     bayesxsrc/bib/model.h:1761:22: warning: invalid UTF-8 in comment [-Winvalid-utf8]
     bayesxsrc/bib/model.h:1839:22: warning: invalid UTF-8 in comment [-Winvalid-utf8]
     bayesxsrc/bib/dataobj.h:33:10: warning: invalid UTF-8 in comment [-Winvalid-utf8]
     bayesxsrc/bib/dataobj.h:34:29: warning: invalid UTF-8 in comment [-Winvalid-utf8]
     bayesxsrc/bib/dataobj.h:36:23: warning: invalid UTF-8 in comment [-Winvalid-utf8]
     bayesxsrc/bib/mapobject.h:39:10: warning: invalid UTF-8 in comment [-Winvalid-utf8]
     bayesxsrc/bib/mapobject.h:41:25: warning: invalid UTF-8 in comment [-Winvalid-utf8]
     bayesxsrc/bib/mapobject.h:42:20: warning: invalid UTF-8 in comment [-Winvalid-utf8]
     bayesxsrc/bib/mapobject.h:47:24: warning: invalid UTF-8 in comment [-Winvalid-utf8]
     bayesxsrc/psplines/fullcond_pspline_gaussian.h:48:7: warning: invalid UTF-8 in comment [-Winvalid-utf8]
     bayesxsrc/psplines/fullcond_pspline_gaussian.h:51:56: warning: invalid UTF-8 in comment [-Winvalid-utf8]
     bayesxsrc/psplines/fullcond_pspline_gaussian.h:52:46: warning: invalid UTF-8 in comment [-Winvalid-utf8]
     bayesxsrc/psplines/spline_basis_surf.h:76:52: warning: invalid UTF-8 in comment [-Winvalid-utf8]
     bayesxsrc/psplines/spline_basis_surf.h:79:42: warning: invalid UTF-8 in comment [-Winvalid-utf8]
     bayesxsrc/psplines/spline_basis_surf.h:98:68: warning: invalid UTF-8 in comment [-Winvalid-utf8]
     bayesxsrc/psplines/spline_basis_surf.h:105:53: warning: invalid UTF-8 in comment [-Winvalid-utf8]
     bayesxsrc/psplines/spline_basis_surf.h:107:87: warning: invalid UTF-8 in comment [-Winvalid-utf8]
     bayesxsrc/psplines/spline_basis_surf.h:108:70: warning: invalid UTF-8 in comment [-Winvalid-utf8]
     bayesxsrc/psplines/spline_basis_surf.h:113:60: warning: invalid UTF-8 in comment [-Winvalid-utf8]
     bayesxsrc/psplines/spline_basis_surf.h:114:42: warning: invalid UTF-8 in comment [-Winvalid-utf8]
     bayesxsrc/psplines/spline_basis_surf.h:115:53: warning: invalid UTF-8 in comment [-Winvalid-utf8]
     bayesxsrc/psplines/spline_basis_surf.h:115:78: warning: invalid UTF-8 in comment [-Winvalid-utf8]
     bayesxsrc/psplines/spline_basis_surf.h:118:42: warning: invalid UTF-8 in comment [-Winvalid-utf8]
     bayesxsrc/psplines/spline_basis_surf.h:119:42: warning: invalid UTF-8 in comment [-Winvalid-utf8]
     bayesxsrc/psplines/spline_basis_surf.h:120:43: warning: invalid UTF-8 in comment [-Winvalid-utf8]
     bayesxsrc/psplines/spline_basis_surf.h:121:43: warning: invalid UTF-8 in comment [-Winvalid-utf8]
     bayesxsrc/psplines/spline_basis_surf.h:123:46: warning: invalid UTF-8 in comment [-Winvalid-utf8]
     bayesxsrc/psplines/spline_basis_surf.h:124:56: warning: invalid UTF-8 in comment [-Winvalid-utf8]
     bayesxsrc/psplines/spline_basis_surf.h:127:58: warning: invalid UTF-8 in comment [-Winvalid-utf8]
     bayesxsrc/psplines/spline_basis_surf.h:127:67: warning: invalid UTF-8 in comment [-Winvalid-utf8]
     bayesxsrc/psplines/spline_basis_surf.h:133:52: warning: invalid UTF-8 in comment [-Winvalid-utf8]
     bayesxsrc/psplines/spline_basis_surf.h:140:23: warning: invalid UTF-8 in comment [-Winvalid-utf8]
     bayesxsrc/psplines/spline_basis_surf.h:152:23: warning: invalid UTF-8 in comment [-Winvalid-utf8]
     bayesxsrc/psplines/fullcond_pspline_surf_gaussian.h:49:66: warning: invalid UTF-8 in comment [-Winvalid-utf8]
     bayesxsrc/psplines/fullcond_pspline_surf_gaussian.h:51:55: warning: invalid UTF-8 in comment [-Winvalid-utf8]
     bayesxsrc/psplines/fullcond_pspline_surf_gaussian.h:51:96: warning: invalid UTF-8 in comment [-Winvalid-utf8]
     bayesxsrc/psplines/fullcond_pspline_surf_gaussian.h:53:45: warning: invalid UTF-8 in comment [-Winvalid-utf8]
     bayesxsrc/psplines/fullcond_pspline_surf_gaussian.h:53:70: warning: invalid UTF-8 in comment [-Winvalid-utf8]
     bayesxsrc/psplines/fullcond_pspline_surf_gaussian.h:60:37: warning: invalid UTF-8 in comment [-Winvalid-utf8]
     bayesxsrc/psplines/fullcond_pspline_surf_gaussian.h:61:50: warning: invalid UTF-8 in comment [-Winvalid-utf8]
     bayesxsrc/psplines/fullcond_pspline_surf_gaussian.h:62:43: warning: invalid UTF-8 in comment [-Winvalid-utf8]
     bayesxsrc/psplines/fullcond_pspline_surf_gaussian.h:69:61: warning: invalid UTF-8 in comment [-Winvalid-utf8]
     bayesxsrc/psplines/fullcond_pspline_surf_gaussian.h:70:61: warning: invalid UTF-8 in comment [-Winvalid-utf8]
     bayesxsrc/psplines/fullcond_pspline_surf_gaussian.h:75:42: warning: invalid UTF-8 in comment [-Winvalid-utf8]
     bayesxsrc/psplines/fullcond_pspline_surf_gaussian.h:76:38: warning: invalid UTF-8 in comment [-Winvalid-utf8]
     bayesxsrc/psplines/fullcond_pspline_surf_gaussian.h:76:91: warning: invalid UTF-8 in comment [-Winvalid-utf8]
     bayesxsrc/psplines/fullcond_pspline_surf_gaussian.h:78:62: warning: invalid UTF-8 in comment [-Winvalid-utf8]
     bayesxsrc/psplines/fullcond_pspline_surf_gaussian.h:79:38: warning: invalid UTF-8 in comment [-Winvalid-utf8]
     bayesxsrc/psplines/fullcond_pspline_surf_gaussian.h:79:95: warning: invalid UTF-8 in comment [-Winvalid-utf8]
     bayesxsrc/psplines/fullcond_pspline_surf_gaussian.h:85:5: warning: invalid UTF-8 in comment [-Winvalid-utf8]
     bayesxsrc/psplines/fullcond_pspline_surf_gaussian.h:89:37: warning: invalid UTF-8 in comment [-Winvalid-utf8]
     bayesxsrc/psplines/fullcond_pspline_surf_gaussian.h:90:37: warning: invalid UTF-8 in comment [-Winvalid-utf8]
     bayesxsrc/psplines/fullcond_pspline_surf_gaussian.h:92:37: warning: invalid UTF-8 in comment [-Winvalid-utf8]
     bayesxsrc/psplines/fullcond_pspline_surf_gaussian.h:93:37: warning: invalid UTF-8 in comment [-Winvalid-utf8]
     bayesxsrc/psplines/fullcond_pspline_surf_gaussian.h:94:37: warning: invalid UTF-8 in comment [-Winvalid-utf8]
     bayesxsrc/psplines/fullcond_pspline_surf_gaussian.h:105:52: warning: invalid UTF-8 in comment [-Winvalid-utf8]
     bayesxsrc/psplines/fullcond_pspline_surf_gaussian.h:110:42: warning: invalid UTF-8 in comment [-Winvalid-utf8]
     bayesxsrc/psplines/fullcond_pspline_surf_gaussian.h:112:52: warning: invalid UTF-8 in comment [-Winvalid-utf8]
     bayesxsrc/psplines/fullcond_pspline_surf_gaussian.h:120:7: warning: invalid UTF-8 in comment [-Winvalid-utf8]
     bayesxsrc/psplines/fullcond_pspline_surf_gaussian.h:129:48: warning: invalid UTF-8 in comment [-Winvalid-utf8]
     bayesxsrc/psplines/fullcond_pspline_surf_gaussian.h:135:7: warning: invalid UTF-8 in comment [-Winvalid-utf8]
     bayesxsrc/psplines/fullcond_pspline_surf_gaussian.h:188:25: warning: invalid UTF-8 in comment [-Winvalid-utf8]
     bayesxsrc/psplines/fullcond_pspline_surf_gaussian.h:189:29: warning: invalid UTF-8 in comment [-Winvalid-utf8]
     bayesxsrc/mcmc/kriging2.h:53:53: warning: invalid UTF-8 in comment [-Winvalid-utf8]
     bayesxsrc/mcmc/kriging2.h:58:51: warning: invalid UTF-8 in comment [-Winvalid-utf8]
     bayesxsrc/mcmc/fullcond_merror.h:41:52: warning: invalid UTF-8 in comment [-Winvalid-utf8]
     bayesxsrc/mcmc/fullcond_merror.h:41:72: warning: invalid UTF-8 in comment [-Winvalid-utf8]
     bayesxsrc/mcmc/fullcond_merror.h:42:56: warning: invalid UTF-8 in comment [-Winvalid-utf8]
     bayesxsrc/mcmc/fullcond_merror.h:42:89: warning: invalid UTF-8 in comment [-Winvalid-utf8]
     bayesxsrc/mcmc/fullcond_merror.h:96:42: warning: invalid UTF-8 in comment [-Winvalid-utf8]
     bayesxsrc/mcmc/fullcond_merror.h:97:70: warning: invalid UTF-8 in comment [-Winvalid-utf8]
     bayesxsrc/mcmc/fullcond_merror.h:98:50: warning: invalid UTF-8 in comment [-Winvalid-utf8]
     bayesxsrc/mcmc/fullcond_merror.h:98:70: warning: invalid UTF-8 in comment [-Winvalid-utf8]
     bayesxsrc/mcmc/fullcond_merror.h:101:50: warning: invalid UTF-8 in comment [-Winvalid-utf8]
     bayesxsrc/mcmc/fullcond_merror.h:101:70: warning: invalid UTF-8 in comment [-Winvalid-utf8]
     bayesxsrc/structadd/distr.h:52:19: warning: invalid UTF-8 in comment [-Winvalid-utf8]
     bayesxsrc/structadd/distr.h:54:19: warning: invalid UTF-8 in comment [-Winvalid-utf8]
     bayesxsrc/structadd/distr.h:56:19: warning: invalid UTF-8 in comment [-Winvalid-utf8]
     bayesxsrc/structadd/distr.h:58:19: warning: invalid UTF-8 in comment [-Winvalid-utf8]
     bayesxsrc/structadd/design_kriging.h:79:40: warning: invalid UTF-8 in comment [-Winvalid-utf8]
     bayesxsrc/structadd/design_kriging.h:86:40: warning: invalid UTF-8 in comment [-Winvalid-utf8]
     bayesxsrc/structadd/FC_hrandom.h:174:11: warning: invalid UTF-8 in comment [-Winvalid-utf8]
     bayesxsrc/mcmc/remlest_multi.h:63:56: warning: invalid UTF-8 in comment [-Winvalid-utf8]
     bayesxsrc/mcmc/remlest_multi.h:77:74: warning: invalid UTF-8 in comment [-Winvalid-utf8]
     bayesxsrc/mcmc/remlest_multi2.h:62:56: warning: invalid UTF-8 in comment [-Winvalid-utf8]
     bayesxsrc/mcmc/remlest_multi3.h:62:56: warning: invalid UTF-8 in comment [-Winvalid-utf8]
     bayesxsrc/mcmc/remlest_multi3.h:83:74: warning: invalid UTF-8 in comment [-Winvalid-utf8]
     bayesxsrc/mcmc/kriging.h:50:53: warning: invalid UTF-8 in comment [-Winvalid-utf8]
     bayesxsrc/mcmc/kriging.h:55:51: warning: invalid UTF-8 in comment [-Winvalid-utf8]
     bayesxsrc/mcmc/kriging.h:76:46: warning: invalid UTF-8 in comment [-Winvalid-utf8]
     bayesxsrc/mcmc/kriging.h:77:56: warning: invalid UTF-8 in comment [-Winvalid-utf8]
     bayesxsrc/mcmc/kriging.h:86:42: warning: invalid UTF-8 in comment [-Winvalid-utf8]
     bayesxsrc/mcmc/kriging.h:87:42: warning: invalid UTF-8 in comment [-Winvalid-utf8]
     bayesxsrc/bib/remlreg.h:98:75: warning: invalid UTF-8 in comment [-Winvalid-utf8]
     bayesxsrc/bib/remlreg.h:99:72: warning: invalid UTF-8 in comment [-Winvalid-utf8]
     bayesxsrc/dag/fullcond_dag.h:75:58: warning: invalid UTF-8 in comment [-Winvalid-utf8]
     bayesxsrc/dag/dagobject.h:56:10: warning: invalid UTF-8 in comment [-Winvalid-utf8]
     bayesxsrc/dag/dagobject.h:58:25: warning: invalid UTF-8 in comment [-Winvalid-utf8]
     bayesxsrc/dag/dagobject.h:59:20: warning: invalid UTF-8 in comment [-Winvalid-utf8]
     bayesxsrc/dag/dagobject.h:64:24: warning: invalid UTF-8 in comment [-Winvalid-utf8]
     bayesxsrc/mcmc/mcmc_const_stepwise.h:61:30: warning: invalid UTF-8 in comment [-Winvalid-utf8]
     bayesxsrc/mcmc/mcmc_const_stepwise.h:62:30: warning: invalid UTF-8 in comment [-Winvalid-utf8]
     bayesxsrc/mcmc/mcmc_const_stepwise.h:66:29: warning: invalid UTF-8 in comment [-Winvalid-utf8]
     bayesxsrc/mcmc/mcmc_const_stepwise.h:70:34: warning: invalid UTF-8 in comment [-Winvalid-utf8]
     bayesxsrc/mcmc/mcmc_const_stepwise.h:164:16: warning: invalid UTF-8 in comment [-Winvalid-utf8]
     bayesxsrc/mcmc/mcmc_const_stepwise.h:173:16: warning: invalid UTF-8 in comment [-Winvalid-utf8]
     bayesxsrc/mcmc/mcmc_const_stepwise.h:176:7: warning: invalid UTF-8 in comment [-Winvalid-utf8]
     bayesxsrc/mcmc/mcmc_const_stepwise.h:181:7: warning: invalid UTF-8 in comment [-Winvalid-utf8]
     bayesxsrc/psplines/fullcond_pspline_surf_stepwise.h:167:29: warning: invalid UTF-8 in comment [-Winvalid-utf8]
     bayesxsrc/psplines/fullcond_pspline_surf_stepwise.h:169:38: warning: invalid UTF-8 in comment [-Winvalid-utf8]
     bayesxsrc/mcmc/mcmcsimul2.h:44:77: warning: invalid UTF-8 in comment [-Winvalid-utf8]
     bayesxsrc/mcmc/mcmcsimul2.h:52:47: warning: invalid UTF-8 in comment [-Winvalid-utf8]
     bayesxsrc/mcmc/mcmcsimul2.h:62:46: warning: invalid UTF-8 in comment [-Winvalid-utf8]
     bayesxsrc/mcmc/mcmcsimul2.h:62:51: warning: invalid UTF-8 in comment [-Winvalid-utf8]
     bayesxsrc/mcmc/mcmcsimul2.h:62:79: warning: invalid UTF-8 in comment [-Winvalid-utf8]
     bayesxsrc/mcmc/mcmcsimul2.h:63:76: warning: invalid UTF-8 in comment [-Winvalid-utf8]
     bayesxsrc/mcmc/mcmcsimul2.h:64:50: warning: invalid UTF-8 in comment [-Winvalid-utf8]
     bayesxsrc/mcmc/mcmcsimul2.h:64:55: warning: invalid UTF-8 in comment [-Winvalid-utf8]
     bayesxsrc/mcmc/mcmcsimul2.h:64:83: warning: invalid UTF-8 in comment [-Winvalid-utf8]
     bayesxsrc/mcmc/mcmcsimul2.h:65:44: warning: invalid UTF-8 in comment [-Winvalid-utf8]
     bayesxsrc/mcmc/mcmcsimul2.h:65:49: warning: invalid UTF-8 in comment [-Winvalid-utf8]
     bayesxsrc/mcmc/mcmcsimul2.h:69:40: warning: invalid UTF-8 in comment [-Winvalid-utf8]
     bayesxsrc/mcmc/mcmcsimul2.h:72:50: warning: invalid UTF-8 in comment [-Winvalid-utf8]
     bayesxsrc/mcmc/mcmcsimul2.h:78:32: warning: invalid UTF-8 in comment [-Winvalid-utf8]
     bayesxsrc/mcmc/mcmcsimul2.h:99:35: warning: invalid UTF-8 in comment [-Winvalid-utf8]
     bayesxsrc/mcmc/mcmcsimul2.h:139:35: warning: invalid UTF-8 in comment [-Winvalid-utf8]
     bayesxsrc/mcmc/mcmcsimul2.h:144:16: warning: invalid UTF-8 in comment [-Winvalid-utf8]
     bayesxsrc/mcmc/mcmcsimul2.h:144:32: warning: invalid UTF-8 in comment [-Winvalid-utf8]
     bayesxsrc/mcmc/mcmcsimul2.h:159:16: warning: invalid UTF-8 in comment [-Winvalid-utf8]
     bayesxsrc/mcmc/mcmcsimul2.h:159:32: warning: invalid UTF-8 in comment [-Winvalid-utf8]
     bayesxsrc/mcmc/mcmcsimul2.h:187:24: warning: invalid UTF-8 in comment [-Winvalid-utf8]
     bayesxsrc/mcmc/mcmcsimul2.h:205:43: warning: invalid UTF-8 in comment [-Winvalid-utf8]
     bayesxsrc/mcmc/mcmcsimul2.h:209:24: warning: invalid UTF-8 in comment [-Winvalid-utf8]
     bayesxsrc/mcmc/mcmcsimul2.h:214:24: warning: invalid UTF-8 in comment [-Winvalid-utf8]
     bayesxsrc/mcmc/mcmcsimul2.h:235:24: warning: invalid UTF-8 in comment [-Winvalid-utf8]
     bayesxsrc/mcmc/mcmcsimul2.h:238:6: warning: invalid UTF-8 in comment [-Winvalid-utf8]
     bayesxsrc/mcmc/mcmcsimul2.h:238:30: warning: invalid UTF-8 in comment [-Winvalid-utf8]
     bayesxsrc/mcmc/mcmcsimul2.h:242:74: warning: invalid UTF-8 in comment [-Winvalid-utf8]
     bayesxsrc/mcmc/mcmcsimul2.h:242:79: warning: invalid UTF-8 in comment [-Winvalid-utf8]
     bayesxsrc/mcmc/mcmcsimul2.h:246:53: warning: invalid UTF-8 in comment [-Winvalid-utf8]
     bayesxsrc/mcmc/mcmcsimul2.h:256:7: warning: invalid UTF-8 in comment [-Winvalid-utf8]
     bayesxsrc/mcmc/mcmcsimul2.h:259:40: warning: invalid UTF-8 in comment [-Winvalid-utf8]
     bayesxsrc/mcmc/mcmcsimul2.h:262:49: warning: invalid UTF-8 in comment [-Winvalid-utf8]
     bayesxsrc/mcmc/mcmcsimul2.h:263:31: warning: invalid UTF-8 in comment [-Winvalid-utf8]
     bayesxsrc/mcmc/mcmcsimul2.h:267:24: warning: invalid UTF-8 in comment [-Winvalid-utf8]
     bayesxsrc/mcmc/mcmcsimul2.h:280:24: warning: invalid UTF-8 in comment [-Winvalid-utf8]
     bayesxsrc/mcmc/mcmcsimul2.h:320:7: warning: invalid UTF-8 in comment [-Winvalid-utf8]
     bayesxsrc/mcmc/mcmcsimul2.h:320:36: warning: invalid UTF-8 in comment [-Winvalid-utf8]
     bayesxsrc/mcmc/mcmcsimul2.h:320:83: warning: invalid UTF-8 in comment [-Winvalid-utf8]
     bayesxsrc/mcmc/mcmcsimul2.h:350:6: warning: invalid UTF-8 in comment [-Winvalid-utf8]
     bayesxsrc/mcmc/mcmcsimul2_multi.h:33:34: warning: invalid UTF-8 in comment [-Winvalid-utf8]
     bayesxsrc/mcmc/mcmcsimul2_multi.h:33:54: warning: invalid UTF-8 in comment [-Winvalid-utf8]
     bayesxsrc/mcmc/mcmcsimul2_multi.h:64:40: warning: invalid UTF-8 in comment [-Winvalid-utf8]
     bayesxsrc/mcmc/mcmcsimul2_multi.h:65:41: warning: invalid UTF-8 in comment [-Winvalid-utf8]
     bayesxsrc/mcmc/mcmcsimul2_multi.h:66:61: warning: invalid UTF-8 in comment [-Winvalid-utf8]
     bayesxsrc/mcmc/mcmcsimul2_multi.h:67:43: warning: invalid UTF-8 in comment [-Winvalid-utf8]
     bayesxsrc/mcmc/mcmcsimul2_multi.h:67:58: warning: invalid UTF-8 in comment [-Winvalid-utf8]
     bayesxsrc/mcmc/mcmcsimul2_multi.h:67:80: warning: invalid UTF-8 in comment [-Winvalid-utf8]
     bayesxsrc/mcmc/mcmcsimul2_multi.h:85:32: warning: invalid UTF-8 in comment [-Winvalid-utf8]
     bayesxsrc/mcmc/mcmcsimul2_multi.h:106:35: warning: invalid UTF-8 in comment [-Winvalid-utf8]
     bayesxsrc/mcmc/mcmcsimul2_multi.h:146:35: warning: invalid UTF-8 in comment [-Winvalid-utf8]
     bayesxsrc/mcmc/mcmcsimul2_multi.h:188:24: warning: invalid UTF-8 in comment [-Winvalid-utf8]
     bayesxsrc/mcmc/mcmcsimul2_multi.h:209:24: warning: invalid UTF-8 in comment [-Winvalid-utf8]
     bayesxsrc/mcmc/mcmcsimul2_multi.h:230:24: warning: invalid UTF-8 in comment [-Winvalid-utf8]
     bayesxsrc/mcmc/mcmcsimul2_multi.h:249:24: warning: invalid UTF-8 in comment [-Winvalid-utf8]
     bayesxsrc/mcmc/mcmcsimul2_multi.h:262:24: warning: invalid UTF-8 in comment [-Winvalid-utf8]
     bayesxsrc/bib/bayesreg2.cpp:62:26: warning: invalid UTF-8 in comment [-Winvalid-utf8]
     bayesxsrc/bib/bayesreg2.cpp:62:61: warning: invalid UTF-8 in comment [-Winvalid-utf8]
     bayesxsrc/bib/bayesreg2.cpp:3017:17: warning: invalid UTF-8 in comment [-Winvalid-utf8]
     bayesxsrc/bib/bayesreg2.cpp:3285:17: warning: invalid UTF-8 in comment [-Winvalid-utf8]
     bayesxsrc/bib/bayesreg2.cpp:3661:17: warning: invalid UTF-8 in comment [-Winvalid-utf8]
     bayesxsrc/bib/data.cpp:1362:72: warning: invalid UTF-8 in comment [-Winvalid-utf8]
     bayesxsrc/bib/data.cpp:1362:78: warning: invalid UTF-8 in comment [-Winvalid-utf8]
     bayesxsrc/bib/data.cpp:1369:44: warning: invalid UTF-8 in comment [-Winvalid-utf8]
     bayesxsrc/bib/data.cpp:1373:86: warning: invalid UTF-8 in comment [-Winvalid-utf8]
     bayesxsrc/bib/data.cpp:1402:35: warning: invalid UTF-8 in comment [-Winvalid-utf8]
     bayesxsrc/bib/data.cpp:1403:63: warning: invalid UTF-8 in comment [-Winvalid-utf8]
     bayesxsrc/bib/data.cpp:1403:102: warning: invalid UTF-8 in comment [-Winvalid-utf8]
     bayesxsrc/bib/data.cpp:1413:81: warning: invalid UTF-8 in comment [-Winvalid-utf8]
     bayesxsrc/bib/data.cpp:1415:61: warning: invalid UTF-8 in comment [-Winvalid-utf8]
     bayesxsrc/bib/data.cpp:1437:35: warning: invalid UTF-8 in comment [-Winvalid-utf8]
     bayesxsrc/bib/data.cpp:1441:83: warning: invalid UTF-8 in comment [-Winvalid-utf8]
     bayesxsrc/bib/data.cpp:1453:80: warning: invalid UTF-8 in comment [-Winvalid-utf8]
     bayesxsrc/bib/data.cpp:1459:59: warning: invalid UTF-8 in comment [-Winvalid-utf8]
     bayesxsrc/bib/data.cpp:1464:59: warning: invalid UTF-8 in comment [-Winvalid-utf8]
     bayesxsrc/bib/data.cpp:1483:65: warning: invalid UTF-8 in comment [-Winvalid-utf8]
     bayesxsrc/bib/data.cpp:1483:79: warning: invalid UTF-8 in comment [-Winvalid-utf8]
     bayesxsrc/bib/data.cpp:1483:106: warning: invalid UTF-8 in comment [-Winvalid-utf8]
     bayesxsrc/bib/data.cpp:1578:61: warning: invalid UTF-8 in comment [-Winvalid-utf8]
     bayesxsrc/bib/data.cpp:1656:61: warning: invalid UTF-8 in comment [-Winvalid-utf8]
     bayesxsrc/bib/data.cpp:1735:37: warning: invalid UTF-8 in comment [-Winvalid-utf8]
     bayesxsrc/bib/data.cpp:1737:85: warning: invalid UTF-8 in comment [-Winvalid-utf8]
     bayesxsrc/bib/data.cpp:1745:39: warning: invalid UTF-8 in comment [-Winvalid-utf8]
     bayesxsrc/bib/data.cpp:1760:36: warning: invalid UTF-8 in comment [-Winvalid-utf8]
     bayesxsrc/bib/data.cpp:1768:42: warning: invalid UTF-8 in comment [-Winvalid-utf8]
     bayesxsrc/bib/data.cpp:1775:60: warning: invalid UTF-8 in comment [-Winvalid-utf8]
     bayesxsrc/bib/data.cpp:1777:78: warning: invalid UTF-8 in comment [-Winvalid-utf8]
     bayesxsrc/bib/data.cpp:1797:78: warning: invalid UTF-8 in comment [-Winvalid-utf8]
     bayesxsrc/bib/data.cpp:1820:67: warning: invalid UTF-8 in comment [-Winvalid-utf8]
     bayesxsrc/bib/data.cpp:1820:73: warning: invalid UTF-8 in comment [-Winvalid-utf8]
     bayesxsrc/bib/data.cpp:1820:79: warning: invalid UTF-8 in comment [-Winvalid-utf8]
     bayesxsrc/bib/data.cpp:1820:85: warning: invalid UTF-8 in comment [-Winvalid-utf8]
     bayesxsrc/bib/data.cpp:1820:107: warning: invalid UTF-8 in comment [-Winvalid-utf8]
     bayesxsrc/bib/data.cpp:1823:62: warning: invalid UTF-8 in comment [-Winvalid-utf8]
     bayesxsrc/bib/data.cpp:1823:78: warning: invalid UTF-8 in comment [-Winvalid-utf8]
     bayesxsrc/bib/data.cpp:1844:43: warning: invalid UTF-8 in comment [-Winvalid-utf8]
     bayesxsrc/bib/data.cpp:1844:49: warning: invalid UTF-8 in comment [-Winvalid-utf8]
     bayesxsrc/bib/data.cpp:1844:84: warning: invalid UTF-8 in comment [-Winvalid-utf8]
     bayesxsrc/bib/data.cpp:1845:36: warning: invalid UTF-8 in comment [-Winvalid-utf8]
     bayesxsrc/bib/data.cpp:1853:79: warning: invalid UTF-8 in comment [-Winvalid-utf8]
     bayesxsrc/bib/data.cpp:1864:41: warning: invalid UTF-8 in comment [-Winvalid-utf8]
     bayesxsrc/bib/data.cpp:1864:49: warning: invalid UTF-8 in comment [-Winvalid-utf8]
     bayesxsrc/bib/data.cpp:1894:54: warning: invalid UTF-8 in comment [-Winvalid-utf8]
     bayesxsrc/bib/data.cpp:1894:56: warning: invalid UTF-8 in comment [-Winvalid-utf8]
     bayesxsrc/bib/dataobj.cpp:469:57: warning: invalid UTF-8 in comment [-Winvalid-utf8]
     bayesxsrc/bib/dataobj.cpp:705:13: warning: invalid UTF-8 in comment [-Winvalid-utf8]
     bayesxsrc/bib/dataobj.cpp:705:19: warning: invalid UTF-8 in comment [-Winvalid-utf8]
     bayesxsrc/bib/dataobj.cpp:705:39: warning: invalid UTF-8 in comment [-Winvalid-utf8]
     bayesxsrc/bib/dataobj.cpp:710:14: warning: invalid UTF-8 in comment [-Winvalid-utf8]
     bayesxsrc/bib/dataobj.cpp:710:20: warning: invalid UTF-8 in comment [-Winvalid-utf8]
     bayesxsrc/bib/model.cpp:264:18: warning: invalid UTF-8 in comment [-Winvalid-utf8]
     bayesxsrc/bib/model.cpp:270:17: warning: invalid UTF-8 in comment [-Winvalid-utf8]
     bayesxsrc/bib/model.cpp:277:16: warning: invalid UTF-8 in comment [-Winvalid-utf8]
     bayesxsrc/bib/model.cpp:280:19: warning: invalid UTF-8 in comment [-Winvalid-utf8]
     bayesxsrc/bib/model.cpp:283:32: warning: invalid UTF-8 in comment [-Winvalid-utf8]
     bayesxsrc/bib/model.cpp:416:18: warning: invalid UTF-8 in comment [-Winvalid-utf8]
     bayesxsrc/bib/model.cpp:419:17: warning: invalid UTF-8 in comment [-Winvalid-utf8]
     bayesxsrc/bib/model.cpp:422:17: warning: invalid UTF-8 in comment [-Winvalid-utf8]
     bayesxsrc/bib/model.cpp:440:19: warning: invalid UTF-8 in comment [-Winvalid-utf8]
     bayesxsrc/bib/model.cpp:443:32: warning: invalid UTF-8 in comment [-Winvalid-utf8]
     bayesxsrc/bib/map.cpp:1873:30: warning: invalid UTF-8 in comment [-Winvalid-utf8]
     bayesxsrc/bib/remlreg.cpp:648:28: warning: invalid UTF-8 in comment [-Winvalid-utf8]
     bayesxsrc/bib/remlreg.cpp:660:23: warning: invalid UTF-8 in comment [-Winvalid-utf8]
     bayesxsrc/bib/remlreg.cpp:667:36: warning: invalid UTF-8 in comment [-Winvalid-utf8]
     bayesxsrc/bib/remlreg.cpp:682:9: warning: invalid UTF-8 in comment [-Winvalid-utf8]
     bayesxsrc/bib/remlreg.cpp:690:9: warning: invalid UTF-8 in comment [-Winvalid-utf8]
     bayesxsrc/bib/remlreg.cpp:698:9: warning: invalid UTF-8 in comment [-Winvalid-utf8]
     bayesxsrc/bib/remlreg.cpp:698:62: warning: invalid UTF-8 in comment [-Winvalid-utf8]
     bayesxsrc/bib/remlreg.cpp:706:9: warning: invalid UTF-8 in comment [-Winvalid-utf8]
     bayesxsrc/bib/remlreg.cpp:706:50: warning: invalid UTF-8 in comment [-Winvalid-utf8]
     bayesxsrc/bib/remlreg.cpp:730:9: warning: invalid UTF-8 in comment [-Winvalid-utf8]
     bayesxsrc/bib/remlreg.cpp:2602:26: warning: invalid UTF-8 in comment [-Winvalid-utf8]
     bayesxsrc/bib/remlreg.cpp:2602:61: warning: invalid UTF-8 in comment [-Winvalid-utf8]
     bayesxsrc/bib/remlreg.cpp:2750:26: warning: invalid UTF-8 in comment [-Winvalid-utf8]
     bayesxsrc/bib/remlreg.cpp:2750:61: warning: invalid UTF-8 in comment [-Winvalid-utf8]
     bayesxsrc/bib/remlreg.cpp:2848:26: warning: invalid UTF-8 in comment [-Winvalid-utf8]
     bayesxsrc/bib/remlreg.cpp:2848:61: warning: invalid UTF-8 in comment [-Winvalid-utf8]
     bayesxsrc/bib/remlreg.cpp:2998:26: warning: invalid UTF-8 in comment [-Winvalid-utf8]
     bayesxsrc/bib/remlreg.cpp:2998:61: warning: invalid UTF-8 in comment [-Winvalid-utf8]
     bayesxsrc/bib/remlreg.cpp:3168:26: warning: invalid UTF-8 in comment [-Winvalid-utf8]
     bayesxsrc/bib/remlreg.cpp:3168:61: warning: invalid UTF-8 in comment [-Winvalid-utf8]
     bayesxsrc/bib/stepwisereg.cpp:2809:38: warning: invalid UTF-8 in comment [-Winvalid-utf8]
     bayesxsrc/leyre/nbinomial.cpp:89:5: warning: invalid UTF-8 in comment [-Winvalid-utf8]
     bayesxsrc/leyre/nbinomial.cpp:96:26: warning: invalid UTF-8 in comment [-Winvalid-utf8]
     bayesxsrc/leyre/nbinomial.cpp:274:5: warning: invalid UTF-8 in comment [-Winvalid-utf8]
     bayesxsrc/leyre/nbinomial.cpp:281:5: warning: invalid UTF-8 in comment [-Winvalid-utf8]
     bayesxsrc/leyre/nbinomial.cpp:459:27: warning: invalid UTF-8 in comment [-Winvalid-utf8]
     bayesxsrc/leyre/nbinomial.cpp:465:21: warning: invalid UTF-8 in comment [-Winvalid-utf8]
     bayesxsrc/leyre/nbinomial.cpp:475:27: warning: invalid UTF-8 in comment [-Winvalid-utf8]
     bayesxsrc/leyre/nbinomial.cpp:512:20: warning: invalid UTF-8 in comment [-Winvalid-utf8]
     bayesxsrc/leyre/zip.cpp:92:5: warning: invalid UTF-8 in comment [-Winvalid-utf8]
     bayesxsrc/leyre/zip.cpp:99:26: warning: invalid UTF-8 in comment [-Winvalid-utf8]
     bayesxsrc/leyre/zip.cpp:400:38: warning: invalid UTF-8 in comment [-Winvalid-utf8]
     bayesxsrc/leyre/zip.cpp:407:15: warning: invalid UTF-8 in comment [-Winvalid-utf8]
     bayesxsrc/leyre/zip.cpp:636:27: warning: invalid UTF-8 in comment [-Winvalid-utf8]
     bayesxsrc/leyre/zip.cpp:642:21: warning: invalid UTF-8 in comment [-Winvalid-utf8]
     bayesxsrc/leyre/zip.cpp:652:27: warning: invalid UTF-8 in comment [-Winvalid-utf8]
     bayesxsrc/leyre/zip.cpp:689:20: warning: invalid UTF-8 in comment [-Winvalid-utf8]
     bayesxsrc/mcmc/baseline_reml.cpp:253:9: warning: invalid UTF-8 in comment [-Winvalid-utf8]
     bayesxsrc/mcmc/baseline_reml.cpp:298:7: warning: invalid UTF-8 in comment [-Winvalid-utf8]
     bayesxsrc/mcmc/baseline_reml.cpp:341:7: warning: invalid UTF-8 in comment [-Winvalid-utf8]
     bayesxsrc/mcmc/baseline_reml.cpp:354:7: warning: invalid UTF-8 in comment [-Winvalid-utf8]
     bayesxsrc/mcmc/distribution.cpp:87:19: warning: invalid UTF-8 in comment [-Winvalid-utf8]
     bayesxsrc/mcmc/distribution.cpp:87:25: warning: invalid UTF-8 in comment [-Winvalid-utf8]
     bayesxsrc/mcmc/distribution.cpp:210:53: warning: invalid UTF-8 in comment [-Winvalid-utf8]
     bayesxsrc/mcmc/distribution.cpp:251:56: warning: invalid UTF-8 in comment [-Winvalid-utf8]
     bayesxsrc/mcmc/distribution.cpp:289:113: warning: invalid UTF-8 in comment [-Winvalid-utf8]
     bayesxsrc/mcmc/distribution.cpp:5100:31: warning: invalid UTF-8 in comment [-Winvalid-utf8]
     bayesxsrc/mcmc/distribution.cpp:5598:51: warning: invalid UTF-8 in comment [-Winvalid-utf8]
     bayesxsrc/mcmc/distribution.cpp:5627:51: warning: invalid UTF-8 in comment [-Winvalid-utf8]
     bayesxsrc/mcmc/distribution.cpp:5728:28: warning: invalid UTF-8 in comment [-Winvalid-utf8]
     bayesxsrc/mcmc/distribution.cpp:6614:97: warning: invalid UTF-8 in comment [-Winvalid-utf8]
     bayesxsrc/mcmc/distribution.cpp:6614:102: warning: invalid UTF-8 in comment [-Winvalid-utf8]
     bayesxsrc/mcmc/distribution.cpp:6615:83: warning: invalid UTF-8 in comment [-Winvalid-utf8]
     bayesxsrc/mcmc/distribution.cpp:6616:97: warning: invalid UTF-8 in comment [-Winvalid-utf8]
     bayesxsrc/mcmc/distribution.cpp:6616:102: warning: invalid UTF-8 in comment [-Winvalid-utf8]
     bayesxsrc/mcmc/distribution.cpp:6617:83: warning: invalid UTF-8 in comment [-Winvalid-utf8]
     bayesxsrc/mcmc/distribution.cpp:6640:58: warning: invalid UTF-8 in comment [-Winvalid-utf8]
     bayesxsrc/mcmc/distribution.cpp:6640:77: warning: invalid UTF-8 in comment [-Winvalid-utf8]
     bayesxsrc/mcmc/distribution.cpp:6641:58: warning: invalid UTF-8 in comment [-Winvalid-utf8]
     bayesxsrc/mcmc/distribution.cpp:6652:89: warning: invalid UTF-8 in comment [-Winvalid-utf8]
     bayesxsrc/mcmc/distribution.cpp:6656:80: warning: invalid UTF-8 in comment [-Winvalid-utf8]
     bayesxsrc/mcmc/fullcond_merror.cpp:41:99: warning: invalid UTF-8 in comment [-Winvalid-utf8]
     bayesxsrc/mcmc/fullcond_merror.cpp:42:159: warning: invalid UTF-8 in comment [-Winvalid-utf8]
     bayesxsrc/mcmc/fullcond_merror.cpp:100:33: warning: invalid UTF-8 in comment [-Winvalid-utf8]
     bayesxsrc/mcmc/fullcond_merror.cpp:100:49: warning: invalid UTF-8 in comment [-Winvalid-utf8]
     bayesxsrc/mcmc/fullcond_merror.cpp:131:13: warning: invalid UTF-8 in comment [-Winvalid-utf8]
     bayesxsrc/mcmc/fullcond_merror.cpp:147:35: warning: invalid UTF-8 in comment [-Winvalid-utf8]
     bayesxsrc/mcmc/fullcond_merror.cpp:176:67: warning: invalid UTF-8 in comment [-Winvalid-utf8]
     bayesxsrc/mcmc/fullcond_merror.cpp:176:87: warning: invalid UTF-8 in comment [-Winvalid-utf8]
     bayesxsrc/mcmc/fullcond_merror.cpp:178:49: warning: invalid UTF-8 in comment [-Winvalid-utf8]
     bayesxsrc/mcmc/fullcond_merror.cpp:178:69: warning: invalid UTF-8 in comment [-Winvalid-utf8]
     bayesxsrc/mcmc/fullcond_merror.cpp:183:52: warning: invalid UTF-8 in comment [-Winvalid-utf8]
     bayesxsrc/mcmc/fullcond_merror.cpp:183:85: warning: invalid UTF-8 in comment [-Winvalid-utf8]
     bayesxsrc/mcmc/fullcond_merror.cpp:189:52: warning: invalid UTF-8 in comment [-Winvalid-utf8]
     bayesxsrc/mcmc/fullcond_merror.cpp:189:85: warning: invalid UTF-8 in comment [-Winvalid-utf8]
     bayesxsrc/mcmc/fullcond_merror.cpp:194:52: warning: invalid UTF-8 in comment [-Winvalid-utf8]
     bayesxsrc/mcmc/fullcond_merror.cpp:194:85: warning: invalid UTF-8 in comment [-Winvalid-utf8]
     bayesxsrc/mcmc/fullcond_nonp_gaussian_stepwise.cpp:301:56: warning: invalid UTF-8 in comment [-Winvalid-utf8]
     bayesxsrc/mcmc/fullcond_nonp_gaussian_stepwise.cpp:582:37: warning: invalid UTF-8 in comment [-Winvalid-utf8]
     bayesxsrc/mcmc/fullcond_nonp_gaussian_stepwise.cpp:624:57: warning: invalid UTF-8 in comment [-Winvalid-utf8]
     bayesxsrc/mcmc/fullcond_nonp_gaussian_stepwise.cpp:867:46: warning: invalid UTF-8 in comment [-Winvalid-utf8]
     bayesxsrc/mcmc/fullcond_nonp_gaussian_stepwise.cpp:1018:17: warning: invalid UTF-8 in comment [-Winvalid-utf8]
     bayesxsrc/mcmc/fullcond_nonp_gaussian_stepwise.cpp:1254:36: warning: invalid UTF-8 in comment [-Winvalid-utf8]
     bayesxsrc/mcmc/fullcond_nonp_gaussian_stepwise.cpp:1357:5: warning: invalid UTF-8 in comment [-Winvalid-utf8]
     bayesxsrc/mcmc/fullcond_nonp_gaussian_stepwise.cpp:2008:60: warning: invalid UTF-8 in comment [-Winvalid-utf8]
     bayesxsrc/mcmc/fullcond_nonp_gaussian_stepwise.cpp:2101:31: warning: invalid UTF-8 in comment [-Winvalid-utf8]
     bayesxsrc/mcmc/fullcond_nonp_gaussian_stepwise.cpp:2183:51: warning: invalid UTF-8 in comment [-Winvalid-utf8]
     bayesxsrc/mcmc/gaussian_heteroskedastic.cpp:72:7: warning: invalid UTF-8 in comment [-Winvalid-utf8]
     bayesxsrc/mcmc/gaussian_heteroskedastic.cpp:72:36: warning: invalid UTF-8 in comment [-Winvalid-utf8]
     bayesxsrc/mcmc/gaussian_heteroskedastic.cpp:72:44: warning: invalid UTF-8 in comment [-Winvalid-utf8]
     bayesxsrc/mcmc/gaussian_heteroskedastic.cpp:73:7: warning: invalid UTF-8 in comment [-Winvalid-utf8]
     bayesxsrc/mcmc/gaussian_heteroskedastic.cpp:73:33: warning: invalid UTF-8 in comment [-Winvalid-utf8]
     bayesxsrc/mcmc/gaussian_heteroskedastic.cpp:111:62: warning: invalid UTF-8 in comment [-Winvalid-utf8]
     bayesxsrc/mcmc/gaussian_heteroskedastic.cpp:114:67: warning: invalid UTF-8 in comment [-Winvalid-utf8]
     bayesxsrc/mcmc/gaussian_heteroskedastic.cpp:116:68: warning: invalid UTF-8 in comment [-Winvalid-utf8]
     bayesxsrc/mcmc/gaussian_heteroskedastic.cpp:123:42: warning: invalid UTF-8 in comment [-Winvalid-utf8]
     bayesxsrc/mcmc/gaussian_heteroskedastic.cpp:123:48: warning: invalid UTF-8 in comment [-Winvalid-utf8]
     bayesxsrc/mcmc/gaussian_heteroskedastic.cpp:134:14: warning: invalid UTF-8 in comment [-Winvalid-utf8]
     bayesxsrc/mcmc/gaussian_heteroskedastic.cpp:134:30: warning: invalid UTF-8 in comment [-Winvalid-utf8]
     bayesxsrc/mcmc/gaussian_heteroskedastic.cpp:134:54: warning: invalid UTF-8 in comment [-Winvalid-utf8]
     bayesxsrc/mcmc/gaussian_heteroskedastic.cpp:137:31: warning: invalid UTF-8 in comment [-Winvalid-utf8]
     bayesxsrc/mcmc/gaussian_heteroskedastic.cpp:137:49: warning: invalid UTF-8 in comment [-Winvalid-utf8]
     bayesxsrc/mcmc/gaussian_heteroskedastic.cpp:141:17: warning: invalid UTF-8 in comment [-Winvalid-utf8]
     bayesxsrc/mcmc/gaussian_heteroskedastic.cpp:141:34: warning: invalid UTF-8 in comment [-Winvalid-utf8]
     bayesxsrc/mcmc/gaussian_heteroskedastic.cpp:147:34: warning: invalid UTF-8 in comment [-Winvalid-utf8]
     bayesxsrc/mcmc/gaussian_heteroskedastic.cpp:158:14: warning: invalid UTF-8 in comment [-Winvalid-utf8]
     bayesxsrc/mcmc/gaussian_heteroskedastic.cpp:158:30: warning: invalid UTF-8 in comment [-Winvalid-utf8]
     bayesxsrc/mcmc/gaussian_heteroskedastic.cpp:158:54: warning: invalid UTF-8 in comment [-Winvalid-utf8]
     bayesxsrc/mcmc/gaussian_heteroskedastic.cpp:161:31: warning: invalid UTF-8 in comment [-Winvalid-utf8]
     bayesxsrc/mcmc/gaussian_heteroskedastic.cpp:161:49: warning: invalid UTF-8 in comment [-Winvalid-utf8]
     bayesxsrc/mcmc/gaussian_heteroskedastic.cpp:165:17: warning: invalid UTF-8 in comment [-Winvalid-utf8]
     bayesxsrc/mcmc/gaussian_heteroskedastic.cpp:165:34: warning: invalid UTF-8 in comment [-Winvalid-utf8]
     bayesxsrc/mcmc/gaussian_heteroskedastic.cpp:171:34: warning: invalid UTF-8 in comment [-Winvalid-utf8]
     bayesxsrc/mcmc/gaussian_heteroskedastic.cpp:190:34: warning: invalid UTF-8 in comment [-Winvalid-utf8]
     bayesxsrc/mcmc/gaussian_heteroskedastic.cpp:192:6: warning: invalid UTF-8 in comment [-Winvalid-utf8]
     bayesxsrc/mcmc/gaussian_heteroskedastic.cpp:192:12: warning: invalid UTF-8 in comment [-Winvalid-utf8]
     bayesxsrc/mcmc/gaussian_heteroskedastic.cpp:192:29: warning: invalid UTF-8 in comment [-Winvalid-utf8]
     bayesxsrc/mcmc/gaussian_heteroskedastic.cpp:205:30: warning: invalid UTF-8 in comment [-Winvalid-utf8]
     bayesxsrc/mcmc/gaussian_heteroskedastic.cpp:205:39: warning: invalid UTF-8 in comment [-Winvalid-utf8]
     bayesxsrc/mcmc/gaussian_heteroskedastic.cpp:209:23: warning: invalid UTF-8 in comment [-Winvalid-utf8]
     bayesxsrc/mcmc/gaussian_heteroskedastic.cpp:209:32: warning: invalid UTF-8 in comment [-Winvalid-utf8]
     bayesxsrc/mcmc/gaussian_heteroskedastic.cpp:232:32: warning: invalid UTF-8 in comment [-Winvalid-utf8]
     bayesxsrc/mcmc/gaussian_heteroskedastic.cpp:232:41: warning: invalid UTF-8 in comment [-Winvalid-utf8]
     bayesxsrc/mcmc/gaussian_heteroskedastic.cpp:239:42: warning: invalid UTF-8 in comment [-Winvalid-utf8]
     bayesxsrc/mcmc/gaussian_heteroskedastic.cpp:239:66: warning: invalid UTF-8 in comment [-Winvalid-utf8]
     bayesxsrc/mcmc/gaussian_heteroskedastic.cpp:240:58: warning: invalid UTF-8 in comment [-Winvalid-utf8]
     bayesxsrc/mcmc/gaussian_heteroskedastic.cpp:242:32: warning: invalid UTF-8 in comment [-Winvalid-utf8]
     bayesxsrc/mcmc/gaussian_heteroskedastic.cpp:242:41: warning: invalid UTF-8 in comment [-Winvalid-utf8]
     bayesxsrc/mcmc/gaussian_heteroskedastic.cpp:264:34: warning: invalid UTF-8 in comment [-Winvalid-utf8]
     bayesxsrc/mcmc/gaussian_heteroskedastic.cpp:266:49: warning: invalid UTF-8 in comment [-Winvalid-utf8]
     bayesxsrc/mcmc/gaussian_heteroskedastic.cpp:267:30: warning: invalid UTF-8 in comment [-Winvalid-utf8]
     bayesxsrc/mcmc/gaussian_heteroskedastic.cpp:268:10: warning: invalid UTF-8 in comment [-Winvalid-utf8]
     bayesxsrc/mcmc/gaussian_heteroskedastic.cpp:268:71: warning: invalid UTF-8 in comment [-Winvalid-utf8]
     bayesxsrc/mcmc/gaussian_heteroskedastic.cpp:270:10: warning: invalid UTF-8 in comment [-Winvalid-utf8]
     bayesxsrc/mcmc/gaussian_heteroskedastic.cpp:270:58: warning: invalid UTF-8 in comment [-Winvalid-utf8]
     bayesxsrc/mcmc/gaussian_heteroskedastic.cpp:270:67: warning: invalid UTF-8 in comment [-Winvalid-utf8]
     bayesxsrc/mcmc/gaussian_heteroskedastic.cpp:271:37: warning: invalid UTF-8 in comment [-Winvalid-utf8]
     bayesxsrc/mcmc/gaussian_heteroskedastic.cpp:271:72: warning: invalid UTF-8 in comment [-Winvalid-utf8]
     bayesxsrc/mcmc/gaussian_heteroskedastic.cpp:294:32: warning: invalid UTF-8 in comment [-Winvalid-utf8]
     bayesxsrc/mcmc/gaussian_heteroskedastic.cpp:294:41: warning: invalid UTF-8 in comment [-Winvalid-utf8]
     bayesxsrc/mcmc/gaussian_heteroskedastic.cpp:298:42: warning: invalid UTF-8 in comment [-Winvalid-utf8]
     bayesxsrc/mcmc/gaussian_heteroskedastic.cpp:298:66: warning: invalid UTF-8 in comment [-Winvalid-utf8]
     bayesxsrc/mcmc/gaussian_heteroskedastic.cpp:299:58: warning: invalid UTF-8 in comment [-Winvalid-utf8]
     bayesxsrc/mcmc/gaussian_heteroskedastic.cpp:301:37: warning: invalid UTF-8 in comment [-Winvalid-utf8]
     bayesxsrc/mcmc/gaussian_heteroskedastic.cpp:301:46: warning: invalid UTF-8 in comment [-Winvalid-utf8]
     bayesxsrc/mcmc/gaussian_heteroskedastic.cpp:315:12: warning: invalid UTF-8 in comment [-Winvalid-utf8]
     bayesxsrc/mcmc/gaussian_heteroskedastic.cpp:323:62: warning: invalid UTF-8 in comment [-Winvalid-utf8]
     bayesxsrc/mcmc/gaussian_heteroskedastic.cpp:338:50: warning: invalid UTF-8 in comment [-Winvalid-utf8]
     bayesxsrc/mcmc/gaussian_heteroskedastic.cpp:347:51: warning: invalid UTF-8 in comment [-Winvalid-utf8]
     bayesxsrc/mcmc/hrandom.cpp:330:15: warning: invalid UTF-8 in comment [-Winvalid-utf8]
     bayesxsrc/mcmc/kriging2.cpp:646:94: warning: invalid UTF-8 in comment [-Winvalid-utf8]
     bayesxsrc/mcmc/kriging2.cpp:648:49: warning: invalid UTF-8 in comment [-Winvalid-utf8]
     bayesxsrc/mcmc/kriging2.cpp:648:80: warning: invalid UTF-8 in comment [-Winvalid-utf8]
     bayesxsrc/mcmc/kriging2.cpp:649:58: warning: invalid UTF-8 in comment [-Winvalid-utf8]
     bayesxsrc/mcmc/kriging2.cpp:649:89: warning: invalid UTF-8 in comment [-Winvalid-utf8]
     bayesxsrc/mcmc/kriging2.cpp:650:75: warning: invalid UTF-8 in comment [-Winvalid-utf8]
     bayesxsrc/mcmc/kriging2.cpp:651:81: warning: invalid UTF-8 in comment [-Winvalid-utf8]
     bayesxsrc/mcmc/kriging2.cpp:653:38: warning: invalid UTF-8 in comment [-Winvalid-utf8]
     bayesxsrc/mcmc/kriging2.cpp:738:19: warning: invalid UTF-8 in comment [-Winvalid-utf8]
     bayesxsrc/mcmc/kriging2.cpp:741:21: warning: invalid UTF-8 in comment [-Winvalid-utf8]
     bayesxsrc/mcmc/kriging2.cpp:822:60: warning: invalid UTF-8 in comment [-Winvalid-utf8]
     bayesxsrc/mcmc/kriging2.cpp:822:67: warning: invalid UTF-8 in comment [-Winvalid-utf8]
     bayesxsrc/mcmc/kriging2.cpp:872:27: warning: invalid UTF-8 in comment [-Winvalid-utf8]
     bayesxsrc/mcmc/kriging2.cpp:888:58: warning: invalid UTF-8 in comment [-Winvalid-utf8]
     bayesxsrc/mcmc/kriging.cpp:867:94: warning: invalid UTF-8 in comment [-Winvalid-utf8]
     bayesxsrc/mcmc/kriging.cpp:869:49: warning: invalid UTF-8 in comment [-Winvalid-utf8]
     bayesxsrc/mcmc/kriging.cpp:869:80: warning: invalid UTF-8 in comment [-Winvalid-utf8]
     bayesxsrc/mcmc/kriging.cpp:870:58: warning: invalid UTF-8 in comment [-Winvalid-utf8]
     bayesxsrc/mcmc/kriging.cpp:870:89: warning: invalid UTF-8 in comment [-Winvalid-utf8]
     bayesxsrc/mcmc/kriging.cpp:871:75: warning: invalid UTF-8 in comment [-Winvalid-utf8]
     bayesxsrc/mcmc/kriging.cpp:872:81: warning: invalid UTF-8 in comment [-Winvalid-utf8]
     bayesxsrc/mcmc/kriging.cpp:874:38: warning: invalid UTF-8 in comment [-Winvalid-utf8]
     bayesxsrc/mcmc/kriging.cpp:978:19: warning: invalid UTF-8 in comment [-Winvalid-utf8]
     bayesxsrc/mcmc/kriging.cpp:981:21: warning: invalid UTF-8 in comment [-Winvalid-utf8]
     bayesxsrc/mcmc/mcmc_const.cpp:1891:59: warning: invalid UTF-8 in comment [-Winvalid-utf8]
     bayesxsrc/mcmc/mcmc_const.cpp:2038:49: warning: invalid UTF-8 in comment [-Winvalid-utf8]
     bayesxsrc/mcmc/mcmc_const_stepwise.cpp:130:11: warning: invalid UTF-8 in comment [-Winvalid-utf8]
     bayesxsrc/mcmc/mcmc_const_stepwise.cpp:412:81: warning: invalid UTF-8 in comment [-Winvalid-utf8]
     bayesxsrc/mcmc/mcmc_const_stepwise.cpp:931:33: warning: invalid UTF-8 in comment [-Winvalid-utf8]
     bayesxsrc/mcmc/mcmc_const_stepwise.cpp:1364:21: warning: invalid UTF-8 in comment [-Winvalid-utf8]
     bayesxsrc/mcmc/mcmc_const_stepwise.cpp:1364:49: warning: invalid UTF-8 in comment [-Winvalid-utf8]
     bayesxsrc/mcmc/mcmc_const_stepwise.cpp:1530:17: warning: invalid UTF-8 in comment [-Winvalid-utf8]
     bayesxsrc/mcmc/mcmc_const_stepwise.cpp:1541:5: warning: invalid UTF-8 in comment [-Winvalid-utf8]
     bayesxsrc/mcmc/mcmcsimul.cpp:877:46: warning: invalid UTF-8 in comment [-Winvalid-utf8]
     bayesxsrc/mcmc/mcmcsimul.cpp:879:41: warning: invalid UTF-8 in comment [-Winvalid-utf8]
     bayesxsrc/mcmc/mcmcsimul.cpp:879:59: warning: invalid UTF-8 in comment [-Winvalid-utf8]
     bayesxsrc/mcmc/mcmcsimul.cpp:879:73: warning: invalid UTF-8 in comment [-Winvalid-utf8]
     bayesxsrc/mcmc/mcmcsimul.cpp:885:41: warning: invalid UTF-8 in comment [-Winvalid-utf8]
     bayesxsrc/mcmc/mcmcsimul.cpp:890:14: warning: invalid UTF-8 in comment [-Winvalid-utf8]
     bayesxsrc/mcmc/mcmcsimul.cpp:895:56: warning: invalid UTF-8 in comment [-Winvalid-utf8]
     bayesxsrc/mcmc/mcmcsimul.cpp:899:56: warning: invalid UTF-8 in comment [-Winvalid-utf8]
     bayesxsrc/mcmc/mcmcsimul.cpp:914:19: warning: invalid UTF-8 in comment [-Winvalid-utf8]
     bayesxsrc/mcmc/mcmcsimul.cpp:919:21: warning: invalid UTF-8 in comment [-Winvalid-utf8]
     bayesxsrc/mcmc/mcmcsimul.cpp:922:25: warning: invalid UTF-8 in comment [-Winvalid-utf8]
     bayesxsrc/mcmc/mcmcsimul.cpp:965:31: warning: invalid UTF-8 in comment [-Winvalid-utf8]
     bayesxsrc/mcmc/mcmcsimul.cpp:1073:15: warning: invalid UTF-8 in comment [-Winvalid-utf8]
     bayesxsrc/mcmc/mcmcsimul.cpp:1073:21: warning: invalid UTF-8 in comment [-Winvalid-utf8]
     bayesxsrc/mcmc/mcmcsimul.cpp:1089:39: warning: invalid UTF-8 in comment [-Winvalid-utf8]
     bayesxsrc/mcmc/mcmcsimul.cpp:1089:59: warning: invalid UTF-8 in comment [-Winvalid-utf8]
     bayesxsrc/mcmc/mcmcsimul.cpp:1092:55: warning: invalid UTF-8 in comment [-Winvalid-utf8]
     bayesxsrc/mcmc/mcmcsimul.cpp:1095:55: warning: invalid UTF-8 in comment [-Winvalid-utf8]
     bayesxsrc/mcmc/mcmcsimul.cpp:1109:35: warning: invalid UTF-8 in comment [-Winvalid-utf8]
     bayesxsrc/mcmc/mcmcsimul.cpp:1123:49: warning: invalid UTF-8 in comment [-Winvalid-utf8]
     bayesxsrc/mcmc/mcmcsimul.cpp:1123:55: warning: invalid UTF-8 in comment [-Winvalid-utf8]
     bayesxsrc/mcmc/mcmcsimul.cpp:1175:33: warning: invalid UTF-8 in comment [-Winvalid-utf8]
     bayesxsrc/mcmc/mcmcsimul.cpp:1202:19: warning: invalid UTF-8 in comment [-Winvalid-utf8]
     bayesxsrc/mcmc/mcmcsimul.cpp:1213:29: warning: invalid UTF-8 in comment [-Winvalid-utf8]
     bayesxsrc/mcmc/mcmcsimul.cpp:1276:15: warning: invalid UTF-8 in comment [-Winvalid-utf8]
     bayesxsrc/mcmc/mcmcsimul2_multi.cpp:387:45: warning: invalid UTF-8 in comment [-Winvalid-utf8]
     bayesxsrc/mcmc/mcmcsimul2_multi.cpp:396:60: warning: invalid UTF-8 in comment [-Winvalid-utf8]
     bayesxsrc/mcmc/mcmcsimul2_multi.cpp:396:108: warning: invalid UTF-8 in comment [-Winvalid-utf8]
     bayesxsrc/mcmc/mcmcsimul2_multi.cpp:879:68: warning: invalid UTF-8 in comment [-Winvalid-utf8]
     bayesxsrc/mcmc/mcmcsimul2_multi.cpp:879:75: warning: invalid UTF-8 in comment [-Winvalid-utf8]
     bayesxsrc/mcmc/mcmcsimul2_multi.cpp:904:70: warning: invalid UTF-8 in comment [-Winvalid-utf8]
     bayesxsrc/mcmc/mcmcsimul2_multi.cpp:904:77: warning: invalid UTF-8 in comment [-Winvalid-utf8]
     bayesxsrc/mcmc/mcmcsimul2_multi.cpp:1782:121: warning: invalid UTF-8 in comment [-Winvalid-utf8]
     bayesxsrc/mcmc/mcmcsimul2_multi.cpp:1783:115: warning: invalid UTF-8 in comment [-Winvalid-utf8]
     bayesxsrc/mcmc/mcmcsimul2_multi.cpp:1858:50: warning: invalid UTF-8 in comment [-Winvalid-utf8]
     bayesxsrc/mcmc/mcmcsimul2_multi.cpp:1899:71: warning: invalid UTF-8 in comment [-Winvalid-utf8]
     bayesxsrc/mcmc/mcmcsimul2_multi.cpp:1994:50: warning: invalid UTF-8 in comment [-Winvalid-utf8]
     bayesxsrc/mcmc/mcmcsimul2_multi.cpp:2043:71: warning: invalid UTF-8 in comment [-Winvalid-utf8]
     bayesxsrc/mcmc/mcmcsimul2_multi.cpp:3466:96: warning: invalid UTF-8 in comment [-Winvalid-utf8]
     bayesxsrc/mcmc/mcmcsimul2.cpp:150:73: warning: invalid UTF-8 in comment [-Winvalid-utf8]
     bayesxsrc/mcmc/mcmcsimul2.cpp:151:48: warning: invalid UTF-8 in comment [-Winvalid-utf8]
     bayesxsrc/mcmc/mcmcsimul2.cpp:151:76: warning: invalid UTF-8 in comment [-Winvalid-utf8]
     bayesxsrc/mcmc/mcmcsimul2.cpp:151:100: warning: invalid UTF-8 in comment [-Winvalid-utf8]
     bayesxsrc/mcmc/mcmcsimul2.cpp:272:73: warning: invalid UTF-8 in comment [-Winvalid-utf8]
     bayesxsrc/mcmc/mcmcsimul2.cpp:272:79: warning: invalid UTF-8 in comment [-Winvalid-utf8]
     bayesxsrc/mcmc/mcmcsimul2.cpp:299:6: warning: invalid UTF-8 in comment [-Winvalid-utf8]
     bayesxsrc/mcmc/mcmcsimul2.cpp:299:12: warning: invalid UTF-8 in comment [-Winvalid-utf8]
     bayesxsrc/mcmc/mcmcsimul2.cpp:300:39: warning: invalid UTF-8 in comment [-Winvalid-utf8]
     bayesxsrc/mcmc/mcmcsimul2.cpp:300:63: warning: invalid UTF-8 in comment [-Winvalid-utf8]
     bayesxsrc/mcmc/mcmcsimul2.cpp:379:45: warning: invalid UTF-8 in comment [-Winvalid-utf8]
     bayesxsrc/mcmc/mcmcsimul2.cpp:388:60: warning: invalid UTF-8 in comment [-Winvalid-utf8]
     bayesxsrc/mcmc/mcmcsimul2.cpp:388:108: warning: invalid UTF-8 in comment [-Winvalid-utf8]
     bayesxsrc/mcmc/mcmcsimul2.cpp:403:5: warning: invalid UTF-8 in comment [-Winvalid-utf8]
     bayesxsrc/mcmc/mcmcsimul2.cpp:405:68: warning: invalid UTF-8 in comment [-Winvalid-utf8]
     bayesxsrc/mcmc/mcmcsimul2.cpp:432:11: warning: invalid UTF-8 in comment [-Winvalid-utf8]
     bayesxsrc/mcmc/mcmcsimul2.cpp:511:25: warning: invalid UTF-8 in comment [-Winvalid-utf8]
     bayesxsrc/mcmc/mcmcsimul2.cpp:511:31: warning: invalid UTF-8 in comment [-Winvalid-utf8]
     bayesxsrc/mcmc/mcmcsimul2.cpp:767:68: warning: invalid UTF-8 in comment [-Winvalid-utf8]
     bayesxsrc/mcmc/mcmcsimul2.cpp:767:75: warning: invalid UTF-8 in comment [-Winvalid-utf8]
     bayesxsrc/mcmc/mcmcsimul2.cpp:792:70: warning: invalid UTF-8 in comment [-Winvalid-utf8]
     bayesxsrc/mcmc/mcmcsimul2.cpp:792:77: warning: invalid UTF-8 in comment [-Winvalid-utf8]
     bayesxsrc/mcmc/mcmcsimul2.cpp:810:37: warning: invalid UTF-8 in comment [-Winvalid-utf8]
     bayesxsrc/mcmc/mcmcsimul2.cpp:818:21: warning: invalid UTF-8 in comment [-Winvalid-utf8]
     bayesxsrc/mcmc/mcmcsimul2.cpp:1020:37: warning: invalid UTF-8 in comment [-Winvalid-utf8]
     bayesxsrc/mcmc/mcmcsimul2.cpp:1020:43: warning: invalid UTF-8 in comment [-Winvalid-utf8]
     bayesxsrc/mcmc/mcmcsimul2.cpp:1028:14: warning: invalid UTF-8 in comment [-Winvalid-utf8]
     bayesxsrc/mcmc/mcmcsimul2.cpp:1040:14: warning: invalid UTF-8 in comment [-Winvalid-utf8]
     bayesxsrc/mcmc/mcmcsimul2.cpp:1044:31: warning: invalid UTF-8 in comment [-Winvalid-utf8]
     bayesxsrc/mcmc/mcmcsimul2.cpp:1062:14: warning: invalid UTF-8 in comment [-Winvalid-utf8]
     bayesxsrc/mcmc/mcmcsimul2.cpp:1074:14: warning: invalid UTF-8 in comment [-Winvalid-utf8]
     bayesxsrc/mcmc/mcmcsimul2.cpp:1078:31: warning: invalid UTF-8 in comment [-Winvalid-utf8]
     bayesxsrc/mcmc/mcmcsimul2.cpp:1106:59: warning: invalid UTF-8 in comment [-Winvalid-utf8]
     bayesxsrc/mcmc/mcmcsimul2.cpp:1106:65: warning: invalid UTF-8 in comment [-Winvalid-utf8]
     bayesxsrc/mcmc/mcmcsimul2.cpp:1131:59: warning: invalid UTF-8 in comment [-Winvalid-utf8]
     bayesxsrc/mcmc/mcmcsimul2.cpp:1131:65: warning: invalid UTF-8 in comment [-Winvalid-utf8]
     bayesxsrc/mcmc/mcmcsimul2.cpp:1140:30: warning: invalid UTF-8 in comment [-Winvalid-utf8]
     bayesxsrc/mcmc/mcmcsimul2.cpp:1140:58: warning: invalid UTF-8 in comment [-Winvalid-utf8]
     bayesxsrc/mcmc/mcmcsimul2.cpp:1140:74: warning: invalid UTF-8 in comment [-Winvalid-utf8]
     bayesxsrc/mcmc/mcmcsimul2.cpp:1186:30: warning: invalid UTF-8 in comment [-Winvalid-utf8]
     bayesxsrc/mcmc/mcmcsimul2.cpp:1196:35: warning: invalid UTF-8 in comment [-Winvalid-utf8]
     bayesxsrc/mcmc/mcmcsimul2_multi.cpp:4866:57: warning: invalid UTF-8 in comment [-Winvalid-utf8]
     bayesxsrc/mcmc/mcmcsimul2_multi.cpp:4866:63: warning: invalid UTF-8 in comment [-Winvalid-utf8]
     bayesxsrc/mcmc/mcmcsimul2_multi.cpp:4933:90: warning: invalid UTF-8 in comment [-Winvalid-utf8]
     bayesxsrc/mcmc/mcmcsimul2_multi.cpp:5075:74: warning: invalid UTF-8 in comment [-Winvalid-utf8]
     bayesxsrc/mcmc/mcmcsimul2.cpp:1555:121: warning: invalid UTF-8 in comment [-Winvalid-utf8]
     bayesxsrc/mcmc/mcmcsimul2.cpp:1556:113: warning: invalid UTF-8 in comment [-Winvalid-utf8]
     bayesxsrc/mcmc/mcmcsimul2.cpp:1616:50: warning: invalid UTF-8 in comment [-Winvalid-utf8]
     bayesxsrc/mcmc/mcmcsimul2_multi.cpp:5076:63: warning: invalid UTF-8 in comment [-Winvalid-utf8]
     bayesxsrc/mcmc/mcmcsimul2_multi.cpp:5103:55: warning: invalid UTF-8 in comment [-Winvalid-utf8]
     bayesxsrc/mcmc/mcmcsimul2_multi.cpp:5109:78: warning: invalid UTF-8 in comment [-Winvalid-utf8]
     bayesxsrc/mcmc/mcmcsimul2_multi.cpp:5164:90: warning: invalid UTF-8 in comment [-Winvalid-utf8]
     bayesxsrc/mcmc/mcmcsimul2_multi.cpp:5258:15: warning: invalid UTF-8 in comment [-Winvalid-utf8]
     bayesxsrc/mcmc/mcmcsimul2_multi.cpp:5265:80: warning: invalid UTF-8 in comment [-Winvalid-utf8]
     bayesxsrc/mcmc/mcmcsimul2.cpp:1657:71: warning: invalid UTF-8 in comment [-Winvalid-utf8]
     bayesxsrc/mcmc/mcmcsimul2_multi.cpp:5274:58: warning: invalid UTF-8 in comment [-Winvalid-utf8]
     bayesxsrc/mcmc/mcmcsimul2.cpp:1722:32: warning: invalid UTF-8 in comment [-Winvalid-utf8]
     bayesxsrc/mcmc/mcmcsimul2.cpp:1730:64: warning: invalid UTF-8 in comment [-Winvalid-utf8]
     bayesxsrc/mcmc/mcmcsimul2.cpp:1737:50: warning: invalid UTF-8 in comment [-Winvalid-utf8]
     bayesxsrc/mcmc/mcmcsimul2.cpp:1773:50: warning: invalid UTF-8 in comment [-Winvalid-utf8]
     bayesxsrc/mcmc/mcmcsimul2.cpp:1773:69: warning: invalid UTF-8 in comment [-Winvalid-utf8]
     bayesxsrc/mcmc/mcmcsimul2.cpp:1773:82: warning: invalid UTF-8 in comment [-Winvalid-utf8]
     bayesxsrc/mcmc/mcmcsimul2.cpp:1786:71: warning: invalid UTF-8 in comment [-Winvalid-utf8]
     bayesxsrc/mcmc/mcmcsimul2.cpp:1868:62: warning: invalid UTF-8 in comment [-Winvalid-utf8]
     bayesxsrc/mcmc/mcmcsimul2.cpp:1868:89: warning: invalid UTF-8 in comment [-Winvalid-utf8]
     bayesxsrc/mcmc/mcmcsimul2.cpp:1884:62: warning: invalid UTF-8 in comment [-Winvalid-utf8]
     bayesxsrc/mcmc/mcmcsimul2.cpp:1884:89: warning: invalid UTF-8 in comment [-Winvalid-utf8]
     bayesxsrc/mcmc/mcmcsimul2.cpp:1927:54: warning: invalid UTF-8 in comment [-Winvalid-utf8]
     bayesxsrc/mcmc/mcmcsimul2.cpp:1927:81: warning: invalid UTF-8 in comment [-Winvalid-utf8]
     bayesxsrc/mcmc/mcmcsimul2.cpp:2003:54: warning: invalid UTF-8 in comment [-Winvalid-utf8]
     bayesxsrc/mcmc/mcmcsimul2.cpp:2003:81: warning: invalid UTF-8 in comment [-Winvalid-utf8]
     bayesxsrc/mcmc/mcmcsimul2.cpp:2122:35: warning: invalid UTF-8 in comment [-Winvalid-utf8]
     bayesxsrc/mcmc/mcmcsimul2.cpp:2127:20: warning: invalid UTF-8 in comment [-Winvalid-utf8]
     bayesxsrc/mcmc/mcmcsimul2.cpp:2354:63: warning: invalid UTF-8 in comment [-Winvalid-utf8]
     bayesxsrc/mcmc/mcmcsimul2.cpp:2409:25: warning: invalid UTF-8 in comment [-Winvalid-utf8]
     bayesxsrc/mcmc/mcmcsimul2.cpp:2410:52: warning: invalid UTF-8 in comment [-Winvalid-utf8]
     bayesxsrc/mcmc/mcmcsimul2.cpp:2410:76: warning: invalid UTF-8 in comment [-Winvalid-utf8]
     bayesxsrc/mcmc/mcmcsimul2.cpp:2527:84: warning: invalid UTF-8 in comment [-Winvalid-utf8]
     bayesxsrc/mcmc/mcmcsimul2.cpp:2692:20: warning: invalid UTF-8 in comment [-Winvalid-utf8]
     bayesxsrc/mcmc/mcmcsimul2.cpp:2692:26: warning: invalid UTF-8 in comment [-Winvalid-utf8]
     bayesxsrc/mcmc/mcmcsimul2.cpp:2810:59: warning: invalid UTF-8 in comment [-Winvalid-utf8]
     bayesxsrc/mcmc/mcmcsimul2.cpp:2810:65: warning: invalid UTF-8 in comment [-Winvalid-utf8]
     bayesxsrc/mcmc/mcmcsimul2.cpp:2835:59: warning: invalid UTF-8 in comment [-Winvalid-utf8]
     bayesxsrc/mcmc/mcmcsimul2.cpp:2835:65: warning: invalid UTF-8 in comment [-Winvalid-utf8]
     bayesxsrc/mcmc/mcmcsimul2.cpp:2880:70: warning: invalid UTF-8 in comment [-Winvalid-utf8]
     bayesxsrc/mcmc/mcmcsimul2.cpp:2880:76: warning: invalid UTF-8 in comment [-Winvalid-utf8]
     bayesxsrc/mcmc/mcmcsimul2.cpp:2882:60: warning: invalid UTF-8 in comment [-Winvalid-utf8]
     bayesxsrc/mcmc/mcmcsimul2.cpp:2885:61: warning: invalid UTF-8 in comment [-Winvalid-utf8]
     bayesxsrc/mcmc/mcmcsimul2.cpp:3098:24: warning: invalid UTF-8 in comment [-Winvalid-utf8]
     bayesxsrc/mcmc/mcmcsimul2.cpp:3139:46: warning: invalid UTF-8 in comment [-Winvalid-utf8]
     bayesxsrc/mcmc/mcmcsimul2.cpp:3154:55: warning: invalid UTF-8 in comment [-Winvalid-utf8]
     bayesxsrc/mcmc/mcmcsimul2.cpp:3207:62: warning: invalid UTF-8 in comment [-Winvalid-utf8]
     bayesxsrc/mcmc/mcmcsimul2.cpp:3207:85: warning: invalid UTF-8 in comment [-Winvalid-utf8]
     bayesxsrc/mcmc/mcmcsimul2.cpp:3354:24: warning: invalid UTF-8 in comment [-Winvalid-utf8]
     bayesxsrc/mcmc/mcmcsimul2.cpp:3493:24: warning: invalid UTF-8 in comment [-Winvalid-utf8]
     bayesxsrc/mcmc/mcmcsimul2.cpp:3656:86: warning: invalid UTF-8 in comment [-Winvalid-utf8]
     bayesxsrc/mcmc/mcmcsimul2.cpp:3695:24: warning: invalid UTF-8 in comment [-Winvalid-utf8]
     bayesxsrc/mcmc/mcmcsimul2.cpp:3850:24: warning: invalid UTF-8 in comment [-Winvalid-utf8]
     bayesxsrc/mcmc/mcmcsimul2.cpp:3978:19: warning: invalid UTF-8 in comment [-Winvalid-utf8]
     bayesxsrc/mcmc/mcmcsimul2.cpp:3982:21: warning: invalid UTF-8 in comment [-Winvalid-utf8]
     bayesxsrc/mcmc/mcmcsimul2.cpp:3985:25: warning: invalid UTF-8 in comment [-Winvalid-utf8]
     bayesxsrc/mcmc/mcmcsimul2.cpp:4102:31: warning: invalid UTF-8 in comment [-Winvalid-utf8]
     bayesxsrc/mcmc/mcmcsimul2.cpp:4165:15: warning: invalid UTF-8 in comment [-Winvalid-utf8]
     bayesxsrc/mcmc/mcmcsimul2.cpp:4165:21: warning: invalid UTF-8 in comment [-Winvalid-utf8]
     bayesxsrc/mcmc/mcmcsimul2.cpp:4177:39: warning: invalid UTF-8 in comment [-Winvalid-utf8]
     bayesxsrc/mcmc/mcmcsimul2.cpp:4177:59: warning: invalid UTF-8 in comment [-Winvalid-utf8]
     bayesxsrc/mcmc/mcmcsimul2.cpp:4180:55: warning: invalid UTF-8 in comment [-Winvalid-utf8]
     bayesxsrc/mcmc/mcmcsimul2.cpp:4189:35: warning: invalid UTF-8 in comment [-Winvalid-utf8]
     bayesxsrc/mcmc/mcmcsimul2.cpp:4203:47: warning: invalid UTF-8 in comment [-Winvalid-utf8]
     bayesxsrc/mcmc/mcmcsimul2.cpp:4203:53: warning: invalid UTF-8 in comment [-Winvalid-utf8]
     bayesxsrc/mcmc/mcmcsimul2.cpp:4236:33: warning: invalid UTF-8 in comment [-Winvalid-utf8]
     bayesxsrc/mcmc/mcmcsimul2.cpp:4261:19: warning: invalid UTF-8 in comment [-Winvalid-utf8]
     bayesxsrc/mcmc/mcmcsimul2.cpp:4300:15: warning: invalid UTF-8 in comment [-Winvalid-utf8]
     bayesxsrc/mcmc/mcmcsimul2.cpp:4459:57: warning: invalid UTF-8 in comment [-Winvalid-utf8]
     bayesxsrc/mcmc/mcmcsimul2.cpp:4459:63: warning: invalid UTF-8 in comment [-Winvalid-utf8]
     bayesxsrc/mcmc/mcmcsimul2.cpp:4526:90: warning: invalid UTF-8 in comment [-Winvalid-utf8]
     bayesxsrc/mcmc/mcmcsimul2.cpp:4644:74: warning: invalid UTF-8 in comment [-Winvalid-utf8]
     bayesxsrc/mcmc/mcmcsimul2.cpp:4645:63: warning: invalid UTF-8 in comment [-Winvalid-utf8]
     bayesxsrc/mcmc/mcmcsimul2.cpp:4665:55: warning: invalid UTF-8 in comment [-Winvalid-utf8]
     bayesxsrc/mcmc/mcmcsimul2.cpp:4666:70: warning: invalid UTF-8 in comment [-Winvalid-utf8]
     bayesxsrc/mcmc/mcmcsimul2.cpp:4666:77: warning: invalid UTF-8 in comment [-Winvalid-utf8]
     bayesxsrc/mcmc/mcmcsimul2.cpp:4713:90: warning: invalid UTF-8 in comment [-Winvalid-utf8]
     bayesxsrc/mcmc/mcmcsimul2.cpp:4793:15: warning: invalid UTF-8 in comment [-Winvalid-utf8]
     bayesxsrc/mcmc/mcmcsimul2.cpp:4795:62: warning: invalid UTF-8 in comment [-Winvalid-utf8]
     bayesxsrc/mcmc/mcmcsimul2.cpp:4795:69: warning: invalid UTF-8 in comment [-Winvalid-utf8]
     bayesxsrc/mcmc/mcmcsimul2.cpp:4803:58: warning: invalid UTF-8 in comment [-Winvalid-utf8]
     bayesxsrc/mcmc/randomeffect.cpp:1659:15: warning: invalid UTF-8 in comment [-Winvalid-utf8]
     bayesxsrc/mcmc/randomeffect_stepwise.cpp:382:17: warning: invalid UTF-8 in comment [-Winvalid-utf8]
     bayesxsrc/mcmc/randomeffect_stepwise.cpp:789:5: warning: invalid UTF-8 in comment [-Winvalid-utf8]
     bayesxsrc/mcmc/randomeffect_stepwise.cpp:929:15: warning: invalid UTF-8 in comment [-Winvalid-utf8]
     bayesxsrc/mcmc/remlest.cpp:1873:27: warning: invalid UTF-8 in comment [-Winvalid-utf8]
     bayesxsrc/mcmc/remlest.cpp:1873:98: warning: invalid UTF-8 in comment [-Winvalid-utf8]
     bayesxsrc/mcmc/remlest.cpp:1969:17: warning: invalid UTF-8 in comment [-Winvalid-utf8]
     bayesxsrc/mcmc/remlest.cpp:1969:40: warning: invalid UTF-8 in comment [-Winvalid-utf8]
     bayesxsrc/mcmc/remlest.cpp:2074:24: warning: invalid UTF-8 in comment [-Winvalid-utf8]
     bayesxsrc/mcmc/remlest.cpp:2160:19: warning: invalid UTF-8 in comment [-Winvalid-utf8]
     bayesxsrc/mcmc/remlest.cpp:2530:24: warning: invalid UTF-8 in comment [-Winvalid-utf8]
     bayesxsrc/mcmc/remlest.cpp:2550:24: warning: invalid UTF-8 in comment [-Winvalid-utf8]
     bayesxsrc/mcmc/remlest.cpp:2559:21: warning: invalid UTF-8 in comment [-Winvalid-utf8]
     bayesxsrc/mcmc/remlest.cpp:2570:23: warning: invalid UTF-8 in comment [-Winvalid-utf8]
     bayesxsrc/mcmc/remlest.cpp:2740:27: warning: invalid UTF-8 in comment [-Winvalid-utf8]
     bayesxsrc/mcmc/remlest.cpp:2740:101: warning: invalid UTF-8 in comment [-Winvalid-utf8]
     bayesxsrc/mcmc/remlest.cpp:2846:15: warning: invalid UTF-8 in comment [-Winvalid-utf8]
     bayesxsrc/mcmc/remlest.cpp:2973:24: warning: invalid UTF-8 in comment [-Winvalid-utf8]
     bayesxsrc/mcmc/remlest.cpp:2999:17: warning: invalid UTF-8 in comment [-Winvalid-utf8]
     bayesxsrc/mcmc/remlest.cpp:3040:17: warning: invalid UTF-8 in comment [-Winvalid-utf8]
     bayesxsrc/mcmc/remlest.cpp:3630:24: warning: invalid UTF-8 in comment [-Winvalid-utf8]
     bayesxsrc/mcmc/remlest.cpp:3650:24: warning: invalid UTF-8 in comment [-Winvalid-utf8]
     bayesxsrc/mcmc/remlest.cpp:3659:21: warning: invalid UTF-8 in comment [-Winvalid-utf8]
     bayesxsrc/mcmc/remlest.cpp:3670:23: warning: invalid UTF-8 in comment [-Winvalid-utf8]
     bayesxsrc/mcmc/remlest.cpp:3844:27: warning: invalid UTF-8 in comment [-Winvalid-utf8]
     bayesxsrc/mcmc/remlest.cpp:3844:101: warning: invalid UTF-8 in comment [-Winvalid-utf8]
     bayesxsrc/mcmc/remlest.cpp:4156:24: warning: invalid UTF-8 in comment [-Winvalid-utf8]
     bayesxsrc/mcmc/remlest.cpp:4177:19: warning: invalid UTF-8 in comment [-Winvalid-utf8]
     bayesxsrc/mcmc/remlest.cpp:4201:19: warning: invalid UTF-8 in comment [-Winvalid-utf8]
     bayesxsrc/mcmc/remlest.cpp:4242:19: warning: invalid UTF-8 in comment [-Winvalid-utf8]
     bayesxsrc/mcmc/remlest.cpp:4266:19: warning: invalid UTF-8 in comment [-Winvalid-utf8]
     bayesxsrc/mcmc/remlest.cpp:4310:19: warning: invalid UTF-8 in comment [-Winvalid-utf8]
     bayesxsrc/mcmc/remlest.cpp:4349:19: warning: invalid UTF-8 in comment [-Winvalid-utf8]
     bayesxsrc/mcmc/remlest.cpp:4402:19: warning: invalid UTF-8 in comment [-Winvalid-utf8]
     bayesxsrc/mcmc/remlest.cpp:4441:19: warning: invalid UTF-8 in comment [-Winvalid-utf8]
     bayesxsrc/mcmc/remlest.cpp:5541:24: warning: invalid UTF-8 in comment [-Winvalid-utf8]
     bayesxsrc/mcmc/remlest.cpp:5563:26: warning: invalid UTF-8 in comment [-Winvalid-utf8]
     bayesxsrc/mcmc/remlest.cpp:5572:23: warning: invalid UTF-8 in comment [-Winvalid-utf8]
     bayesxsrc/mcmc/remlest.cpp:5583:25: warning: invalid UTF-8 in comment [-Winvalid-utf8]
     bayesxsrc/mcmc/remlest.cpp:5606:26: warning: invalid UTF-8 in comment [-Winvalid-utf8]
     bayesxsrc/mcmc/remlest.cpp:5618:23: warning: invalid UTF-8 in comment [-Winvalid-utf8]
     bayesxsrc/mcmc/remlest.cpp:5630:25: warning: invalid UTF-8 in comment [-Winvalid-utf8]
     bayesxsrc/mcmc/remlest.cpp:6030:13: warning: invalid UTF-8 in comment [-Winvalid-utf8]
     bayesxsrc/mcmc/remlest.cpp:6030:19: warning: invalid UTF-8 in comment [-Winvalid-utf8]
     bayesxsrc/mcmc/remlest.cpp:6043:35: warning: invalid UTF-8 in comment [-Winvalid-utf8]
     bayesxsrc/mcmc/remlest.cpp:6043:55: warning: invalid UTF-8 in comment [-Winvalid-utf8]
     bayesxsrc/mcmc/remlest.cpp:6046:51: warning: invalid UTF-8 in comment [-Winvalid-utf8]
     bayesxsrc/mcmc/remlest.cpp:6058:35: warning: invalid UTF-8 in comment [-Winvalid-utf8]
     bayesxsrc/mcmc/remlest.cpp:6066:48: warning: invalid UTF-8 in comment [-Winvalid-utf8]
     bayesxsrc/mcmc/remlest.cpp:6066:54: warning: invalid UTF-8 in comment [-Winvalid-utf8]
     bayesxsrc/mcmc/remlest.cpp:6100:33: warning: invalid UTF-8 in comment [-Winvalid-utf8]
     bayesxsrc/mcmc/remlest.cpp:6119:19: warning: invalid UTF-8 in comment [-Winvalid-utf8]
     bayesxsrc/mcmc/remlest.cpp:6165:13: warning: invalid UTF-8 in comment [-Winvalid-utf8]
     bayesxsrc/mcmc/remlest.cpp:6332:21: warning: invalid UTF-8 in comment [-Winvalid-utf8]
     bayesxsrc/mcmc/remlest.cpp:6375:66: warning: invalid UTF-8 in comment [-Winvalid-utf8]
     bayesxsrc/mcmc/remlest.cpp:6379:50: warning: invalid UTF-8 in comment [-Winvalid-utf8]
     bayesxsrc/mcmc/remlest.cpp:6427:31: warning: invalid UTF-8 in comment [-Winvalid-utf8]
     bayesxsrc/mcmc/remlest_multi.cpp:969:13: warning: invalid UTF-8 in comment [-Winvalid-utf8]
     bayesxsrc/mcmc/remlest_multi.cpp:969:19: warning: invalid UTF-8 in comment [-Winvalid-utf8]
     bayesxsrc/mcmc/remlest_multi.cpp:982:35: warning: invalid UTF-8 in comment [-Winvalid-utf8]
     bayesxsrc/mcmc/remlest_multi.cpp:982:55: warning: invalid UTF-8 in comment [-Winvalid-utf8]
     bayesxsrc/mcmc/remlest_multi.cpp:985:51: warning: invalid UTF-8 in comment [-Winvalid-utf8]
     bayesxsrc/mcmc/remlest_multi.cpp:998:35: warning: invalid UTF-8 in comment [-Winvalid-utf8]
     bayesxsrc/mcmc/remlest_multi.cpp:1006:48: warning: invalid UTF-8 in comment [-Winvalid-utf8]
     bayesxsrc/mcmc/remlest_multi.cpp:1006:54: warning: invalid UTF-8 in comment [-Winvalid-utf8]
     bayesxsrc/mcmc/remlest_multi.cpp:1040:33: warning: invalid UTF-8 in comment [-Winvalid-utf8]
     bayesxsrc/mcmc/remlest_multi.cpp:1062:19: warning: invalid UTF-8 in comment [-Winvalid-utf8]
     bayesxsrc/mcmc/remlest_multi.cpp:1108:13: warning: invalid UTF-8 in comment [-Winvalid-utf8]
     bayesxsrc/mcmc/remlest_multi.cpp:1231:21: warning: invalid UTF-8 in comment [-Winvalid-utf8]
     bayesxsrc/mcmc/remlest_multi.cpp:1256:66: warning: invalid UTF-8 in comment [-Winvalid-utf8]
     bayesxsrc/mcmc/remlest_multi.cpp:1261:50: warning: invalid UTF-8 in comment [-Winvalid-utf8]
     bayesxsrc/mcmc/remlest_multi.cpp:1321:31: warning: invalid UTF-8 in comment [-Winvalid-utf8]
     bayesxsrc/mcmc/remlest_multi.cpp:1627:27: warning: invalid UTF-8 in comment [-Winvalid-utf8]
     bayesxsrc/mcmc/remlest_multi.cpp:1627:98: warning: invalid UTF-8 in comment [-Winvalid-utf8]
     :1925:18: warning: invalid UTF-8 in comment [-Winvalid-utf8]
     bayesxsrc/mcmc/remlest_multi.cpp:3227:24: warning: invalid UTF-8 in comment [-Winvalid-utf8]
     bayesxsrc/mcmc/remlest_multi.cpp:3246:26: warning: invalid UTF-8 in comment [-Winvalid-utf8]
     bayesxsrc/mcmc/remlest_multi.cpp:3258:23: warning: invalid UTF-8 in comment [-Winvalid-utf8]
     bayesxsrc/mcmc/remlest_multi.cpp:3270:25: warning: invalid UTF-8 in comment [-Winvalid-utf8]
     bayesxsrc/mcmc/remlest_multi2.cpp:185:16: warning: invalid UTF-8 in comment [-Winvalid-utf8]
     bayesxsrc/mcmc/remlest_multi2.cpp:186:14: warning: invalid UTF-8 in comment [-Winvalid-utf8]
     bayesxsrc/mcmc/remlest_multi.cpp:3457:13: warning: invalid UTF-8 in comment [-Winvalid-utf8]
     bayesxsrc/mcmc/remlest_multi.cpp:3457:19: warning: invalid UTF-8 in comment [-Winvalid-utf8]
     bayesxsrc/mcmc/remlest_multi.cpp:3470:35: warning: invalid UTF-8 in comment [-Winvalid-utf8]
     bayesxsrc/mcmc/remlest_multi.cpp:3470:55: warning: invalid UTF-8 in comment [-Winvalid-utf8]
     bayesxsrc/mcmc/remlest_multi2.cpp:208:25: warning: invalid UTF-8 in comment [-Winvalid-utf8]
     bayesxsrc/mcmc/remlest_multi.cpp:3473:51: warning: invalid UTF-8 in comment [-Winvalid-utf8]
     bayesxsrc/mcmc/remlest_multi.cpp:3483:35: warning: invalid UTF-8 in comment [-Winvalid-utf8]
     bayesxsrc/mcmc/remlest_multi.cpp:3491:48: warning: invalid UTF-8 in comment [-Winvalid-utf8]
     bayesxsrc/mcmc/remlest_multi.cpp:3491:54: warning: invalid UTF-8 in comment [-Winvalid-utf8]
     bayesxsrc/mcmc/remlest_multi.cpp:3525:33: warning: invalid UTF-8 in comment [-Winvalid-utf8]
     bayesxsrc/mcmc/remlest_multi2.cppbayesxsrc/mcmc/remlest_multi.cpp::2403548::2421: warning: invalid UTF-8 in comment [-Winvalid-utf8]
     bayesxsrc/mcmc/remlest_multi2.cpp:240:37: warning: invalid UTF-8 in comment [-Winvalid-utf8]
     bayesxsrc/mcmc/remlest_multi2.cpp:347:40: warning: invalid UTF-8 in comment [-Winvalid-utf8]
     bayesxsrc/mcmc/remlest_multi2.cpp:349:29: warning: invalid UTF-8 in comment [-Winvalid-utf8]
     : warning: invalid UTF-8 in comment [-Winvalid-utf8]
     bayesxsrc/mcmc/remlest_multi2.cpp:369:25: warning: invalid UTF-8 in comment [-Winvalid-utf8]
     bayesxsrc/mcmc/remlest_multi2.cpp:402:12: warning: invalid UTF-8 in comment [-Winvalid-utf8]
     bayesxsrc/mcmc/remlest_multi2.cpp:405:110: warning: invalid UTF-8 in comment [-Winvalid-utf8]
     bayesxsrc/mcmc/remlest_multi2.cpp:414:93: warning: invalid UTF-8 in comment [-Winvalid-utf8]
     bayesxsrc/mcmc/remlest_multi2.cpp:416:93: warning: invalid UTF-8 in comment [-Winvalid-utf8]
     bayesxsrc/mcmc/remlest_multi2.cpp:433:93: warning: invalid UTF-8 in comment [-Winvalid-utf8]
     bayesxsrc/mcmc/remlest_multi2.cpp:435:93: warning: invalid UTF-8 in comment [-Winvalid-utf8]
     bayesxsrc/mcmc/remlest_multi2.cpp:456:12: warning: invalid UTF-8 in comment [-Winvalid-utf8]
     bayesxsrc/mcmc/remlest_multi2.cpp:459:110: warning: invalid UTF-8 in comment [-Winvalid-utf8]
     bayesxsrc/mcmc/remlest_multi2.cpp:468:93: warning: invalid UTF-8 in comment [-Winvalid-utf8]
     bayesxsrc/mcmc/remlest_multi2.cpp:470:93: warning: invalid UTF-8 in comment [-Winvalid-utf8]
     bayesxsrc/mcmc/remlest_multi2.cpp:472:93: warning: invalid UTF-8 in comment [-Winvalid-utf8]
     bayesxsrc/mcmc/remlest_multi2.cpp:490:93: warning: invalid UTF-8 in comment [-Winvalid-utf8]
     bayesxsrc/mcmc/remlest_multi2.cpp:492:93: warning: invalid UTF-8 in comment [-Winvalid-utf8]
     bayesxsrc/mcmc/remlest_multi2.cpp:494:93: warning: invalid UTF-8 in comment [-Winvalid-utf8]
     bayesxsrc/mcmc/remlest_multi2.cpp:505:108: warning: invalid UTF-8 in comment [-Winvalid-utf8]
     bayesxsrc/mcmc/remlest_multi2.cpp:518:40: warning: invalid UTF-8 in comment [-Winvalid-utf8]
     bayesxsrc/mcmc/remlest_multi2.cpp:520:29: warning: invalid UTF-8 in comment [-Winvalid-utf8]
     bayesxsrc/mcmc/remlest_multi2.cpp:540:25: warning: invalid UTF-8 in comment [-Winvalid-utf8]
     bayesxsrc/mcmc/remlest_multi2.cpp:568:12: warning: invalid UTF-8 in comment [-Winvalid-utf8]
     bayesxsrc/mcmc/remlest_multi2.cpp:571:110: warning: invalid UTF-8 in comment [-Winvalid-utf8]
     bayesxsrc/mcmc/remlest_multi2.cpp:580:93: warning: invalid UTF-8 in comment [-Winvalid-utf8]
     bayesxsrc/mcmc/remlest_multi2.cpp:582:93: warning: invalid UTF-8 in comment [-Winvalid-utf8]
     bayesxsrc/mcmc/remlest_multi2.cpp:584:93: warning: invalid UTF-8 in comment [-Winvalid-utf8]
     bayesxsrc/mcmc/remlest_multi2.cpp:602:93: warning: invalid UTF-8 in comment [-Winvalid-utf8]
     bayesxsrc/mcmc/remlest_multi2.cpp:604:93: warning: invalid UTF-8 in comment [-Winvalid-utf8]
     bayesxsrc/mcmc/remlest_multi2.cpp:606:93: warning: invalid UTF-8 in comment [-Winvalid-utf8]
     bayesxsrc/mcmc/remlest_multi2.cpp:617:108: warning: invalid UTF-8 in comment [-Winvalid-utf8]
     bayesxsrc/mcmc/remlest_multi2.cpp:801:93: warning: invalid UTF-8 in comment [-Winvalid-utf8]
     bayesxsrc/mcmc/remlest_multi2.cpp:803:175: warning: invalid UTF-8 in comment [-Winvalid-utf8]
     bayesxsrc/mcmc/remlest_multi2.cpp:805:181: warning: invalid UTF-8 in comment [-Winvalid-utf8]
     bayesxsrc/mcmc/remlest_multi2.cpp:820:93: warning: invalid UTF-8 in comment [-Winvalid-utf8]
     bayesxsrc/mcmc/remlest_multi2.cpp:832:93: warning: invalid UTF-8 in comment [-Winvalid-utf8]
     bayesxsrc/mcmc/remlest_multi2.cpp:866:93: warning: invalid UTF-8 in comment [-Winvalid-utf8]
     bayesxsrc/mcmc/remlest_multi2.cpp:869:174: warning: invalid UTF-8 in comment [-Winvalid-utf8]
     bayesxsrc/mcmc/remlest_multi2.cpp:871:181: warning: invalid UTF-8 in comment [-Winvalid-utf8]
     bayesxsrc/mcmc/remlest_multi.cpp:3594:15: warning: invalid UTF-8 in comment [-Winvalid-utf8]
     bayesxsrc/mcmc/remlest_multi2.cpp:884:93: warning: invalid UTF-8 in comment [-Winvalid-utf8]
     bayesxsrc/mcmc/remlest_multi.cpp:3714:21: warning: invalid UTF-8 in comment [-Winvalid-utf8]
     bayesxsrc/mcmc/remlest_multi.cpp:3752:86: warning: invalid UTF-8 in comment [-Winvalid-utf8]
     bayesxsrc/mcmc/remlest_multi.cpp:3757:52: warning: invalid UTF-8 in comment [-Winvalid-utf8]
     bayesxsrc/mcmc/remlest_multi.cpp:3812:31: warning: invalid UTF-8 in comment [-Winvalid-utf8]
     bayesxsrc/mcmc/remlest_multi2.cpp:1971:100: warning: invalid UTF-8 in comment [-Winvalid-utf8]
     bayesxsrc/mcmc/remlest_multi2.cpp:1988:12: warning: invalid UTF-8 in comment [-Winvalid-utf8]
     bayesxsrc/mcmc/remlest_multi2.cpp:1991:110: warning: invalid UTF-8 in comment [-Winvalid-utf8]
     bayesxsrc/mcmc/remlest_multi2.cpp:2001:93: warning: invalid UTF-8 in comment [-Winvalid-utf8]
     bayesxsrc/mcmc/remlest_multi2.cpp:2003:93: warning: invalid UTF-8 in comment [-Winvalid-utf8]
     bayesxsrc/mcmc/remlest_multi2.cpp:2020:93: warning: invalid UTF-8 in comment [-Winvalid-utf8]
     bayesxsrc/mcmc/remlest_multi2.cpp:2022:93: warning: invalid UTF-8 in comment [-Winvalid-utf8]
     bayesxsrc/mcmc/remlest_multi2.cpp:2118:93: warning: invalid UTF-8 in comment [-Winvalid-utf8]
     bayesxsrc/mcmc/remlest_multi2.cpp:2120:175: warning: invalid UTF-8 in comment [-Winvalid-utf8]
     bayesxsrc/mcmc/remlest_multi2.cpp:2122:181: warning: invalid UTF-8 in comment [-Winvalid-utf8]
     bayesxsrc/mcmc/remlest_multi2.cpp:2137:93: warning: invalid UTF-8 in comment [-Winvalid-utf8]
     bayesxsrc/mcmc/remlest_multi2.cpp:2716:13: warning: invalid UTF-8 in comment [-Winvalid-utf8]
     bayesxsrc/mcmc/remlest_multi2.cpp:2716:19: warning: invalid UTF-8 in comment [-Winvalid-utf8]
     bayesxsrc/mcmc/remlest_multi2.cpp:2729:35: warning: invalid UTF-8 in comment [-Winvalid-utf8]
     bayesxsrc/mcmc/remlest_multi2.cpp:2729:55: warning: invalid UTF-8 in comment [-Winvalid-utf8]
     bayesxsrc/mcmc/remlest_multi2.cpp:2732:51: warning: invalid UTF-8 in comment [-Winvalid-utf8]
     bayesxsrc/mcmc/remlest_multi2.cpp:2744:35: warning: invalid UTF-8 in comment [-Winvalid-utf8]
     bayesxsrc/mcmc/remlest_multi2.cpp:2752:48: warning: invalid UTF-8 in comment [-Winvalid-utf8]
     bayesxsrc/mcmc/remlest_multi2.cpp:2752:54: warning: invalid UTF-8 in comment [-Winvalid-utf8]
     bayesxsrc/mcmc/remlest_multi2.cpp:2786:33: warning: invalid UTF-8 in comment [-Winvalid-utf8]
     bayesxsrc/mcmc/remlest_multi2.cpp:2823:21: warning: invalid UTF-8 in comment [-Winvalid-utf8]
     bayesxsrc/mcmc/remlest_multi2.cpp:2873:15: warning: invalid UTF-8 in comment [-Winvalid-utf8]
     bayesxsrc/mcmc/remlest_multi2.cpp:3032:21: warning: invalid UTF-8 in comment [-Winvalid-utf8]
     bayesxsrc/mcmc/remlest_multi2.cpp:3057:60: warning: invalid UTF-8 in comment [-Winvalid-utf8]
     bayesxsrc/mcmc/remlest_multi2.cpp:3065:50: warning: invalid UTF-8 in comment [-Winvalid-utf8]
     bayesxsrc/mcmc/remlest_multi2.cpp:3115:31: warning: invalid UTF-8 in comment [-Winvalid-utf8]
     bayesxsrc/mcmc/remlest_multi3.cpp:187:30: warning: invalid UTF-8 in comment [-Winvalid-utf8]
     bayesxsrc/mcmc/remlest_multi3.cpp:190:30: warning: invalid UTF-8 in comment [-Winvalid-utf8]
     bayesxsrc/mcmc/remlest_multi3.cpp:197:26: warning: invalid UTF-8 in comment [-Winvalid-utf8]
     bayesxsrc/mcmc/remlest_multi3.cpp:214:13: warning: invalid UTF-8 in comment [-Winvalid-utf8]
     bayesxsrc/mcmc/remlest_multi3.cpp:217:111: warning: invalid UTF-8 in comment [-Winvalid-utf8]
     bayesxsrc/mcmc/remlest_multi3.cpp:223:94: warning: invalid UTF-8 in comment [-Winvalid-utf8]
     bayesxsrc/mcmc/remlest_multi3.cpp:225:94: warning: invalid UTF-8 in comment [-Winvalid-utf8]
     bayesxsrc/mcmc/remlest_multi3.cpp:240:94: warning: invalid UTF-8 in comment [-Winvalid-utf8]
     bayesxsrc/mcmc/remlest_multi3.cpp:242:94: warning: invalid UTF-8 in comment [-Winvalid-utf8]
     bayesxsrc/mcmc/remlest_multi3.cpp:261:13: warning: invalid UTF-8 in comment [-Winvalid-utf8]
     bayesxsrc/mcmc/remlest_multi3.cpp:264:111: warning: invalid UTF-8 in comment [-Winvalid-utf8]
     bayesxsrc/mcmc/remlest_multi3.cpp:271:94: warning: invalid UTF-8 in comment [-Winvalid-utf8]
     bayesxsrc/mcmc/remlest_multi3.cpp:273:94: warning: invalid UTF-8 in comment [-Winvalid-utf8]
     bayesxsrc/mcmc/remlest_multi3.cpp:275:103: warning: invalid UTF-8 in comment [-Winvalid-utf8]
     bayesxsrc/mcmc/remlest_multi3.cpp:292:94: warning: invalid UTF-8 in comment [-Winvalid-utf8]
     bayesxsrc/mcmc/remlest_multi3.cpp:294:94: warning: invalid UTF-8 in comment [-Winvalid-utf8]
     bayesxsrc/mcmc/remlest_multi3.cpp:296:94: warning: invalid UTF-8 in comment [-Winvalid-utf8]
     bayesxsrc/mcmc/remlest_multi3.cpp:307:109: warning: invalid UTF-8 in comment [-Winvalid-utf8]
     bayesxsrc/mcmc/remlest_multi3.cpp:311:41: warning: invalid UTF-8 in comment [-Winvalid-utf8]
     bayesxsrc/mcmc/remlest_multi3.cpp:313:30: warning: invalid UTF-8 in comment [-Winvalid-utf8]
     bayesxsrc/mcmc/remlest_multi3.cpp:320:26: warning: invalid UTF-8 in comment [-Winvalid-utf8]
     bayesxsrc/mcmc/remlest_multi3.cpp:334:13: warning: invalid UTF-8 in comment [-Winvalid-utf8]
     bayesxsrc/mcmc/remlest_multi3.cpp:337:111: warning: invalid UTF-8 in comment [-Winvalid-utf8]
     bayesxsrc/mcmc/remlest_multi3.cpp:343:94: warning: invalid UTF-8 in comment [-Winvalid-utf8]
     bayesxsrc/mcmc/remlest_multi3.cpp:345:94: warning: invalid UTF-8 in comment [-Winvalid-utf8]
     bayesxsrc/mcmc/remlest_multi3.cpp:347:104: warning: invalid UTF-8 in comment [-Winvalid-utf8]
     bayesxsrc/mcmc/remlest_multi3.cpp:363:94: warning: invalid UTF-8 in comment [-Winvalid-utf8]
     bayesxsrc/mcmc/remlest_multi3.cpp:365:94: warning: invalid UTF-8 in comment [-Winvalid-utf8]
     bayesxsrc/mcmc/remlest_multi3.cpp:367:94: warning: invalid UTF-8 in comment [-Winvalid-utf8]
     bayesxsrc/mcmc/remlest_multi3.cpp:377:109: warning: invalid UTF-8 in comment [-Winvalid-utf8]
     bayesxsrc/mcmc/remlest_multi3.cpp:410:29: warning: invalid UTF-8 in comment [-Winvalid-utf8]
     bayesxsrc/mcmc/remlest_multi3.cpp:519:93: warning: invalid UTF-8 in comment [-Winvalid-utf8]
     bayesxsrc/mcmc/remlest_multi3.cpp:521:175: warning: invalid UTF-8 in comment [-Winvalid-utf8]
     bayesxsrc/mcmc/remlest_multi3.cpp:523:181: warning: invalid UTF-8 in comment [-Winvalid-utf8]
     bayesxsrc/mcmc/remlest_multi3.cpp:531:93: warning: invalid UTF-8 in comment [-Winvalid-utf8]
     bayesxsrc/mcmc/remlest_multi3.cpp:538:93: warning: invalid UTF-8 in comment [-Winvalid-utf8]
     bayesxsrc/mcmc/remlest_multi3.cpp:553:93: warning: invalid UTF-8 in comment [-Winvalid-utf8]
     bayesxsrc/mcmc/remlest_multi3.cpp:556:174: warning: invalid UTF-8 in comment [-Winvalid-utf8]
     bayesxsrc/mcmc/remlest_multi3.cpp:558:181: warning: invalid UTF-8 in comment [-Winvalid-utf8]
     bayesxsrc/mcmc/remlest_multi3.cpp:565:93: warning: invalid UTF-8 in comment [-Winvalid-utf8]
     bayesxsrc/mcmc/remlest_multi3.cpp:957:30: warning: invalid UTF-8 in comment [-Winvalid-utf8]
     bayesxsrc/mcmc/remlest_multi3.cpp:1010:12: warning: invalid UTF-8 in comment [-Winvalid-utf8]
     bayesxsrc/mcmc/remlest_multi3.cpp:1013:110: warning: invalid UTF-8 in comment [-Winvalid-utf8]
     bayesxsrc/mcmc/remlest_multi3.cpp:1021:93: warning: invalid UTF-8 in comment [-Winvalid-utf8]
     bayesxsrc/mcmc/remlest_multi3.cpp:1023:93: warning: invalid UTF-8 in comment [-Winvalid-utf8]
     bayesxsrc/mcmc/remlest_multi3.cpp:1039:93: warning: invalid UTF-8 in comment [-Winvalid-utf8]
     bayesxsrc/mcmc/remlest_multi3.cpp:1041:93: warning: invalid UTF-8 in comment [-Winvalid-utf8]
     bayesxsrc/mcmc/remlest_multi3.cpp:1059:119: warning: invalid UTF-8 in comment [-Winvalid-utf8]
     bayesxsrc/mcmc/remlest_multi3.cpp:1102:30: warning: invalid UTF-8 in comment [-Winvalid-utf8]
     bayesxsrc/mcmc/remlest_multi3.cpp:1175:93: warning: invalid UTF-8 in comment [-Winvalid-utf8]
     bayesxsrc/mcmc/remlest_multi3.cpp:1177:175: warning: invalid UTF-8 in comment [-Winvalid-utf8]
     bayesxsrc/mcmc/remlest_multi3.cpp:1179:181: warning: invalid UTF-8 in comment [-Winvalid-utf8]
     bayesxsrc/mcmc/remlest_multi3.cpp:1194:93: warning: invalid UTF-8 in comment [-Winvalid-utf8]
     bayesxsrc/mcmc/remlest_multi3.cpp:1678:13: warning: invalid UTF-8 in comment [-Winvalid-utf8]
     bayesxsrc/mcmc/remlest_multi3.cpp:1678:19: warning: invalid UTF-8 in comment [-Winvalid-utf8]
     bayesxsrc/mcmc/remlest_multi3.cpp:1691:35: warning: invalid UTF-8 in comment [-Winvalid-utf8]
     bayesxsrc/mcmc/remlest_multi3.cpp:1691:55: warning: invalid UTF-8 in comment [-Winvalid-utf8]
     bayesxsrc/mcmc/remlest_multi3.cpp:1694:51: warning: invalid UTF-8 in comment [-Winvalid-utf8]
     bayesxsrc/mcmc/remlest_multi3.cpp:1706:35: warning: invalid UTF-8 in comment [-Winvalid-utf8]
     bayesxsrc/mcmc/remlest_multi3.cpp:1714:48: warning: invalid UTF-8 in comment [-Winvalid-utf8]
     bayesxsrc/mcmc/remlest_multi3.cpp:1714:54: warning: invalid UTF-8 in comment [-Winvalid-utf8]
     bayesxsrc/mcmc/remlest_multi3.cpp:1748:33: warning: invalid UTF-8 in comment [-Winvalid-utf8]
     bayesxsrc/mcmc/remlest_multi3.cpp:1785:21: warning: invalid UTF-8 in comment [-Winvalid-utf8]
     bayesxsrc/mcmc/remlest_multi3.cpp:1835:15: warning: invalid UTF-8 in comment [-Winvalid-utf8]
     bayesxsrc/mcmc/remlest_multi3.cpp:1982:21: warning: invalid UTF-8 in comment [-Winvalid-utf8]
     bayesxsrc/mcmc/remlest_multi3.cpp:2007:64: warning: invalid UTF-8 in comment [-Winvalid-utf8]
     bayesxsrc/mcmc/remlest_multi3.cpp:2015:50: warning: invalid UTF-8 in comment [-Winvalid-utf8]
     bayesxsrc/mcmc/remlest_multi3.cpp:2064:31: warning: invalid UTF-8 in comment [-Winvalid-utf8]
     bayesxsrc/mcmc/variance_nonp.cpp:434:90: warning: invalid UTF-8 in comment [-Winvalid-utf8]
     bayesxsrc/mcmc/variance_nonp.cpp:440:90: warning: invalid UTF-8 in comment [-Winvalid-utf8]
     bayesxsrc/mcmc/variance_nonp.cpp:542:84: warning: invalid UTF-8 in comment [-Winvalid-utf8]
     bayesxsrc/psplines/bsplinemat.cpp:320:5: warning: invalid UTF-8 in comment [-Winvalid-utf8]
     bayesxsrc/psplines/IWLS_pspline.cpp:41:77: warning: invalid UTF-8 in comment [-Winvalid-utf8]
     bayesxsrc/psplines/IWLS_pspline.cpp:75:82: warning: invalid UTF-8 in comment [-Winvalid-utf8]
     bayesxsrc/psplines/IWLS_pspline.cpp:75:87: warning: invalid UTF-8 in comment [-Winvalid-utf8]
     bayesxsrc/psplines/IWLS_pspline.cpp:149:22: warning: invalid UTF-8 in comment [-Winvalid-utf8]
     bayesxsrc/psplines/IWLS_pspline.cpp:213:22: warning: invalid UTF-8 in comment [-Winvalid-utf8]
     bayesxsrc/psplines/IWLS_pspline.cpp:488:82: warning: invalid UTF-8 in comment [-Winvalid-utf8]
     bayesxsrc/psplines/IWLS_pspline.cpp:488:89: warning: invalid UTF-8 in comment [-Winvalid-utf8]
     bayesxsrc/psplines/IWLS_pspline.cpp:517:66: warning: invalid UTF-8 in comment [-Winvalid-utf8]
     bayesxsrc/psplines/IWLS_pspline.cpp:558:15: warning: invalid UTF-8 in comment [-Winvalid-utf8]
     bayesxsrc/psplines/IWLS_pspline.cpp:611:80: warning: invalid UTF-8 in comment [-Winvalid-utf8]
     bayesxsrc/psplines/IWLS_pspline.cpp:660:66: warning: invalid UTF-8 in comment [-Winvalid-utf8]
     bayesxsrc/psplines/IWLS_pspline.cpp:776:73: warning: invalid UTF-8 in comment [-Winvalid-utf8]
     bayesxsrc/psplines/fullcond_pspline_gaussian.cpp:90:13: warning: invalid UTF-8 in comment [-Winvalid-utf8]
     bayesxsrc/psplines/fullcond_pspline_gaussian.cpp:145:11: warning: invalid UTF-8 in comment [-Winvalid-utf8]
     bayesxsrc/psplines/fullcond_pspline_gaussian.cpp:258:11: warning: invalid UTF-8 in comment [-Winvalid-utf8]
     bayesxsrc/psplines/fullcond_pspline_gaussian.cpp:341:59: warning: invalid UTF-8 in comment [-Winvalid-utf8]
     bayesxsrc/psplines/fullcond_pspline_gaussian.cpp:352:64: warning: invalid UTF-8 in comment [-Winvalid-utf8]
     bayesxsrc/psplines/fullcond_pspline_gaussian.cpp:420:59: warning: invalid UTF-8 in comment [-Winvalid-utf8]
     bayesxsrc/psplines/fullcond_pspline_gaussian.cpp:425:39: warning: invalid UTF-8 in comment [-Winvalid-utf8]
     bayesxsrc/psplines/fullcond_pspline_gaussian.cpp:504:59: warning: invalid UTF-8 in comment [-Winvalid-utf8]
     bayesxsrc/psplines/fullcond_pspline_gaussian.cpp:510:64: warning: invalid UTF-8 in comment [-Winvalid-utf8]
     bayesxsrc/psplines/fullcond_pspline_gaussian.cpp:563:22: warning: invalid UTF-8 in comment [-Winvalid-utf8]
     bayesxsrc/psplines/fullcond_pspline_gaussian.cpp:604:61: warning: invalid UTF-8 in comment [-Winvalid-utf8]
     bayesxsrc/psplines/fullcond_pspline_gaussian.cpp:615:61: warning: invalid UTF-8 in comment [-Winvalid-utf8]
     bayesxsrc/psplines/fullcond_pspline_gaussian.cpp:1106:45: warning: invalid UTF-8 in comment [-Winvalid-utf8]
     bayesxsrc/psplines/fullcond_pspline_gaussian.cpp:1129:12: warning: invalid UTF-8 in comment [-Winvalid-utf8]
     :In file included from bayesxsrc/bib/tarray2d.hwarning: :invalid UTF-8 in comment [-Winvalid-utf8]318
     bayesxsrc/psplines/fullcond_pspline_surf_gaussian.cpp:356:39: warning: invalid UTF-8 in comment [-Winvalid-utf8]
     bayesxsrc/psplines/fullcond_pspline_surf_gaussian.cpp:1451:5: warning: invalid UTF-8 in comment [-Winvalid-utf8]
     bayesxsrc/psplines/fullcond_pspline_surf_gaussian.cpp:1460:5: warning: invalid UTF-8 in comment [-Winvalid-utf8]
     bayesxsrc/psplines/fullcond_pspline_surf_gaussian.cpp:1465:75: warning: invalid UTF-8 in comment [-Winvalid-utf8]
     bayesxsrc/psplines/fullcond_pspline_surf_gaussian.cpp:1597:72: warning: invalid UTF-8 in comment [-Winvalid-utf8]
     bayesxsrc/psplines/fullcond_pspline_surf_gaussian.cpp:1626:62: warning: invalid UTF-8 in comment [-Winvalid-utf8]
     bayesxsrc/psplines/fullcond_pspline_surf_gaussian.cpp:1671:64: warning: invalid UTF-8 in comment [-Winvalid-utf8]
     bayesxsrc/psplines/fullcond_pspline_surf_gaussian.cpp:2069:54: warning: invalid UTF-8 in comment [-Winvalid-utf8]
     bayesxsrc/psplines/fullcond_pspline_surf_gaussian.cpp:2710:10: warning: invalid UTF-8 in comment [-Winvalid-utf8]
     bayesxsrc/psplines/fullcond_pspline_stepwise.cpp:432:107: warning: invalid UTF-8 in comment [-Winvalid-utf8]
     bayesxsrc/psplines/fullcond_pspline_stepwise.cpp:610:63: warning: invalid UTF-8 in comment [-Winvalid-utf8]
     bayesxsrc/psplines/fullcond_pspline_stepwise.cpp:610:69: warning: invalid UTF-8 in comment [-Winvalid-utf8]
     bayesxsrc/psplines/fullcond_pspline_stepwise.cpp:689:12: warning: invalid UTF-8 in comment [-Winvalid-utf8]
     bayesxsrc/psplines/fullcond_pspline_stepwise.cpp:697:11: warning: invalid UTF-8 in comment [-Winvalid-utf8]
     bayesxsrc/psplines/fullcond_pspline_stepwise.cpp:701:11: warning: invalid UTF-8 in comment [-Winvalid-utf8]
     bayesxsrc/psplines/fullcond_pspline_stepwise.cpp:718:17: warning: invalid UTF-8 in comment [-Winvalid-utf8]
     bayesxsrc/psplines/fullcond_pspline_stepwise.cpp:733:15: warning: invalid UTF-8 in comment [-Winvalid-utf8]
     bayesxsrc/psplines/fullcond_pspline_stepwise.cpp:747:9: warning: invalid UTF-8 in comment [-Winvalid-utf8]
     bayesxsrc/psplines/fullcond_pspline_stepwise.cpp:755:15: warning: invalid UTF-8 in comment [-Winvalid-utf8]
     bayesxsrc/psplines/fullcond_pspline_stepwise.cpp:771:15: warning: invalid UTF-8 in comment [-Winvalid-utf8]
     bayesxsrc/psplines/fullcond_pspline_stepwise.cpp:807:49: warning: invalid UTF-8 in comment [-Winvalid-utf8]
     bayesxsrc/psplines/fullcond_pspline_stepwise.cpp:834:32: warning: invalid UTF-8 in comment [-Winvalid-utf8]
     bayesxsrc/psplines/fullcond_pspline_stepwise.cpp:835:60: warning: invalid UTF-8 in comment [-Winvalid-utf8]
     bayesxsrc/psplines/fullcond_pspline_stepwise.cpp:851:19: warning: invalid UTF-8 in comment [-Winvalid-utf8]
     bayesxsrc/psplines/fullcond_pspline_stepwise.cpp:936:14: warning: invalid UTF-8 in comment [-Winvalid-utf8]
     bayesxsrc/psplines/fullcond_pspline_stepwise.cpp:936:91: warning: invalid UTF-8 in comment [-Winvalid-utf8]
     bayesxsrc/psplines/fullcond_pspline_stepwise.cpp:1194:17: warning: invalid UTF-8 in comment [-Winvalid-utf8]
     bayesxsrc/psplines/fullcond_pspline_stepwise.cpp:1623:5: warning: invalid UTF-8 in comment [-Winvalid-utf8]
     bayesxsrc/psplines/fullcond_pspline_stepwise.cpp:1706:28: warning: invalid UTF-8 in comment [-Winvalid-utf8]
     bayesxsrc/psplines/fullcond_pspline_stepwise.cpp:1859:15: warning: invalid UTF-8 in comment [-Winvalid-utf8]
     bayesxsrc/psplines/fullcond_pspline_stepwise.cpp:1863:14: warning: invalid UTF-8 in comment [-Winvalid-utf8]
     bayesxsrc/psplines/fullcond_pspline_stepwise.cpp:1874:11: warning: invalid UTF-8 in comment [-Winvalid-utf8]
     bayesxsrc/psplines/fullcond_pspline_stepwise.cpp:1918:57: warning: invalid UTF-8 in comment [-Winvalid-utf8]
     bayesxsrc/psplines/fullcond_pspline_stepwise.cpp:1937:62: warning: invalid UTF-8 in comment [-Winvalid-utf8]
     bayesxsrc/psplines/fullcond_pspline_stepwise.cpp:2036:82: warning: invalid UTF-8 in comment [-Winvalid-utf8]
     bayesxsrc/psplines/fullcond_pspline_stepwise.cpp:2036:89: warning: invalid UTF-8 in comment [-Winvalid-utf8]
     bayesxsrc/psplines/fullcond_pspline_surf_stepwise.cpp:59:36: warning: invalid UTF-8 in comment [-Winvalid-utf8]
     bayesxsrc/psplines/fullcond_pspline_surf_stepwise.cpp:100:36: warning: invalid UTF-8 in comment [-Winvalid-utf8]
     bayesxsrc/psplines/fullcond_pspline_surf_stepwise.cpp:469:92: warning: invalid UTF-8 in comment [-Winvalid-utf8]
     bayesxsrc/psplines/fullcond_pspline_surf_stepwise.cpp:508:114: warning: invalid UTF-8 in comment [-Winvalid-utf8]
     bayesxsrc/psplines/fullcond_pspline_surf_stepwise.cpp:522:131: warning: invalid UTF-8 in comment [-Winvalid-utf8]
     bayesxsrc/psplines/fullcond_pspline_surf_stepwise.cpp:523:69: warning: invalid UTF-8 in comment [-Winvalid-utf8]
     bayesxsrc/psplines/fullcond_pspline_surf_stepwise.cpp:523:83: warning: invalid UTF-8 in comment [-Winvalid-utf8]
     bayesxsrc/psplines/fullcond_pspline_surf_stepwise.cpp:750:54: warning: invalid UTF-8 in comment [-Winvalid-utf8]
     bayesxsrc/psplines/fullcond_pspline_surf_stepwise.cpp:819:32: warning: invalid UTF-8 in comment [-Winvalid-utf8]
     bayesxsrc/psplines/fullcond_pspline_surf_stepwise.cpp:1007:17: warning: invalid UTF-8 in comment [-Winvalid-utf8]
     bayesxsrc/psplines/fullcond_pspline_surf_stepwise.cpp:1078:128: warning: invalid UTF-8 in comment [-Winvalid-utf8]
     bayesxsrc/psplines/fullcond_pspline_surf_stepwise.cpp:1082:29: warning: invalid UTF-8 in comment [-Winvalid-utf8]
     bayesxsrc/psplines/fullcond_pspline_surf_stepwise.cpp:1483:5: warning: invalid UTF-8 in comment [-Winvalid-utf8]
     bayesxsrc/psplines/fullcond_pspline_surf_stepwise.cpp:1640:26: warning: invalid UTF-8 in comment [-Winvalid-utf8]
     bayesxsrc/psplines/fullcond_pspline_surf_stepwise.cpp:1640:32: warning: invalid UTF-8 in comment [-Winvalid-utf8]
     bayesxsrc/psplines/fullcond_pspline_surf_stepwise.cpp:1677:71: warning: invalid UTF-8 in comment [-Winvalid-utf8]
     bayesxsrc/psplines/fullcond_pspline_surf_stepwise.cpp:1897:60: warning: invalid UTF-8 in comment [-Winvalid-utf8]
     bayesxsrc/psplines/fullcond_pspline_surf_stepwise.cpp:2123:16: warning: invalid UTF-8 in comment [-Winvalid-utf8]
     bayesxsrc/psplines/fullcond_pspline_surf_stepwise.cpp:2123:68: warning: invalid UTF-8 in comment [-Winvalid-utf8]
     bayesxsrc/psplines/fullcond_pspline_surf_stepwise.cpp:2170:16: warning: invalid UTF-8 in comment [-Winvalid-utf8]
     bayesxsrc/psplines/fullcond_pspline_surf_stepwise.cpp:2170:68: warning: invalid UTF-8 in comment [-Winvalid-utf8]
     bayesxsrc/psplines/fullcond_pspline_surf_stepwise.cpp:2234:60: warning: invalid UTF-8 in comment [-Winvalid-utf8]
     bayesxsrc/psplines/fullcond_pspline_surf_stepwise.cpp:2239:16: warning: invalid UTF-8 in comment [-Winvalid-utf8]
     bayesxsrc/psplines/fullcond_pspline_surf_stepwise.cpp:2239:68: warning: invalid UTF-8 in comment [-Winvalid-utf8]
     bayesxsrc/psplines/fullcond_pspline_surf_stepwise.cpp:2512:13: warning: invalid UTF-8 in comment [-Winvalid-utf8]
     bayesxsrc/psplines/fullcond_pspline_surf_stepwise.cpp:2567:17: warning: invalid UTF-8 in comment [-Winvalid-utf8]
     bayesxsrc/psplines/spline_basis.cpp:326:19: warning: invalid UTF-8 in comment [-Winvalid-utf8]
     bayesxsrc/psplines/spline_basis.cpp:452:19: warning: invalid UTF-8 in comment [-Winvalid-utf8]
     bayesxsrc/psplines/spline_basis.cpp:1018:6: warning: invalid UTF-8 in comment [-Winvalid-utf8]
     bayesxsrc/psplines/spline_basis.cpp:1321:26: warning: invalid UTF-8 in comment [-Winvalid-utf8]
     bayesxsrc/psplines/spline_basis.cpp:1717:10: warning: invalid UTF-8 in comment [-Winvalid-utf8]
     bayesxsrc/psplines/spline_basis.cpp:1756:10: warning: invalid UTF-8 in comment [-Winvalid-utf8]
     bayesxsrc/psplines/spline_basis.cpp:2911:11: warning: invalid UTF-8 in comment [-Winvalid-utf8]
     bayesxsrc/psplines/spline_basis.cpp:2915:14: warning: invalid UTF-8 in comment [-Winvalid-utf8]
     bayesxsrc/psplines/spline_basis.cpp:2918:11: warning: invalid UTF-8 in comment [-Winvalid-utf8]
     bayesxsrc/psplines/spline_basis.cpp:2952:17: warning: invalid UTF-8 in comment [-Winvalid-utf8]
     bayesxsrc/psplines/spline_basis.cpp:2963:11: warning: invalid UTF-8 in comment [-Winvalid-utf8]
     bayesxsrc/psplines/spline_basis.cpp:2987:11: warning: invalid UTF-8 in comment [-Winvalid-utf8]
     bayesxsrc/psplines/spline_basis.cpp:2991:14: warning: invalid UTF-8 in comment [-Winvalid-utf8]
     bayesxsrc/psplines/spline_basis.cpp:2994:11: warning: invalid UTF-8 in comment [-Winvalid-utf8]
     bayesxsrc/psplines/spline_basis.cpp:3023:17: warning: invalid UTF-8 in comment [-Winvalid-utf8]
     bayesxsrc/psplines/spline_basis.cpp:3034:11: warning: invalid UTF-8 in comment [-Winvalid-utf8]
     bayesxsrc/structadd/FC.cpp:778:58: warning: invalid UTF-8 in comment [-Winvalid-utf8]
     bayesxsrc/structadd/FC.cpp:858:98: warning: invalid UTF-8 in comment [-Winvalid-utf8]
     :In file included from bayesxsrc/structadd/FC.hwarning: :invalid UTF-8 in comment [-Winvalid-utf8]27
     :bayesxsrc/bib/tlinklst.h54::369 :warning: 53invalid UTF-8 in comment [-Winvalid-utf8]:
     warning: invalid UTF-8 in comment [-Winvalid-utf8]
     bayesxsrc/structadd/FC_variance_pen_vector.cpp:137:22: warning: invalid UTF-8 in comment [-Winvalid-utf8]
     bayesxsrc/structadd/FC_variance_pen_vector.cpp:139:52: warning: invalid UTF-8 in comment [-Winvalid-utf8]
     bayesxsrc/structadd/FC_variance_pen_vector.cpp:140:5: warning: invalid UTF-8 in comment [-Winvalid-utf8]
     bayesxsrc/structadd/FC_variance_pen_vector.cpp:140:49: warning: invalid UTF-8 in comment [-Winvalid-utf8]
     bayesxsrc/structadd/FC_variance_pen_vector.cpp:141:16: warning: invalid UTF-8 in comment [-Winvalid-utf8]
     bayesxsrc/structadd/FC_variance_pen_vector.cpp:141:44: warning: invalid UTF-8 in comment [-Winvalid-utf8]
     bayesxsrc/structadd/FC_variance_pen_vector.cpp:174:38: warning: invalid UTF-8 in comment [-Winvalid-utf8]
     bayesxsrc/structadd/FC_variance_pen_vector.cpp:174:57: warning: invalid UTF-8 in comment [-Winvalid-utf8]
     bayesxsrc/structadd/distr_categorical_mult.cpp:1013:17: warning: invalid UTF-8 in comment [-Winvalid-utf8]
     bayesxsrc/structadd/distr_categorical_mult.cpp:1014:24: warning: invalid UTF-8 in comment [-Winvalid-utf8]
     In file included from bayesxsrc/structadd/design_pspline.cpp:426:10: warning: invalid UTF-8 in comment [-Winvalid-utf8]
     bayesxsrc/structadd/design_pspline.cpp:532:10: warning: invalid UTF-8 in comment [-Winvalid-utf8]
     bayesxsrc/structadd/design_pspline.cpp:564:5: warning: invalid UTF-8 in comment [-Winvalid-utf8]
     bayesxsrc/bib/statmat.cpp:1205:bayesxsrc/bib/statmat.cpp68::1260 :warning: 61invalid UTF-8 in comment [-Winvalid-utf8]:
     bayesxsrc/bib/statmat.cpp:1206:bayesxsrc/bib/statmat.cpp64::1261 :warning: 68invalid UTF-8 in comment [-Winvalid-utf8]:
     bayesxsrc/bib/statmat.cpp:1207:63bayesxsrc/bib/statmat.cpp:: 1262warning: :invalid UTF-8 in comment [-Winvalid-utf8]64
     bayesxsrc/structadd/design_kriging.cpp:104:22: warning: invalid UTF-8 in comment [-Winvalid-utf8]
     bayesxsrc/structadd/design_kriging.cpp:104:57: warning: invalid UTF-8 in comment [-Winvalid-utf8]
     bayesxsrc/structadd/design_kriging.cpp:419:94: warning: invalid UTF-8 in comment [-Winvalid-utf8]
     bayesxsrc/structadd/design_kriging.cpp:421:49: warning: invalid UTF-8 in comment [-Winvalid-utf8]
     bayesxsrc/structadd/design_kriging.cpp:421:80: warning: invalid UTF-8 in comment [-Winvalid-utf8]
     bayesxsrc/structadd/design_kriging.cpp:422:58: warning: invalid UTF-8 in comment [-Winvalid-utf8]
     bayesxsrc/structadd/design_kriging.cpp:422:89: warning: invalid UTF-8 in comment [-Winvalid-utf8]
     bayesxsrc/structadd/design_kriging.cpp:423:75: warning: invalid UTF-8 in comment [-Winvalid-utf8]
     bayesxsrc/structadd/design_kriging.cpp:424:81: warning: invalid UTF-8 in comment [-Winvalid-utf8]
     bayesxsrc/structadd/design_kriging.cpp:426:38: warning: invalid UTF-8 in comment [-Winvalid-utf8]
     bayesxsrc/structadd/design_kriging.cpp:511:19: warning: invalid UTF-8 in comment [-Winvalid-utf8]
     bayesxsrc/structadd/design_kriging.cpp:514:21: warning: invalid UTF-8 in comment [-Winvalid-utf8]
Flavor: r-devel-linux-x86_64-fedora-clang

Version: 3.0-2
Check: installed package size
Result: NOTE
     installed size is 12.1Mb
     sub-directories of 1Mb or more:
     libs 12.0Mb
Flavors: r-devel-linux-x86_64-fedora-clang, r-devel-windows-x86_64, r-release-macos-arm64, r-release-macos-x86_64, r-release-windows-x86_64, r-oldrel-macos-arm64, r-oldrel-macos-x86_64, r-oldrel-windows-ix86+x86_64