CRAN Package Check Results for Package BayesSUR

Last updated on 2024-02-25 21:49:27 CET.

Flavor Version Tinstall Tcheck Ttotal Status Flags
r-devel-linux-x86_64-debian-clang 2.1-6 235.46 105.07 340.53 OK
r-devel-linux-x86_64-debian-gcc 2.1-6 178.17 79.37 257.54 OK
r-devel-linux-x86_64-fedora-clang 2.1-6 450.26 NOTE
r-devel-linux-x86_64-fedora-gcc 2.1-6 496.33 OK
r-devel-windows-x86_64 2.1-6 161.00 127.00 288.00 NOTE
r-patched-linux-x86_64 2.1-6 226.72 102.09 328.81 OK
r-release-linux-x86_64 2.1-6 226.33 102.99 329.32 OK
r-release-macos-arm64 2.1-6 107.00 NOTE
r-release-macos-x86_64 2.1-6 158.00 NOTE
r-release-windows-x86_64 2.1-6 204.00 148.00 352.00 NOTE
r-oldrel-macos-arm64 2.1-6 105.00 NOTE
r-oldrel-windows-x86_64 2.1-6 202.00 143.00 345.00 NOTE

Check Details

Version: 2.1-6
Check: installed package size
Result: NOTE installed size is 5.4Mb sub-directories of 1Mb or more: data 1.5Mb doc 1.4Mb libs 1.6Mb Flavors: r-devel-linux-x86_64-fedora-clang, r-devel-windows-x86_64, r-release-macos-arm64, r-release-macos-x86_64, r-release-windows-x86_64, r-oldrel-macos-arm64, r-oldrel-windows-x86_64