CRAN Package Check Results for Package BayesPostEst

Last updated on 2021-09-24 01:49:58 CEST.

Flavor Version Tinstall Tcheck Ttotal Status Flags
r-devel-linux-x86_64-debian-clang 0.3.1 8.76 212.31 221.07 OK
r-devel-linux-x86_64-debian-gcc 0.3.1 7.14 156.72 163.86 OK
r-devel-linux-x86_64-fedora-clang 0.3.1 269.12 NOTE
r-devel-linux-x86_64-fedora-gcc 0.3.1 254.33 NOTE
r-devel-windows-x86_64 0.3.1 10.00 212.00 222.00 OK
r-devel-windows-x86_64-gcc10-UCRT 0.3.1 NOTE
r-patched-linux-x86_64 0.3.1 9.33 200.62 209.95 OK
r-patched-solaris-x86 0.3.1 389.90 NOTE
r-release-linux-x86_64 0.3.1 8.65 200.09 208.74 OK
r-release-macos-arm64 0.3.1 NOTE
r-release-macos-x86_64 0.3.1 NOTE
r-release-windows-ix86+x86_64 0.3.1 19.00 273.00 292.00 OK
r-oldrel-macos-x86_64 0.3.1 NOTE
r-oldrel-windows-ix86+x86_64 0.3.1 15.00 210.00 225.00 OK

Additional issues

noSuggests

Check Details

Version: 0.3.1
Check: dependencies in R code
Result: NOTE
    Namespaces in Imports field not imported from:
     ‘HDInterval’ ‘carData’
     All declared Imports should be used.
Flavors: r-devel-linux-x86_64-fedora-clang, r-devel-linux-x86_64-fedora-gcc, r-devel-windows-x86_64-gcc10-UCRT, r-patched-solaris-x86, r-release-macos-arm64, r-release-macos-x86_64, r-oldrel-macos-x86_64