CRAN Package Check Results for Package BayesLN

Last updated on 2022-10-01 21:53:48 CEST.

Flavor Version Tinstall Tcheck Ttotal Status Flags
r-devel-linux-x86_64-debian-clang 0.2.6 51.45 168.23 219.68 OK
r-devel-linux-x86_64-debian-gcc 0.2.6 41.43 126.23 167.66 OK
r-devel-linux-x86_64-fedora-clang 0.2.6 295.31 OK
r-devel-linux-x86_64-fedora-gcc 0.2.6 307.46 OK
r-devel-windows-x86_64 0.2.6 52.00 200.00 252.00 OK
r-patched-linux-x86_64 0.2.6 44.11 174.51 218.62 OK
r-release-linux-x86_64 0.2.6 34.68 169.63 204.31 OK
r-release-macos-arm64 0.2.6 86.00 NOTE
r-release-macos-x86_64 0.2.6 119.00 NOTE
r-release-windows-x86_64 0.2.6 54.00 208.00 262.00 OK
r-oldrel-macos-arm64 0.2.6 81.00 NOTE
r-oldrel-macos-x86_64 0.2.6 118.00 NOTE
r-oldrel-windows-ix86+x86_64 0.2.6 113.00 284.00 397.00 OK

Check Details

Version: 0.2.6
Check: installed package size
Result: NOTE
     installed size is 11.4Mb
     sub-directories of 1Mb or more:
     libs 11.0Mb
Flavors: r-release-macos-arm64, r-release-macos-x86_64, r-oldrel-macos-arm64, r-oldrel-macos-x86_64