CRAN Package Check Results for Package BayesGWQS

Last updated on 2021-09-19 13:48:55 CEST.

Flavor Version Tinstall Tcheck Ttotal Status Flags
r-devel-linux-x86_64-debian-clang 0.0.2 2.18 23.84 26.02 OK
r-devel-linux-x86_64-debian-gcc 0.0.2 1.58 18.88 20.46 OK
r-devel-linux-x86_64-fedora-clang 0.0.2 41.30 OK
r-devel-linux-x86_64-fedora-gcc 0.0.2 30.78 OK
r-devel-windows-x86_64 0.0.2 5.00 30.00 35.00 OK
r-devel-windows-x86_64-gcc10-UCRT 0.0.2 ERROR
r-patched-linux-x86_64 0.0.2 2.32 23.28 25.60 OK
r-patched-solaris-x86 0.0.2 48.70 OK
r-release-linux-x86_64 0.0.2 1.89 23.26 25.15 OK
r-release-macos-arm64 0.0.2 OK
r-release-macos-x86_64 0.0.2 OK
r-release-windows-ix86+x86_64 0.0.2 6.00 39.00 45.00 OK
r-oldrel-macos-x86_64 0.0.2 OK
r-oldrel-windows-ix86+x86_64 0.0.2 6.00 30.00 36.00 OK

Check Details

Version: 0.0.2
Check: whether package can be installed
Result: WARN
    Found the following significant warnings:
     WARNING: installation-time patches will not be applied, could not get the patches index
Flavor: r-devel-windows-x86_64-gcc10-UCRT

Version: 0.0.2
Check: PDF version of manual
Result: WARN
    LaTeX errors when creating PDF version.
    This typically indicates Rd problems.
Flavor: r-devel-windows-x86_64-gcc10-UCRT

Version: 0.0.2
Check: PDF version of manual without hyperrefs or index
Result: ERROR
    Re-running with no redirection of stdout/stderr.
Flavor: r-devel-windows-x86_64-gcc10-UCRT