CRAN Package Check Results for Package BayesCombo

Last updated on 2024-06-18 12:55:48 CEST.

Flavor Version Tinstall Tcheck Ttotal Status Flags
r-devel-linux-x86_64-debian-clang 1.0 2.60 31.69 34.29 NOTE
r-devel-linux-x86_64-debian-gcc 1.0 1.72 24.91 26.63 NOTE
r-devel-linux-x86_64-fedora-clang 1.0 44.91 NOTE
r-devel-linux-x86_64-fedora-gcc 1.0 56.44 NOTE
r-devel-windows-x86_64 1.0 3.00 45.00 48.00 NOTE
r-patched-linux-x86_64 1.0 2.18 31.42 33.60 NOTE
r-release-linux-x86_64 1.0 2.34 30.31 32.65 NOTE
r-release-macos-arm64 1.0 23.00 NOTE
r-release-macos-x86_64 1.0 35.00 NOTE
r-release-windows-x86_64 1.0 3.00 50.00 53.00 NOTE
r-oldrel-macos-arm64 1.0 23.00 NOTE
r-oldrel-macos-x86_64 1.0 34.00 NOTE
r-oldrel-windows-x86_64 1.0 4.00 47.00 51.00 NOTE

Check Details

Version: 1.0
Check: LazyData
Result: NOTE 'LazyData' is specified without a 'data' directory Flavors: r-devel-linux-x86_64-debian-clang, r-devel-linux-x86_64-debian-gcc, r-devel-linux-x86_64-fedora-clang, r-devel-linux-x86_64-fedora-gcc, r-devel-windows-x86_64, r-patched-linux-x86_64, r-release-linux-x86_64, r-release-macos-arm64, r-release-macos-x86_64, r-release-windows-x86_64, r-oldrel-macos-arm64, r-oldrel-macos-x86_64, r-oldrel-windows-x86_64