CRAN Package Check Results for Package BarcodingR

Last updated on 2024-02-25 01:00:57 CET.

Flavor Version Tinstall Tcheck Ttotal Status Flags
r-devel-linux-x86_64-debian-clang 1.0-3 8.54 66.56 75.10 NOTE
r-devel-linux-x86_64-debian-gcc 1.0-3 5.63 50.01 55.64 NOTE
r-devel-linux-x86_64-fedora-clang 1.0-3 96.00 NOTE
r-devel-linux-x86_64-fedora-gcc 1.0-3 92.25 NOTE
r-devel-windows-x86_64 1.0-3 7.00 71.00 78.00 OK
r-patched-linux-x86_64 1.0-3 7.15 66.25 73.40 OK
r-release-linux-x86_64 1.0-3 7.99 66.49 74.48 OK
r-release-macos-arm64 1.0-3 32.00 OK
r-release-macos-x86_64 1.0-3 49.00 OK
r-release-windows-x86_64 1.0-3 10.00 82.00 92.00 OK
r-oldrel-macos-arm64 1.0-3 32.00 OK
r-oldrel-windows-x86_64 1.0-3 11.00 81.00 92.00 OK

Check Details

Version: 1.0-3
Check: Rd files
Result: NOTE checkRd: (-1) barcoding.spe.identify2.Rd:27: Lost braces; missing escapes or markup? 27 | read.dna() from package {ape} was used to obtain DNAbin object for unaligned non-coding barcodes. | ^ Flavors: r-devel-linux-x86_64-debian-clang, r-devel-linux-x86_64-debian-gcc, r-devel-linux-x86_64-fedora-clang, r-devel-linux-x86_64-fedora-gcc