CRAN Package Check Results for Package BUCSS

Last updated on 2024-03-01 06:52:37 CET.

Flavor Version Tinstall Tcheck Ttotal Status Flags
r-devel-linux-x86_64-debian-clang 1.2.1 2.90 36.97 39.87 NOTE
r-devel-linux-x86_64-debian-gcc 1.2.1 2.95 26.69 29.64 NOTE
r-devel-linux-x86_64-fedora-clang 1.2.1 49.13 NOTE
r-devel-linux-x86_64-fedora-gcc 1.2.1 47.61 NOTE
r-devel-windows-x86_64 1.2.1 4.00 51.00 55.00 NOTE
r-patched-linux-x86_64 1.2.1 4.49 35.11 39.60 NOTE
r-release-linux-x86_64 1.2.1 3.24 35.54 38.78 NOTE
r-release-macos-arm64 1.2.1 19.00 NOTE
r-release-macos-x86_64 1.2.1 27.00 NOTE
r-release-windows-x86_64 1.2.1 6.00 52.00 58.00 NOTE
r-oldrel-macos-arm64 1.2.1 19.00 NOTE
r-oldrel-windows-x86_64 1.2.1 8.00 56.00 64.00 NOTE

Check Details

Version: 1.2.1
Check: LazyData
Result: NOTE 'LazyData' is specified without a 'data' directory Flavors: r-devel-linux-x86_64-debian-clang, r-devel-linux-x86_64-debian-gcc, r-devel-linux-x86_64-fedora-clang, r-devel-linux-x86_64-fedora-gcc, r-devel-windows-x86_64, r-patched-linux-x86_64, r-release-linux-x86_64, r-release-macos-arm64, r-release-macos-x86_64, r-release-windows-x86_64, r-oldrel-macos-arm64, r-oldrel-windows-x86_64