CRAN Package Check Results for Package BSS

Last updated on 2022-10-03 18:52:03 CEST.

Flavor Version Tinstall Tcheck Ttotal Status Flags
r-devel-linux-x86_64-debian-clang 0.1.0 3.54 32.00 35.54 NOTE
r-devel-linux-x86_64-debian-gcc 0.1.0 2.39 24.79 27.18 NOTE
r-devel-linux-x86_64-fedora-clang 0.1.0 57.79 NOTE
r-devel-linux-x86_64-fedora-gcc 0.1.0 53.22 NOTE
r-devel-windows-x86_64 0.1.0 12.00 62.00 74.00 NOTE
r-patched-linux-x86_64 0.1.0 3.67 30.85 34.52 NOTE
r-release-linux-x86_64 0.1.0 3.13 31.05 34.18 NOTE
r-release-macos-arm64 0.1.0 20.00 NOTE
r-release-macos-x86_64 0.1.0 24.00 NOTE
r-release-windows-x86_64 0.1.0 13.00 56.00 69.00 NOTE
r-oldrel-macos-arm64 0.1.0 23.00 NOTE
r-oldrel-macos-x86_64 0.1.0 28.00 NOTE
r-oldrel-windows-ix86+x86_64 0.1.0 7.00 54.00 61.00 NOTE

Check Details

Version: 0.1.0
Check: LazyData
Result: NOTE
     'LazyData' is specified without a 'data' directory
Flavors: r-devel-linux-x86_64-debian-clang, r-devel-linux-x86_64-debian-gcc, r-devel-linux-x86_64-fedora-clang, r-devel-linux-x86_64-fedora-gcc, r-devel-windows-x86_64, r-patched-linux-x86_64, r-release-linux-x86_64, r-release-macos-arm64, r-release-macos-x86_64, r-release-windows-x86_64, r-oldrel-macos-arm64, r-oldrel-macos-x86_64, r-oldrel-windows-ix86+x86_64