Last updated on 2022-05-18 00:53:08 CEST.
Flavor | Version | Tinstall | Tcheck | Ttotal | Status | Flags |
---|---|---|---|---|---|---|
r-devel-linux-x86_64-debian-clang | 3.2.4 | 56.22 | 149.75 | 205.97 | WARN | |
r-devel-linux-x86_64-debian-gcc | 3.2.4 | 43.57 | 109.58 | 153.15 | OK | |
r-devel-linux-x86_64-fedora-clang | 3.2.4 | 252.21 | WARN | |||
r-devel-linux-x86_64-fedora-gcc | 3.2.4 | 238.83 | NOTE | |||
r-devel-windows-x86_64 | 3.2.4 | 67.00 | 201.00 | 268.00 | OK | |
r-patched-linux-x86_64 | 3.2.4 | 47.83 | 138.61 | 186.44 | OK | |
r-release-linux-x86_64 | 3.2.4 | 40.81 | 140.93 | 181.74 | OK | |
r-release-macos-arm64 | 3.2.4 | 60.00 | NOTE | |||
r-release-macos-x86_64 | 3.2.4 | 121.00 | NOTE | |||
r-release-windows-x86_64 | 3.2.4 | 69.00 | 196.00 | 265.00 | OK | |
r-oldrel-macos-arm64 | 3.2.4 | 51.00 | NOTE | |||
r-oldrel-macos-x86_64 | 3.2.4 | 88.00 | NOTE | |||
r-oldrel-windows-ix86+x86_64 | 3.2.4 | 133.00 | 215.00 | 348.00 | OK |
Version: 3.2.4
Check: whether package can be installed
Result: WARN
Found the following significant warnings:
simulate_toad.cpp:155:17: warning: use of bitwise '|' with boolean operands [-Wbitwise-instead-of-logical]
simulate_toad.cpp:182:17: warning: use of bitwise '|' with boolean operands [-Wbitwise-instead-of-logical]
Flavors: r-devel-linux-x86_64-debian-clang, r-devel-linux-x86_64-fedora-clang
Version: 3.2.4
Check: dependencies in R code
Result: NOTE
Namespace in Imports field not imported from: ‘DBI’
All declared Imports should be used.
Flavors: r-devel-linux-x86_64-fedora-clang, r-devel-linux-x86_64-fedora-gcc, r-release-macos-arm64, r-release-macos-x86_64, r-oldrel-macos-arm64, r-oldrel-macos-x86_64