CRAN Package Check Results for Package BOSO

Last updated on 2023-02-05 00:55:15 CET.

Flavor Version Tinstall Tcheck Ttotal Status Flags
r-devel-linux-x86_64-debian-clang 1.0.3 9.87 118.03 127.90 NOTE
r-devel-linux-x86_64-debian-gcc 1.0.3 8.25 84.02 92.27 NOTE
r-devel-linux-x86_64-fedora-clang 1.0.3 161.43 NOTE
r-devel-linux-x86_64-fedora-gcc 1.0.3 180.84 NOTE
r-devel-windows-x86_64 1.0.3 18.00 139.00 157.00 NOTE
r-patched-linux-x86_64 1.0.3 9.15 109.04 118.19 NOTE
r-release-linux-x86_64 1.0.3 6.99 110.12 117.11 NOTE
r-release-macos-arm64 1.0.3 44.00 NOTE
r-release-macos-x86_64 1.0.3 64.00 NOTE
r-release-windows-x86_64 1.0.3 18.00 150.00 168.00 NOTE
r-oldrel-macos-arm64 1.0.3 61.00 NOTE
r-oldrel-macos-x86_64 1.0.3 58.00 NOTE
r-oldrel-windows-ix86+x86_64 1.0.3 19.00 148.00 167.00 NOTE

Additional issues

donttest

Check Details

Version: 1.0.3
Check: package dependencies
Result: NOTE
    Packages suggested but not available for checking: 'cplexAPI', 'bestsubset'
Flavors: r-devel-linux-x86_64-debian-clang, r-devel-linux-x86_64-debian-gcc, r-devel-linux-x86_64-fedora-clang, r-devel-linux-x86_64-fedora-gcc, r-devel-windows-x86_64, r-patched-linux-x86_64, r-release-linux-x86_64, r-release-macos-arm64, r-release-macos-x86_64, r-release-windows-x86_64, r-oldrel-macos-arm64, r-oldrel-macos-x86_64, r-oldrel-windows-ix86+x86_64