CRAN Package Check Results for Package BNrich

Last updated on 2023-01-30 12:55:12 CET.

Flavor Version Tinstall Tcheck Ttotal Status Flags
r-devel-linux-x86_64-debian-clang 0.1.1 9.17 101.04 110.21 NOTE
r-devel-linux-x86_64-debian-gcc 0.1.1 8.92 75.77 84.69 NOTE
r-devel-linux-x86_64-fedora-clang 0.1.1 144.61 NOTE
r-devel-linux-x86_64-fedora-gcc 0.1.1 150.83 NOTE
r-devel-windows-x86_64 0.1.1 22.00 126.00 148.00 NOTE
r-patched-linux-x86_64 0.1.1 10.86 98.15 109.01 NOTE
r-release-linux-x86_64 0.1.1 11.96 99.63 111.59 NOTE
r-release-macos-arm64 0.1.1 42.00 NOTE
r-release-macos-x86_64 0.1.1 57.00 NOTE
r-release-windows-x86_64 0.1.1 16.00 133.00 149.00 NOTE
r-oldrel-macos-arm64 0.1.1 46.00 NOTE
r-oldrel-macos-x86_64 0.1.1 75.00 NOTE
r-oldrel-windows-ix86+x86_64 0.1.1 22.00 121.00 143.00 NOTE

Additional issues

donttest

Check Details

Version: 0.1.1
Check: LazyData
Result: NOTE
     'LazyData' is specified without a 'data' directory
Flavors: r-devel-linux-x86_64-debian-clang, r-devel-linux-x86_64-debian-gcc, r-devel-linux-x86_64-fedora-clang, r-devel-linux-x86_64-fedora-gcc, r-devel-windows-x86_64, r-patched-linux-x86_64, r-release-linux-x86_64, r-release-macos-arm64, r-release-macos-x86_64, r-release-windows-x86_64, r-oldrel-macos-arm64, r-oldrel-macos-x86_64, r-oldrel-windows-ix86+x86_64