CRAN Package Check Results for Package BNPMIXcluster

Last updated on 2022-10-01 21:53:49 CEST.

Flavor Version Tinstall Tcheck Ttotal Status Flags
r-devel-linux-x86_64-debian-clang 1.3 108.67 42.47 151.14 WARN
r-devel-linux-x86_64-debian-gcc 1.3 85.88 32.44 118.32 OK
r-devel-linux-x86_64-fedora-clang 1.3 248.26 WARN
r-devel-linux-x86_64-fedora-gcc 1.3 206.99 OK
r-devel-windows-x86_64 1.3 105.00 91.00 196.00 OK
r-patched-linux-x86_64 1.3 88.12 40.28 128.40 OK
r-release-linux-x86_64 1.3 91.11 39.83 130.94 OK
r-release-macos-arm64 1.3 48.00 OK
r-release-macos-x86_64 1.3 65.00 OK
r-release-windows-x86_64 1.3 134.00 90.00 224.00 OK
r-oldrel-macos-arm64 1.3 58.00 OK
r-oldrel-macos-x86_64 1.3 97.00 OK
r-oldrel-windows-ix86+x86_64 1.3 271.00 97.00 368.00 OK

Additional issues

clang14

Check Details

Version: 1.3
Check: whether package can be installed
Result: WARN
    Found the following significant warnings:
     get_latents.cpp:216:17: warning: use of bitwise '&' with boolean operands [-Wbitwise-instead-of-logical]
Flavors: r-devel-linux-x86_64-debian-clang, r-devel-linux-x86_64-fedora-clang