CRAN Package Check Results for Package BMTME

Last updated on 2022-10-04 00:51:31 CEST.

Flavor Version Tinstall Tcheck Ttotal Status Flags
r-devel-linux-x86_64-debian-clang 1.0.19 36.08 96.01 132.09 OK
r-devel-linux-x86_64-debian-gcc 1.0.19 31.26 70.15 101.41 OK
r-devel-linux-x86_64-fedora-clang 1.0.19 150.30 OK --no-tests
r-devel-linux-x86_64-fedora-gcc 1.0.19 141.58 OK --no-tests
r-devel-windows-x86_64 1.0.19 50.00 150.00 200.00 ERROR
r-patched-linux-x86_64 1.0.19 30.82 86.12 116.94 OK
r-release-linux-x86_64 1.0.19 33.40 86.92 120.32 OK
r-release-macos-arm64 1.0.19 47.00 OK
r-release-macos-x86_64 1.0.19 77.00 OK
r-release-windows-x86_64 1.0.19 43.00 144.00 187.00 ERROR
r-oldrel-macos-arm64 1.0.19 53.00 OK
r-oldrel-macos-x86_64 1.0.19 71.00 OK
r-oldrel-windows-ix86+x86_64 1.0.19 94.00 191.00 285.00 OK

Check Details

Version: 1.0.19
Check: tests
Result: ERROR
     Running 'testthat.R' [36s]
    Running the tests in 'tests/testthat.R' failed.
    Complete output:
     > library(testthat)
     > library(BMTME)
     >
     > test_check("BMTME")
     [ FAIL 1 | WARN 0 | SKIP 0 | PASS 162 ]
    
     ══ Failed tests ════════════════════════════════════════════════════════════════
     ── Error (test.R:347:5): BMORS function with Wheat full data ───────────────────
     Error in `{
     CVBMORS(Y, testingSet, ETA, nIter, burnIn, thin, predictor_Sec_complete,
     covModel, digits, actual_CV, progressBar = FALSE, NULL)
     }`: task 7 failed - "cannot open the connection"
     Backtrace:
     ▆
     1. └─BMTME::BMORS(...) at test.R:347:4
     2. └─... %dopar% ...
     3. └─e$fun(obj, substitute(ex), parent.frame(), e$data)
    
     [ FAIL 1 | WARN 0 | SKIP 0 | PASS 162 ]
     Error: Test failures
     Execution halted
Flavor: r-devel-windows-x86_64

Version: 1.0.19
Check: tests
Result: ERROR
     Running 'testthat.R' [36s]
    Running the tests in 'tests/testthat.R' failed.
    Complete output:
     > library(testthat)
     > library(BMTME)
     >
     > test_check("BMTME")
     [ FAIL 1 | WARN 0 | SKIP 0 | PASS 162 ]
    
     ══ Failed tests ════════════════════════════════════════════════════════════════
     ── Error (test.R:347:5): BMORS function with Wheat full data ───────────────────
     Error in `{
     CVBMORS(Y, testingSet, ETA, nIter, burnIn, thin, predictor_Sec_complete,
     covModel, digits, actual_CV, progressBar = FALSE, NULL)
     }`: task 1 failed - "cannot open the connection"
     Backtrace:
     ▆
     1. └─BMTME::BMORS(...) at test.R:347:4
     2. └─... %dopar% ...
     3. └─e$fun(obj, substitute(ex), parent.frame(), e$data)
    
     [ FAIL 1 | WARN 0 | SKIP 0 | PASS 162 ]
     Error: Test failures
     Execution halted
Flavor: r-release-windows-x86_64