CRAN Package Check Results for Package BIFIEsurvey

Last updated on 2022-01-26 07:52:37 CET.

Flavor Version Tinstall Tcheck Ttotal Status Flags
r-devel-linux-x86_64-debian-clang 3.3-12 153.17 104.75 257.92 NOTE
r-devel-linux-x86_64-debian-gcc 3.3-12 116.92 77.95 194.87 NOTE
r-devel-linux-x86_64-fedora-clang 3.3-12 399.41 NOTE
r-devel-linux-x86_64-fedora-gcc 3.3-12 352.84 NOTE
r-devel-windows-x86_64-new-UL 3.3-12 292.00 174.00 466.00 NOTE
r-devel-windows-x86_64-new-TK 3.3-12 NOTE
r-patched-linux-x86_64 3.3-12 135.51 97.21 232.72 NOTE
r-release-linux-x86_64 3.3-12 111.46 96.30 207.76 NOTE
r-release-macos-arm64 3.3-12 NOTE
r-release-macos-x86_64 3.3-12 NOTE
r-release-windows-ix86+x86_64 3.3-12 355.00 160.00 515.00 NOTE
r-oldrel-macos-x86_64 3.3-12 NOTE
r-oldrel-windows-ix86+x86_64 3.3-12 359.00 158.00 517.00 NOTE

Check Details

Version: 3.3-12
Check: package dependencies
Result: NOTE
    Package which this enhances but not available for checking: 'svyPVpack'
Flavors: r-devel-linux-x86_64-debian-clang, r-devel-linux-x86_64-debian-gcc, r-devel-linux-x86_64-fedora-clang, r-devel-linux-x86_64-fedora-gcc, r-devel-windows-x86_64-new-UL, r-patched-linux-x86_64, r-release-linux-x86_64

Version: 3.3-12
Check: installed package size
Result: NOTE
     installed size is 10.3Mb
     sub-directories of 1Mb or more:
     data 1.4Mb
     libs 8.4Mb
Flavors: r-devel-linux-x86_64-fedora-clang, r-release-macos-arm64, r-release-macos-x86_64, r-release-windows-ix86+x86_64, r-oldrel-macos-x86_64, r-oldrel-windows-ix86+x86_64

Version: 3.3-12
Check: package dependencies
Result: NOTE
    Packages which this enhances but not available for checking:
     'LSAmitR', 'svyPVpack'
Flavor: r-devel-windows-x86_64-new-TK