Last updated on 2023-03-31 12:54:06 CEST.
Flavor | Version | Tinstall | Tcheck | Ttotal | Status | Flags |
---|---|---|---|---|---|---|
r-devel-linux-x86_64-debian-clang | 3.1.1 | 52.89 | 63.14 | 116.03 | NOTE | |
r-devel-linux-x86_64-debian-gcc | 3.1.1 | 41.20 | 47.58 | 88.78 | NOTE | |
r-devel-linux-x86_64-fedora-clang | 3.1.1 | 166.79 | NOTE | |||
r-devel-linux-x86_64-fedora-gcc | 3.1.1 | 171.51 | NOTE | |||
r-devel-windows-x86_64 | 3.1.1 | 61.00 | 143.00 | 204.00 | NOTE | |
r-patched-linux-x86_64 | 3.1.1 | 47.62 | 60.33 | 107.95 | NOTE | |
r-release-linux-x86_64 | 3.1.1 | 43.36 | 59.86 | 103.22 | OK | |
r-release-macos-arm64 | 3.1.1 | 103.00 | NOTE | |||
r-release-macos-x86_64 | 3.1.1 | 153.00 | NOTE | |||
r-release-windows-x86_64 | 3.1.1 | 82.00 | 147.00 | 229.00 | OK | |
r-oldrel-macos-arm64 | 3.1.1 | 131.00 | NOTE | |||
r-oldrel-macos-x86_64 | 3.1.1 | 145.00 | NOTE | |||
r-oldrel-windows-ix86+x86_64 | 3.1.1 | 118.00 | 143.00 | 261.00 | OK |
Version: 3.1.1
Check: C++ specification
Result: NOTE
Specified C++11: please drop specification unless essential
Flavors: r-devel-linux-x86_64-debian-clang, r-devel-linux-x86_64-debian-gcc, r-devel-linux-x86_64-fedora-clang, r-devel-linux-x86_64-fedora-gcc, r-devel-windows-x86_64, r-patched-linux-x86_64
Version: 3.1.1
Check: installed package size
Result: NOTE
installed size is 5.4Mb
sub-directories of 1Mb or more:
libs 4.8Mb
Flavors: r-release-macos-arm64, r-release-macos-x86_64, r-oldrel-macos-arm64, r-oldrel-macos-x86_64