CRAN Package Check Results for Package BHMSMAfMRI

Last updated on 2024-06-17 18:53:02 CEST.

Flavor Version Tinstall Tcheck Ttotal Status Flags
r-devel-linux-x86_64-debian-clang 2.2 43.58 74.44 118.02 OK
r-devel-linux-x86_64-debian-gcc 2.2 33.21 65.19 98.40 OK
r-devel-linux-x86_64-fedora-clang 2.2 159.32 OK
r-devel-linux-x86_64-fedora-gcc 2.2 185.95 OK
r-devel-windows-x86_64 2.2 37.00 136.00 173.00 OK
r-patched-linux-x86_64 2.1 38.07 78.75 116.82 NOTE
r-release-linux-x86_64 2.2 43.37 73.89 117.26 OK
r-release-macos-arm64 2.2 74.00 OK
r-release-macos-x86_64 2.2 157.00 OK
r-release-windows-x86_64 2.2 44.00 133.00 177.00 OK
r-oldrel-macos-arm64 2.2 59.00 OK
r-oldrel-macos-x86_64 2.2 150.00 OK
r-oldrel-windows-x86_64 2.2 48.00 137.00 185.00 OK

Check Details

Version: 2.1
Check: C++ specification
Result: NOTE Specified C++11: please drop specification unless essential Flavor: r-patched-linux-x86_64

Version: 2.1
Check: Rd files
Result: NOTE checkRd: (-1) fmridata.Rd:18: Lost braces in \itemize; meant \describe ? checkRd: (-1) fmridata.Rd:19: Lost braces in \itemize; meant \describe ? checkRd: (-1) fmridata.Rd:20: Lost braces in \itemize; meant \describe ? checkRd: (-1) fmridata.Rd:21: Lost braces in \itemize; meant \describe ? Flavor: r-patched-linux-x86_64