CRAN Package Check Results for Package BDP2

Last updated on 2021-06-15 01:50:17 CEST.

Flavor Version Tinstall Tcheck Ttotal Status Flags
r-devel-linux-x86_64-debian-clang 0.1.3 10.72 88.93 99.65 NOTE
r-devel-linux-x86_64-debian-gcc 0.1.3 9.60 65.75 75.35 NOTE
r-devel-linux-x86_64-fedora-clang 0.1.3 130.59 NOTE
r-devel-linux-x86_64-fedora-gcc 0.1.3 120.39 NOTE
r-devel-windows-x86_64 0.1.3 20.00 112.00 132.00 NOTE
r-devel-windows-x86_64-gcc10-UCRT 0.1.3 NOTE
r-patched-linux-x86_64 0.1.3 12.30 87.66 99.96 NOTE
r-patched-solaris-x86 0.1.3 152.10 NOTE
r-release-linux-x86_64 0.1.3 13.94 86.55 100.49 NOTE
r-release-macos-arm64 0.1.3 NOTE
r-release-macos-x86_64 0.1.3 NOTE
r-release-windows-ix86+x86_64 0.1.3 22.00 110.00 132.00 NOTE
r-oldrel-macos-x86_64 0.1.3 OK
r-oldrel-windows-ix86+x86_64 0.1.3 30.00 111.00 141.00 OK

Check Details

Version: 0.1.3
Check: LazyData
Result: NOTE
     'LazyData' is specified without a 'data' directory
Flavors: r-devel-linux-x86_64-debian-clang, r-devel-linux-x86_64-debian-gcc, r-devel-linux-x86_64-fedora-clang, r-devel-linux-x86_64-fedora-gcc, r-devel-windows-x86_64, r-devel-windows-x86_64-gcc10-UCRT, r-patched-linux-x86_64, r-patched-solaris-x86, r-release-linux-x86_64, r-release-macos-arm64, r-release-macos-x86_64, r-release-windows-ix86+x86_64