CRAN Package Check Results for Package BCHM

Last updated on 2021-09-26 19:48:52 CEST.

Flavor Version Tinstall Tcheck Ttotal Status Flags
r-devel-linux-x86_64-debian-clang 1.00 3.08 52.19 55.27 NOTE
r-devel-linux-x86_64-debian-gcc 1.00 2.71 39.82 42.53 NOTE
r-devel-linux-x86_64-fedora-clang 1.00 77.07 NOTE
r-devel-linux-x86_64-fedora-gcc 1.00 66.59 NOTE
r-devel-windows-x86_64 1.00 4.00 60.00 64.00 NOTE
r-devel-windows-x86_64-gcc10-UCRT 1.00 NOTE
r-patched-linux-x86_64 1.00 3.57 39.65 43.22 NOTE
r-patched-solaris-x86 1.00 91.70 NOTE
r-release-linux-x86_64 1.00 3.48 40.43 43.91 NOTE
r-release-macos-arm64 1.00 NOTE
r-release-macos-x86_64 1.00 NOTE
r-release-windows-ix86+x86_64 1.00 8.00 59.00 67.00 NOTE
r-oldrel-macos-x86_64 1.00 NOTE
r-oldrel-windows-ix86+x86_64 1.00 5.00 47.00 52.00 OK

Check Details

Version: 1.00
Check: LazyData
Result: NOTE
     'LazyData' is specified without a 'data' directory
Flavors: r-devel-linux-x86_64-debian-clang, r-devel-linux-x86_64-debian-gcc, r-devel-linux-x86_64-fedora-clang, r-devel-linux-x86_64-fedora-gcc, r-devel-windows-x86_64, r-devel-windows-x86_64-gcc10-UCRT, r-patched-linux-x86_64, r-patched-solaris-x86, r-release-linux-x86_64, r-release-macos-arm64, r-release-macos-x86_64, r-release-windows-ix86+x86_64

Version: 1.00
Check: dependencies in R code
Result: NOTE
    Namespaces in Imports field not imported from:
     ‘coda’ ‘knitr’ ‘plyr’
     All declared Imports should be used.
Flavors: r-devel-linux-x86_64-fedora-clang, r-devel-linux-x86_64-fedora-gcc, r-devel-windows-x86_64-gcc10-UCRT, r-patched-solaris-x86, r-release-macos-arm64, r-release-macos-x86_64, r-oldrel-macos-x86_64