CRAN Package Check Results for Package BBmisc

Last updated on 2021-10-23 14:06:34 CEST.

Flavor Version Tinstall Tcheck Ttotal Status Flags
r-devel-linux-x86_64-debian-clang 1.11 6.16 44.50 50.66 NOTE
r-devel-linux-x86_64-debian-gcc 1.11 4.46 35.91 40.37 NOTE
r-devel-linux-x86_64-fedora-clang 1.11 71.64 NOTE
r-devel-linux-x86_64-fedora-gcc 1.11 61.37 NOTE
r-devel-windows-x86_64 1.11 11.00 75.00 86.00 NOTE
r-devel-windows-x86_64-gcc10-UCRT 1.11 NOTE
r-patched-linux-x86_64 1.11 7.11 43.42 50.53 NOTE
r-patched-solaris-x86 1.11 89.70 NOTE
r-release-linux-x86_64 1.11 6.24 43.12 49.36 NOTE
r-release-macos-arm64 1.11 NOTE
r-release-macos-x86_64 1.11 NOTE
r-release-windows-ix86+x86_64 1.11 14.00 82.00 96.00 NOTE
r-oldrel-macos-x86_64 1.11 OK
r-oldrel-windows-ix86+x86_64 1.11 14.00 91.00 105.00 OK

Additional issues

rchk

Check Details

Version: 1.11
Check: LazyData
Result: NOTE
     'LazyData' is specified without a 'data' directory
Flavors: r-devel-linux-x86_64-debian-clang, r-devel-linux-x86_64-debian-gcc, r-devel-linux-x86_64-fedora-clang, r-devel-linux-x86_64-fedora-gcc, r-devel-windows-x86_64, r-devel-windows-x86_64-gcc10-UCRT, r-patched-linux-x86_64, r-patched-solaris-x86, r-release-linux-x86_64, r-release-macos-arm64, r-release-macos-x86_64, r-release-windows-ix86+x86_64