CRAN Package Check Results for Package BBEST

Last updated on 2022-09-26 06:51:07 CEST.

Flavor Version Tinstall Tcheck Ttotal Status Flags
r-devel-linux-x86_64-debian-clang 0.1-8 10.81 80.56 91.37 NOTE
r-devel-linux-x86_64-debian-gcc 0.1-8 8.05 60.23 68.28 NOTE
r-devel-linux-x86_64-fedora-clang 0.1-8 117.80 NOTE
r-devel-linux-x86_64-fedora-gcc 0.1-8 118.07 NOTE
r-devel-windows-x86_64 0.1-8 28.00 104.00 132.00 NOTE
r-patched-linux-x86_64 0.1-8 12.37 74.25 86.62 NOTE
r-release-linux-x86_64 0.1-8 9.25 74.70 83.95 NOTE
r-release-macos-arm64 0.1-8 32.00 NOTE
r-release-macos-x86_64 0.1-8 57.00 NOTE
r-release-windows-x86_64 0.1-8 32.00 106.00 138.00 NOTE
r-oldrel-macos-arm64 0.1-8 39.00 NOTE
r-oldrel-macos-x86_64 0.1-8 60.00 NOTE
r-oldrel-windows-ix86+x86_64 0.1-8 28.00 99.00 127.00 NOTE

Check Details

Version: 0.1-8
Check: LazyData
Result: NOTE
     'LazyData' is specified without a 'data' directory
Flavors: r-devel-linux-x86_64-debian-clang, r-devel-linux-x86_64-debian-gcc, r-devel-linux-x86_64-fedora-clang, r-devel-linux-x86_64-fedora-gcc, r-devel-windows-x86_64, r-patched-linux-x86_64, r-release-linux-x86_64, r-release-macos-arm64, r-release-macos-x86_64, r-release-windows-x86_64, r-oldrel-macos-arm64, r-oldrel-macos-x86_64, r-oldrel-windows-ix86+x86_64