CRAN Package Check Results for Package BALD

Last updated on 2021-09-19 13:48:54 CEST.

Flavor Version Tinstall Tcheck Ttotal Status Flags
r-devel-linux-x86_64-debian-clang 1.0.0-3 30.62 68.82 99.44 WARN
r-devel-linux-x86_64-debian-gcc 1.0.0-3 20.54 53.64 74.18 WARN
r-devel-linux-x86_64-fedora-clang 1.0.0-3 145.13 NOTE
r-devel-linux-x86_64-fedora-gcc 1.0.0-3 121.00 NOTE
r-devel-windows-x86_64 1.0.0-3 18.00 6.00 24.00 ERROR
r-devel-windows-x86_64-gcc10-UCRT 1.0.0-3 ERROR
r-patched-linux-x86_64 1.0.0-3 27.78 66.21 93.99 WARN
r-patched-solaris-x86 1.0.0-3 153.60 OK
r-release-linux-x86_64 1.0.0-3 27.63 66.38 94.01 WARN
r-release-macos-arm64 1.0.0-3 OK
r-release-macos-x86_64 1.0.0-3 OK
r-release-windows-ix86+x86_64 1.0.0-3 19.00 8.00 27.00 ERROR
r-oldrel-macos-x86_64 1.0.0-3 OK
r-oldrel-windows-ix86+x86_64 1.0.0-3 20.00 6.00 26.00 ERROR

Check Details

Version: 1.0.0-3
Check: top-level files
Result: WARN
     Output from running autoreconf:
     configure.ac:43: warning: The macro `AC_HELP_STRING' is obsolete.
     configure.ac:43: You should run autoupdate.
     ./lib/autoconf/general.m4:204: AC_HELP_STRING is expanded from...
     configure.ac:43: the top level
     configure.ac:116: warning: The macro `AC_HELP_STRING' is obsolete.
     configure.ac:116: You should run autoupdate.
     ./lib/autoconf/general.m4:204: AC_HELP_STRING is expanded from...
     configure.ac:116: the top level
     configure.ac:134: warning: AC_OUTPUT should be used without arguments.
     configure.ac:134: You should run autoupdate.
Flavors: r-devel-linux-x86_64-debian-clang, r-devel-linux-x86_64-debian-gcc, r-patched-linux-x86_64, r-release-linux-x86_64

Version: 1.0.0-3
Check: compiled code
Result: NOTE
    File ‘BALD/libs/BALD.so’:
     Found no calls to: ‘R_registerRoutines’, ‘R_useDynamicSymbols’
    
    It is good practice to register native routines and to disable symbol
    search.
    
    See ‘Writing portable packages’ in the ‘Writing R Extensions’ manual.
Flavors: r-devel-linux-x86_64-fedora-clang, r-devel-linux-x86_64-fedora-gcc

Version: 1.0.0-3
Check: whether package can be installed
Result: ERROR
    Installation failed.
Flavors: r-devel-windows-x86_64, r-devel-windows-x86_64-gcc10-UCRT, r-release-windows-ix86+x86_64, r-oldrel-windows-ix86+x86_64