Last updated on 2023-03-22 06:55:30 CET.
Flavor | Version | Tinstall | Tcheck | Ttotal | Status | Flags |
---|---|---|---|---|---|---|
r-devel-linux-x86_64-debian-clang | 1.0.0 | 3.16 | 33.00 | 36.16 | OK | |
r-devel-linux-x86_64-debian-gcc | 1.0.0 | 3.83 | 25.66 | 29.49 | OK | |
r-devel-linux-x86_64-fedora-clang | 1.0.0 | 51.00 | OK | |||
r-devel-linux-x86_64-fedora-gcc | 1.0.0 | 56.23 | OK | |||
r-devel-windows-x86_64 | 1.0.0 | 60.00 | 64.00 | 124.00 | OK | |
r-patched-linux-x86_64 | 1.0.0 | 3.91 | 32.22 | 36.13 | OK | |
r-release-linux-x86_64 | 1.0.0 | 3.33 | 31.84 | 35.17 | OK | |
r-release-macos-arm64 | 1.0.0 | 19.00 | OK | |||
r-release-macos-x86_64 | 1.0.0 | 32.00 | OK | |||
r-release-windows-x86_64 | 1.0.0 | 55.00 | 85.00 | 140.00 | OK | |
r-oldrel-macos-arm64 | 1.0.0 | 26.00 | OK | |||
r-oldrel-macos-x86_64 | 1.0.0 | 30.00 | OK | |||
r-oldrel-windows-ix86+x86_64 | 1.0.0 | 9.00 | 56.00 | 65.00 | NOTE |
Version: 1.0.0
Check: dependencies in R code
Result: NOTE
Initiating curl with CURL_SSL_BACKEND: openssl
Flavor: r-oldrel-windows-ix86+x86_64