CRAN Package Check Results for Package AzureAuth

Last updated on 2021-06-21 01:49:11 CEST.

Flavor Version Tinstall Tcheck Ttotal Status Flags
r-devel-linux-x86_64-debian-clang 1.3.2 6.39 31.99 38.38 OK
r-devel-linux-x86_64-debian-gcc 1.3.2 5.75 24.96 30.71 OK
r-devel-linux-x86_64-fedora-clang 1.3.2 57.04 OK
r-devel-linux-x86_64-fedora-gcc 1.3.2 45.10 OK
r-devel-windows-x86_64 1.3.2 11.00 47.00 58.00 OK
r-devel-windows-x86_64-gcc10-UCRT 1.3.2 ERROR
r-patched-linux-x86_64 1.3.2 7.83 31.19 39.02 OK
r-patched-solaris-x86 1.3.2 67.50 OK
r-release-linux-x86_64 1.3.2 7.64 31.07 38.71 OK
r-release-macos-arm64 1.3.2 OK
r-release-macos-x86_64 1.3.2 OK
r-release-windows-ix86+x86_64 1.3.2 13.00 50.00 63.00 OK
r-oldrel-macos-x86_64 1.3.2 OK

Check Details

Version: 1.3.2
Check: package dependencies
Result: ERROR
    Package required but not available: 'httr'
    
    Packages suggested but not available for checking: 'AzureRMR', 'AzureGraph'
    
    See section 'The DESCRIPTION file' in the 'Writing R Extensions'
    manual.
Flavor: r-devel-windows-x86_64-gcc10-UCRT