CRAN Package Check Results for Package AutoStepwiseGLM

Last updated on 2022-09-30 12:55:03 CEST.

Flavor Version Tinstall Tcheck Ttotal Status Flags
r-devel-linux-x86_64-debian-clang 0.2.0 17.12 135.06 152.18 NOTE
r-devel-linux-x86_64-debian-gcc 0.2.0 13.73 99.58 113.31 NOTE
r-devel-linux-x86_64-fedora-clang 0.2.0 216.70 NOTE
r-devel-linux-x86_64-fedora-gcc 0.2.0 179.90 NOTE
r-devel-windows-x86_64 0.2.0 23.00 148.00 171.00 NOTE
r-patched-linux-x86_64 0.2.0 13.17 128.04 141.21 NOTE
r-release-linux-x86_64 0.2.0 11.34 128.58 139.92 NOTE
r-release-macos-arm64 0.2.0 50.00 NOTE
r-release-macos-x86_64 0.2.0 84.00 NOTE
r-release-windows-x86_64 0.2.0 18.00 149.00 167.00 NOTE
r-oldrel-macos-arm64 0.2.0 55.00 NOTE
r-oldrel-macos-x86_64 0.2.0 95.00 NOTE
r-oldrel-windows-ix86+x86_64 0.2.0 41.00 143.00 184.00 NOTE

Check Details

Version: 0.2.0
Check: LazyData
Result: NOTE
     'LazyData' is specified without a 'data' directory
Flavors: r-devel-linux-x86_64-debian-clang, r-devel-linux-x86_64-debian-gcc, r-devel-linux-x86_64-fedora-clang, r-devel-linux-x86_64-fedora-gcc, r-devel-windows-x86_64, r-patched-linux-x86_64, r-release-linux-x86_64, r-release-macos-arm64, r-release-macos-x86_64, r-release-windows-x86_64, r-oldrel-macos-arm64, r-oldrel-macos-x86_64, r-oldrel-windows-ix86+x86_64