CRAN Package Check Results for Package AurieLSHGaussian

Last updated on 2021-10-21 07:49:47 CEST.

Flavor Version Tinstall Tcheck Ttotal Status Flags
r-devel-linux-x86_64-debian-clang 0.2.0 4.67 43.03 47.70 NOTE
r-devel-linux-x86_64-debian-gcc 0.2.0 3.75 34.77 38.52 NOTE
r-devel-linux-x86_64-fedora-clang 0.2.0 68.89 NOTE
r-devel-linux-x86_64-fedora-gcc 0.2.0 57.78 NOTE
r-devel-windows-x86_64 0.2.0 8.00 68.00 76.00 NOTE
r-devel-windows-x86_64-gcc10-UCRT 0.2.0 ERROR
r-patched-linux-x86_64 0.2.0 4.16 42.11 46.27 NOTE
r-patched-solaris-x86 0.2.0 96.90 NOTE
r-release-linux-x86_64 0.2.0 4.73 42.34 47.07 NOTE
r-release-macos-arm64 0.2.0 NOTE
r-release-macos-x86_64 0.2.0 NOTE
r-release-windows-ix86+x86_64 0.2.0 8.00 65.00 73.00 NOTE
r-oldrel-macos-x86_64 0.2.0 OK
r-oldrel-windows-ix86+x86_64 0.2.0 11.00 67.00 78.00 OK

Check Details

Version: 0.2.0
Check: LazyData
Result: NOTE
     'LazyData' is specified without a 'data' directory
Flavors: r-devel-linux-x86_64-debian-clang, r-devel-linux-x86_64-debian-gcc, r-devel-linux-x86_64-fedora-clang, r-devel-linux-x86_64-fedora-gcc, r-devel-windows-x86_64, r-patched-linux-x86_64, r-patched-solaris-x86, r-release-linux-x86_64, r-release-macos-arm64, r-release-macos-x86_64, r-release-windows-ix86+x86_64

Version: 0.2.0
Check: package dependencies
Result: ERROR
    Package required but not available: 'igraph'
    
    See section 'The DESCRIPTION file' in the 'Writing R Extensions'
    manual.
Flavor: r-devel-windows-x86_64-gcc10-UCRT