CRAN Package Check Results for Package AssetCorr

Last updated on 2021-08-05 01:49:21 CEST.

Flavor Version Tinstall Tcheck Ttotal Status Flags
r-devel-linux-x86_64-debian-clang 1.0.4 10.56 278.66 289.22 OK
r-devel-linux-x86_64-debian-gcc 1.0.4 9.38 200.66 210.04 OK
r-devel-linux-x86_64-fedora-clang 1.0.4 341.69 NOTE
r-devel-linux-x86_64-fedora-gcc 1.0.4 329.56 NOTE
r-devel-windows-x86_64 1.0.4 13.00 313.00 326.00 OK
r-devel-windows-x86_64-gcc10-UCRT 1.0.4 NOTE
r-patched-linux-x86_64 1.0.4 11.39 259.26 270.65 OK
r-patched-solaris-x86 1.0.4 471.00 NOTE
r-release-linux-x86_64 1.0.4 10.75 260.66 271.41 OK
r-release-macos-arm64 1.0.4 WARN
r-release-macos-x86_64 1.0.4 NOTE
r-release-windows-ix86+x86_64 1.0.4 25.00 345.00 370.00 OK
r-oldrel-macos-x86_64 1.0.4 NOTE
r-oldrel-windows-ix86+x86_64 1.0.4 37.00 342.00 379.00 OK

Check Details

Version: 1.0.4
Check: dependencies in R code
Result: NOTE
    Namespace in Imports field not imported from: ‘knitr’
     All declared Imports should be used.
Flavors: r-devel-linux-x86_64-fedora-clang, r-devel-linux-x86_64-fedora-gcc, r-devel-windows-x86_64-gcc10-UCRT, r-patched-solaris-x86, r-release-macos-arm64, r-release-macos-x86_64, r-oldrel-macos-x86_64

Version: 1.0.4
Check: re-building of vignette outputs
Result: WARN
    Error(s) in re-building vignettes:
     ...
    --- re-building ‘AssetCorr_vignette.Rmd’ using rmarkdown
    Warning in engine$weave(file, quiet = quiet, encoding = enc) :
     Pandoc (>= 1.12.3) not available. Falling back to R Markdown v1.
    Quitting from lines 80-85 (AssetCorr_vignette.Rmd)
    Error: processing vignette 'AssetCorr_vignette.Rmd' failed with diagnostics:
    polygon edge not found
    --- failed re-building ‘AssetCorr_vignette.Rmd’
    
    SUMMARY: processing the following file failed:
     ‘AssetCorr_vignette.Rmd’
    
    Error: Vignette re-building failed.
    Execution halted
Flavor: r-release-macos-arm64