CRAN Package Check Results for Package Arothron

Last updated on 2021-11-26 19:52:43 CET.

Flavor Version Tinstall Tcheck Ttotal Status Flags
r-devel-linux-x86_64-debian-clang 2.0.3 12.61 111.79 124.40 OK
r-devel-linux-x86_64-debian-gcc 2.0.3 9.51 86.73 96.24 OK
r-devel-linux-x86_64-fedora-clang 2.0.3 159.33 NOTE
r-devel-linux-x86_64-fedora-gcc 2.0.3 150.30 OK
r-devel-windows-x86_64-new-UL 2.0.3 26.00 166.00 192.00 NOTE
r-devel-windows-x86_64-new-TK 2.0.3 OK
r-devel-windows-x86_64-old 2.0.3 16.00 126.00 142.00 NOTE
r-patched-linux-x86_64 2.0.3 11.13 107.23 118.36 OK
r-patched-solaris-x86 2.0.3 223.40 NOTE
r-release-linux-x86_64 2.0.3 OK
r-release-macos-arm64 2.0.3 NOTE
r-release-macos-x86_64 2.0.3 NOTE
r-release-windows-ix86+x86_64 2.0.3 27.00 156.00 183.00 NOTE
r-oldrel-macos-x86_64 2.0.3 NOTE
r-oldrel-windows-ix86+x86_64 2.0.3 19.00 136.00 155.00 NOTE

Check Details

Version: 2.0.3
Check: installed package size
Result: NOTE
     installed size is 5.2Mb
     sub-directories of 1Mb or more:
     data 4.9Mb
Flavors: r-devel-linux-x86_64-fedora-clang, r-devel-windows-x86_64-new-UL, r-devel-windows-x86_64-old, r-patched-solaris-x86, r-release-macos-arm64, r-release-macos-x86_64, r-release-windows-ix86+x86_64, r-oldrel-macos-x86_64, r-oldrel-windows-ix86+x86_64