CRAN Package Check Results for Package AntAngioCOOL

Last updated on 2022-09-30 12:55:02 CEST.

Flavor Version Tinstall Tcheck Ttotal Status Flags
r-devel-linux-x86_64-debian-clang 1.2 65.67 267.04 332.71 OK
r-devel-linux-x86_64-debian-gcc 1.2 54.77 196.07 250.84 OK
r-devel-linux-x86_64-fedora-clang 1.2 451.45 NOTE
r-devel-linux-x86_64-fedora-gcc 1.2 421.58 OK
r-devel-windows-x86_64 1.2 63.00 241.00 304.00 NOTE
r-patched-linux-x86_64 1.2 56.20 259.78 315.98 OK
r-release-linux-x86_64 1.2 57.53 258.29 315.82 OK
r-release-macos-arm64 1.2 103.00 NOTE
r-release-macos-x86_64 1.2 227.00 NOTE
r-release-windows-x86_64 1.2 60.00 239.00 299.00 NOTE
r-oldrel-macos-arm64 1.2 139.00 NOTE
r-oldrel-macos-x86_64 1.2 244.00 NOTE
r-oldrel-windows-ix86+x86_64 1.2 160.00 246.00 406.00 NOTE

Check Details

Version: 1.2
Check: installed package size
Result: NOTE
     installed size is 35.4Mb
     sub-directories of 1Mb or more:
     R 35.3Mb
Flavors: r-devel-linux-x86_64-fedora-clang, r-devel-windows-x86_64, r-release-macos-arm64, r-release-macos-x86_64, r-release-windows-x86_64, r-oldrel-macos-arm64, r-oldrel-macos-x86_64, r-oldrel-windows-ix86+x86_64