CRAN Package Check Results for Package Andromeda

Last updated on 2021-10-20 07:49:39 CEST.

Flavor Version Tinstall Tcheck Ttotal Status Flags
r-devel-linux-x86_64-debian-clang 0.5.0 7.67 77.02 84.69 OK
r-devel-linux-x86_64-debian-gcc 0.5.0 5.84 57.87 63.71 OK
r-devel-linux-x86_64-fedora-clang 0.5.0 116.24 NOTE
r-devel-linux-x86_64-fedora-gcc 0.5.0 105.00 NOTE
r-devel-windows-x86_64 0.5.0 13.00 109.00 122.00 OK
r-devel-windows-x86_64-gcc10-UCRT 0.5.0 NOTE
r-patched-linux-x86_64 0.5.0 10.30 73.64 83.94 OK
r-patched-solaris-x86 0.5.0 124.10 NOTE
r-release-linux-x86_64 0.5.0 6.05 77.27 83.32 OK
r-release-macos-arm64 0.5.0 NOTE
r-release-macos-x86_64 0.5.0 NOTE
r-release-windows-ix86+x86_64 0.5.0 14.00 110.00 124.00 OK
r-oldrel-macos-x86_64 0.5.0 NOTE
r-oldrel-windows-ix86+x86_64 0.5.0 18.00 107.00 125.00 OK

Check Details

Version: 0.5.0
Check: dependencies in R code
Result: NOTE
    Namespace in Imports field not imported from: ‘hms’
     All declared Imports should be used.
Flavors: r-devel-linux-x86_64-fedora-clang, r-devel-linux-x86_64-fedora-gcc, r-devel-windows-x86_64-gcc10-UCRT, r-patched-solaris-x86, r-release-macos-arm64, r-release-macos-x86_64, r-oldrel-macos-x86_64