CRAN Package Check Results for Package AmpGram

Last updated on 2021-06-23 22:54:07 CEST.

Flavor Version Tinstall Tcheck Ttotal Status Flags
r-devel-linux-x86_64-debian-clang 1.0 11.93 95.33 107.26 OK
r-devel-linux-x86_64-debian-gcc 1.0 10.79 72.02 82.81 OK
r-devel-linux-x86_64-fedora-clang 1.0 134.94 OK
r-devel-linux-x86_64-fedora-gcc 1.0 134.29 OK
r-devel-windows-x86_64 1.0 19.00 120.00 139.00 OK
r-devel-windows-x86_64-gcc10-UCRT 1.0 ERROR
r-patched-linux-x86_64 1.0 10.41 92.95 103.36 OK
r-patched-solaris-x86 1.0 181.50 OK
r-release-linux-x86_64 1.0 8.74 92.26 101.00 OK
r-release-macos-arm64 1.0 OK
r-release-macos-x86_64 1.0 OK
r-release-windows-ix86+x86_64 1.0 20.00 104.00 124.00 OK
r-oldrel-macos-x86_64 1.0 OK

Check Details

Version: 1.0
Check: package dependencies
Result: ERROR
    Package required but not available: 'devtools'
    
    See section 'The DESCRIPTION file' in the 'Writing R Extensions'
    manual.
Flavor: r-devel-windows-x86_64-gcc10-UCRT