CRAN Package Check Results for Package AhoCorasickTrie

Last updated on 2022-11-27 06:52:50 CET.

Flavor Version Tinstall Tcheck Ttotal Status Flags
r-devel-linux-x86_64-debian-clang 0.1.2 21.45 44.62 66.07 NOTE
r-devel-linux-x86_64-debian-gcc 0.1.2 16.14 34.24 50.38 NOTE
r-devel-linux-x86_64-fedora-clang 0.1.2 108.30 NOTE
r-devel-linux-x86_64-fedora-gcc 0.1.2 111.74 NOTE
r-devel-windows-x86_64 0.1.2 29.00 91.00 120.00 NOTE
r-patched-linux-x86_64 0.1.2 18.94 42.15 61.09 NOTE
r-release-linux-x86_64 0.1.2 18.92 42.67 61.59 NOTE
r-release-macos-arm64 0.1.2 29.00 NOTE
r-release-macos-x86_64 0.1.2 47.00 NOTE
r-release-windows-x86_64 0.1.2 34.00 96.00 130.00 NOTE
r-oldrel-macos-arm64 0.1.2 40.00 NOTE
r-oldrel-macos-x86_64 0.1.2 68.00 NOTE
r-oldrel-windows-ix86+x86_64 0.1.2 56.00 118.00 174.00 NOTE

Check Details

Version: 0.1.2
Check: LazyData
Result: NOTE
     'LazyData' is specified without a 'data' directory
Flavors: r-devel-linux-x86_64-debian-clang, r-devel-linux-x86_64-debian-gcc, r-devel-linux-x86_64-fedora-clang, r-devel-linux-x86_64-fedora-gcc, r-devel-windows-x86_64, r-patched-linux-x86_64, r-release-linux-x86_64, r-release-macos-arm64, r-release-macos-x86_64, r-release-windows-x86_64, r-oldrel-macos-arm64, r-oldrel-macos-x86_64, r-oldrel-windows-ix86+x86_64

Version: 0.1.2
Check: package dependencies
Result: NOTE
    Package suggested but not available for checking: ‘Biostrings’
Flavor: r-release-macos-arm64

Version: 0.1.2
Check: Rd cross-references
Result: NOTE
    Package unavailable to check Rd xrefs: ‘Biostrings’
Flavor: r-release-macos-arm64