CRAN Package Check Results for Package AeroSampleR

Last updated on 2022-09-29 21:48:59 CEST.

Flavor Version Tinstall Tcheck Ttotal Status Flags
r-devel-linux-x86_64-debian-clang 0.1.14 2.80 39.80 42.60 OK
r-devel-linux-x86_64-debian-gcc 0.1.14 2.28 30.91 33.19 OK
r-devel-linux-x86_64-fedora-clang 0.1.14 68.54 NOTE
r-devel-linux-x86_64-fedora-gcc 0.1.14 63.78 NOTE
r-devel-windows-x86_64 0.1.14 30.00 78.00 108.00 OK
r-patched-linux-x86_64 0.1.14 3.01 39.75 42.76 OK
r-release-linux-x86_64 0.1.14 2.42 39.73 42.15 OK
r-release-macos-arm64 0.1.14 25.00 NOTE
r-release-macos-x86_64 0.1.14 33.00 NOTE
r-release-windows-x86_64 0.1.14 17.00 71.00 88.00 OK
r-oldrel-macos-arm64 0.1.14 25.00 NOTE
r-oldrel-macos-x86_64 0.1.14 33.00 NOTE
r-oldrel-windows-ix86+x86_64 0.1.14 8.00 86.00 94.00 OK

Check Details

Version: 0.1.14
Check: dependencies in R code
Result: NOTE
    Namespace in Imports field not imported from: ‘flextable’
     All declared Imports should be used.
Flavors: r-devel-linux-x86_64-fedora-clang, r-devel-linux-x86_64-fedora-gcc, r-release-macos-arm64, r-release-macos-x86_64, r-oldrel-macos-arm64, r-oldrel-macos-x86_64