CRAN Package Check Results for Package ActCR

Last updated on 2022-11-26 05:51:43 CET.

Flavor Version Tinstall Tcheck Ttotal Status Flags
r-devel-linux-x86_64-debian-clang 0.3.0 14.63 129.90 144.53 NOTE
r-devel-linux-x86_64-debian-gcc 0.3.0 11.30 95.91 107.21 NOTE
r-devel-linux-x86_64-fedora-clang 0.3.0 194.75 NOTE
r-devel-linux-x86_64-fedora-gcc 0.3.0 191.78 NOTE
r-devel-windows-x86_64 0.3.0 20.00 154.00 174.00 NOTE
r-patched-linux-x86_64 0.3.0 OK
r-release-linux-x86_64 0.3.0 13.22 123.36 136.58 OK
r-release-macos-arm64 0.3.0 52.00 OK
r-release-macos-x86_64 0.3.0 69.00 OK
r-release-windows-x86_64 0.3.0 24.00 156.00 180.00 OK
r-oldrel-macos-arm64 0.3.0 46.00 OK
r-oldrel-macos-x86_64 0.3.0 68.00 OK
r-oldrel-windows-ix86+x86_64 0.3.0 34.00 150.00 184.00 OK

Check Details

Version: 0.3.0
Check: package subdirectories
Result: NOTE
    Problems with news in 'NEWS.md':
    No news entries found.
Flavors: r-devel-linux-x86_64-debian-clang, r-devel-linux-x86_64-debian-gcc, r-devel-linux-x86_64-fedora-clang, r-devel-linux-x86_64-fedora-gcc, r-devel-windows-x86_64