Last updated on 2023-12-08 00:51:48 CET.
Flavor | Version | Tinstall | Tcheck | Ttotal | Status | Flags |
---|---|---|---|---|---|---|
r-devel-linux-x86_64-debian-clang | 0.3.0 | 8.67 | 85.98 | 94.65 | NOTE | |
r-devel-linux-x86_64-debian-gcc | 0.3.0 | 7.72 | 61.57 | 69.29 | NOTE | |
r-devel-linux-x86_64-fedora-clang | 0.3.0 | 112.26 | NOTE | |||
r-devel-linux-x86_64-fedora-gcc | 0.3.0 | 106.95 | NOTE | |||
r-devel-windows-x86_64 | 0.3.0 | 9.00 | 81.00 | 90.00 | NOTE | |
r-patched-linux-x86_64 | 0.3.0 | 6.05 | 81.06 | 87.11 | NOTE | |
r-release-linux-x86_64 | 0.3.0 | 6.13 | 77.39 | 83.52 | NOTE | |
r-release-macos-arm64 | 0.3.0 | 37.00 | NOTE | |||
r-release-macos-x86_64 | 0.3.0 | 55.00 | NOTE | |||
r-release-windows-x86_64 | 0.3.0 | 12.00 | 97.00 | 109.00 | NOTE | |
r-oldrel-macos-arm64 | 0.3.0 | 52.00 | OK | |||
r-oldrel-macos-x86_64 | 0.3.0 | 69.00 | OK | |||
r-oldrel-windows-x86_64 | 0.3.0 | 11.00 | 96.00 | 107.00 | OK |
Version: 0.3.0
Check: package subdirectories
Result: NOTE
Problems with news in ‘NEWS.md’:
No news entries found.
Flavors: r-devel-linux-x86_64-debian-clang, r-devel-linux-x86_64-debian-gcc, r-devel-linux-x86_64-fedora-clang, r-devel-linux-x86_64-fedora-gcc, r-devel-windows-x86_64, r-patched-linux-x86_64, r-release-linux-x86_64, r-release-macos-arm64, r-release-macos-x86_64, r-release-windows-x86_64