CRAN Package Check Results for Package ASV

Last updated on 2023-03-30 12:55:03 CEST.

Flavor Version Tinstall Tcheck Ttotal Status Flags
r-devel-linux-x86_64-debian-clang 1.1.1 56.09 51.10 107.19 NOTE
r-devel-linux-x86_64-debian-gcc 1.1.1 42.29 36.92 79.21 NOTE
r-devel-linux-x86_64-fedora-clang 1.1.1 147.66 NOTE
r-devel-linux-x86_64-fedora-gcc 1.1.1 135.12 NOTE
r-devel-windows-x86_64 1.1.1 56.00 0.00 56.00 NOTE
r-patched-linux-x86_64 1.1.1 42.49 48.83 91.32 NOTE
r-release-linux-x86_64 1.1.1 45.87 49.01 94.88 OK
r-release-macos-arm64 1.1.1 39.00 NOTE
r-release-macos-x86_64 1.1.1 52.00 NOTE
r-release-windows-x86_64 1.1.1 51.00 119.00 170.00 OK
r-oldrel-macos-arm64 1.1.1 37.00 NOTE
r-oldrel-macos-x86_64 1.1.1 53.00 NOTE
r-oldrel-windows-ix86+x86_64 1.1.1 122.00 145.00 267.00 OK

Check Details

Version: 1.1.1
Check: C++ specification
Result: NOTE
     Specified C++11: please drop specification unless essential
Flavors: r-devel-linux-x86_64-debian-clang, r-devel-linux-x86_64-debian-gcc, r-devel-linux-x86_64-fedora-clang, r-devel-linux-x86_64-fedora-gcc, r-devel-windows-x86_64, r-patched-linux-x86_64

Version: 1.1.1
Check: installed package size
Result: NOTE
     installed size is 6.5Mb
     sub-directories of 1Mb or more:
     libs 6.3Mb
Flavors: r-release-macos-arm64, r-release-macos-x86_64, r-oldrel-macos-arm64, r-oldrel-macos-x86_64