Last updated on 2023-09-29 00:56:42 CEST.
Flavor | Version | Tinstall | Tcheck | Ttotal | Status | Flags |
---|---|---|---|---|---|---|
r-devel-linux-x86_64-debian-clang | 1.1.3 | 60.27 | 230.84 | 291.11 | NOTE | |
r-devel-linux-x86_64-debian-gcc | 1.1.3 | 52.16 | 180.15 | 232.31 | NOTE | |
r-devel-linux-x86_64-fedora-clang | 1.1.3 | 392.12 | NOTE | |||
r-devel-linux-x86_64-fedora-gcc | 1.1.3 | 373.05 | NOTE | |||
r-devel-windows-x86_64 | 1.1.3 | 59.00 | 176.00 | 235.00 | NOTE | |
r-patched-linux-x86_64 | 1.1.3 | 51.39 | 206.14 | 257.53 | OK | |
r-release-linux-x86_64 | 1.1.3 | 58.86 | 213.47 | 272.33 | OK | |
r-release-macos-arm64 | 1.1.3 | 118.00 | NOTE | |||
r-release-macos-x86_64 | 1.1.3 | 209.00 | NOTE | |||
r-release-windows-x86_64 | 1.1.3 | 63.00 | 223.00 | 286.00 | OK | |
r-oldrel-macos-arm64 | 1.1.3 | 110.00 | NOTE | |||
r-oldrel-macos-x86_64 | 1.1.3 | 153.00 | OK | |||
r-oldrel-windows-x86_64 | 1.1.3 | 62.00 | 237.00 | 299.00 | OK |
Version: 1.1.3
Check: Rd \usage sections
Result: NOTE
Documented arguments not in \usage in documentation object 'check.args_':
‘rename_’ ‘arg.update_’
Functions with \usage entries need to have the appropriate \alias
entries, and all their arguments documented.
The \usage entries must correspond to syntactically valid R code.
See chapter ‘Writing R documentation files’ in the ‘Writing R
Extensions’ manual.
Flavors: r-devel-linux-x86_64-debian-clang, r-devel-linux-x86_64-debian-gcc, r-devel-linux-x86_64-fedora-clang, r-devel-linux-x86_64-fedora-gcc, r-devel-windows-x86_64
Version: 1.1.3
Check: installed package size
Result: NOTE
installed size is 5.4Mb
sub-directories of 1Mb or more:
data 5.1Mb
Flavors: r-release-macos-arm64, r-release-macos-x86_64, r-oldrel-macos-arm64