CRAN Package Check Results for Package ARpLMEC

Last updated on 2021-09-25 22:53:58 CEST.

Flavor Version Tinstall Tcheck Ttotal Status Flags
r-devel-linux-x86_64-debian-clang 2.1 23.31 112.92 136.23 OK
r-devel-linux-x86_64-debian-gcc 2.1 16.88 83.79 100.67 OK
r-devel-linux-x86_64-fedora-clang 2.1 171.68 NOTE
r-devel-linux-x86_64-fedora-gcc 2.1 160.27 NOTE
r-devel-windows-x86_64 2.1 18.00 88.00 106.00 OK
r-devel-windows-x86_64-gcc10-UCRT 2.1 NOTE
r-patched-linux-x86_64 2.1 22.15 108.77 130.92 OK
r-patched-solaris-x86 2.1 230.50 NOTE
r-release-linux-x86_64 2.1 21.64 109.60 131.24 OK
r-release-macos-arm64 2.1 NOTE
r-release-macos-x86_64 2.1 NOTE
r-release-windows-ix86+x86_64 2.1 27.00 97.00 124.00 OK
r-oldrel-macos-x86_64 2.1 NOTE
r-oldrel-windows-ix86+x86_64 2.1 22.00 88.00 110.00 OK

Check Details

Version: 2.1
Check: dependencies in R code
Result: NOTE
    Namespaces in Imports field not imported from:
     ‘Matrix’ ‘gmm’ ‘graphics’ ‘sandwich’ ‘stats4’ ‘utils’
     All declared Imports should be used.
Flavors: r-devel-linux-x86_64-fedora-clang, r-devel-linux-x86_64-fedora-gcc, r-devel-windows-x86_64-gcc10-UCRT, r-patched-solaris-x86, r-release-macos-arm64, r-release-macos-x86_64, r-oldrel-macos-x86_64