CRAN Package Check Results for Package AQuadtree

Last updated on 2024-02-27 18:49:09 CET.

Flavor Version Tinstall Tcheck Ttotal Status Flags
r-devel-linux-x86_64-debian-clang 1.0.4 9.96 133.79 143.75 OK
r-devel-linux-x86_64-debian-gcc 1.0.4 9.90 101.60 111.50 OK
r-devel-linux-x86_64-fedora-clang 1.0.4 182.69 OK
r-devel-linux-x86_64-fedora-gcc 1.0.4 185.31 OK
r-devel-windows-x86_64 1.0.4 11.00 126.00 137.00 OK
r-patched-linux-x86_64 1.0.4 9.00 127.68 136.68 OK
r-release-linux-x86_64 1.0.4 10.60 128.00 138.60 OK
r-release-macos-arm64 1.0.4 60.00 OK
r-release-macos-x86_64 1.0.4 94.00 NOTE
r-release-windows-x86_64 1.0.4 16.00 150.00 166.00 OK
r-oldrel-macos-arm64 1.0.4 60.00 OK
r-oldrel-windows-x86_64 1.0.4 17.00 155.00 172.00 OK

Check Details

Version: 1.0.4
Check: installed package size
Result: NOTE installed size is 5.8Mb sub-directories of 1Mb or more: data 4.7Mb Flavor: r-release-macos-x86_64