CRAN Package Check Results for Package AQuadtree

Last updated on 2021-06-20 13:48:47 CEST.

Flavor Version Tinstall Tcheck Ttotal Status Flags
r-devel-linux-x86_64-debian-clang 1.0.2 11.86 125.54 137.40 OK
r-devel-linux-x86_64-debian-gcc 1.0.2 8.62 93.71 102.33 OK
r-devel-linux-x86_64-fedora-clang 1.0.2 166.58 NOTE
r-devel-linux-x86_64-fedora-gcc 1.0.2 166.16 OK
r-devel-windows-x86_64 1.0.2 19.00 158.00 177.00 NOTE
r-devel-windows-x86_64-gcc10-UCRT 1.0.2 WARN
r-patched-linux-x86_64 1.0.2 9.91 118.97 128.88 OK
r-patched-solaris-x86 1.0.2 215.30 NOTE
r-release-linux-x86_64 1.0.2 10.04 117.75 127.79 OK
r-release-macos-arm64 1.0.2 NOTE
r-release-macos-x86_64 1.0.2 NOTE
r-release-windows-ix86+x86_64 1.0.2 23.00 154.00 177.00 NOTE
r-oldrel-macos-x86_64 1.0.2 NOTE
r-oldrel-windows-ix86+x86_64 1.0.2 19.00 136.00 155.00 NOTE

Check Details

Version: 1.0.2
Check: installed package size
Result: NOTE
     installed size is 5.1Mb
     sub-directories of 1Mb or more:
     data 3.8Mb
Flavors: r-devel-linux-x86_64-fedora-clang, r-devel-windows-x86_64, r-patched-solaris-x86, r-release-macos-arm64, r-release-macos-x86_64, r-release-windows-ix86+x86_64, r-oldrel-macos-x86_64, r-oldrel-windows-ix86+x86_64

Version: 1.0.2
Check: package dependencies
Result: NOTE
    Package suggested but not available for checking: 'devtools'
Flavor: r-devel-windows-x86_64-gcc10-UCRT

Version: 1.0.2
Check: re-building of vignette outputs
Result: WARN
    Error(s) in re-building vignettes:
    --- re-building 'AQuadtreeUse.Rmd' using rmarkdown
    Warning: `summarise_()` was deprecated in dplyr 0.7.0.
    Please use `summarise()` instead.
    This warning is displayed once every 8 hours.
    Call `lifecycle::last_warnings()` to see where this warning was generated.
    Warning in proj4string(object) :
     CRS object has comment, which is lost in output
    Warning in proj4string(object) :
     CRS object has comment, which is lost in output
    Warning in proj4string(object) :
     CRS object has comment, which is lost in output
    Warning in proj4string(object) :
     CRS object has comment, which is lost in output
    Warning in proj4string(object) :
     CRS object has comment, which is lost in output
    Warning in proj4string(object) :
     CRS object has comment, which is lost in output
    Quitting from lines 214-215 (AQuadtreeUse.Rmd)
    Error: processing vignette 'AQuadtreeUse.Rmd' failed with diagnostics:
    there is no package called 'devtools'
    --- failed re-building 'AQuadtreeUse.Rmd'
    
    SUMMARY: processing the following file failed:
     'AQuadtreeUse.Rmd'
    
    Error: Vignette re-building failed.
    Execution halted
Flavor: r-devel-windows-x86_64-gcc10-UCRT

Version: 1.0.2
Check: package dependencies
Result: NOTE
    Package suggested but not available for checking: ‘rgdal’
Flavor: r-release-macos-arm64