CRAN Package Check Results for Package APML

Last updated on 2021-10-18 13:53:49 CEST.

Flavor Version Tinstall Tcheck Ttotal Status Flags
r-devel-linux-x86_64-debian-clang 0.0.2 7.28 64.96 72.24 OK
r-devel-linux-x86_64-debian-gcc 0.0.2 6.29 48.17 54.46 OK
r-devel-linux-x86_64-fedora-clang 0.0.2 96.71 NOTE
r-devel-linux-x86_64-fedora-gcc 0.0.2 79.77 NOTE
r-devel-windows-x86_64 0.0.2 12.00 90.00 102.00 OK
r-devel-windows-x86_64-gcc10-UCRT 0.0.2 NOTE
r-patched-linux-x86_64 0.0.2 6.88 60.69 67.57 OK
r-patched-solaris-x86 0.0.2 125.70 NOTE
r-release-linux-x86_64 0.0.2 6.84 64.03 70.87 OK
r-release-macos-arm64 0.0.2 NOTE
r-release-macos-x86_64 0.0.2 NOTE
r-release-windows-ix86+x86_64 0.0.2 21.00 88.00 109.00 OK
r-oldrel-macos-x86_64 0.0.2 NOTE
r-oldrel-windows-ix86+x86_64 0.0.2 20.00 87.00 107.00 OK

Check Details

Version: 0.0.2
Check: dependencies in R code
Result: NOTE
    Namespaces in Imports field not imported from:
     ‘survival’ ‘tidyverse’
     All declared Imports should be used.
Flavors: r-devel-linux-x86_64-fedora-clang, r-devel-linux-x86_64-fedora-gcc, r-devel-windows-x86_64-gcc10-UCRT, r-patched-solaris-x86, r-release-macos-arm64, r-release-macos-x86_64, r-oldrel-macos-x86_64