CRAN Package Check Results for Package AMModels

Last updated on 2021-06-15 01:50:16 CEST.

Flavor Version Tinstall Tcheck Ttotal Status Flags
r-devel-linux-x86_64-debian-clang 0.1.4 16.33 106.08 122.41 OK
r-devel-linux-x86_64-debian-gcc 0.1.4 15.00 81.27 96.27 OK
r-devel-linux-x86_64-fedora-clang 0.1.4 156.50 OK
r-devel-linux-x86_64-fedora-gcc 0.1.4 149.43 OK
r-devel-windows-x86_64 0.1.4 24.00 125.00 149.00 OK
r-devel-windows-x86_64-gcc10-UCRT 0.1.4 OK
r-patched-linux-x86_64 0.1.4 15.24 108.33 123.57 OK
r-patched-solaris-x86 0.1.4 206.90 OK
r-release-linux-x86_64 0.1.4 13.73 103.86 117.59 OK
r-release-macos-arm64 0.1.4 OK
r-release-macos-x86_64 0.1.4 OK
r-release-windows-ix86+x86_64 0.1.4 32.00 127.00 159.00 OK
r-oldrel-macos-x86_64 0.1.4 NOTE
r-oldrel-windows-ix86+x86_64 0.1.4 48.00 138.00 186.00 OK

Check Details

Version: 0.1.4
Check: package dependencies
Result: NOTE
    Package suggested but not available for checking: ‘AICcmodavg’
Flavor: r-oldrel-macos-x86_64