CRAN Package Check Results for Package ALTopt

Last updated on 2024-06-19 00:49:23 CEST.

Flavor Version Tinstall Tcheck Ttotal Status Flags
r-devel-linux-x86_64-debian-clang 0.1.2 3.88 30.82 34.70 NOTE
r-devel-linux-x86_64-debian-gcc 0.1.2 2.66 23.13 25.79 NOTE
r-devel-linux-x86_64-fedora-clang 0.1.2 42.72 NOTE
r-devel-linux-x86_64-fedora-gcc 0.1.2 40.53 NOTE
r-devel-windows-x86_64 0.1.2 5.00 47.00 52.00 NOTE
r-patched-linux-x86_64 0.1.2 3.37 33.43 36.80 NOTE
r-release-linux-x86_64 0.1.2 3.75 29.71 33.46 NOTE
r-release-macos-arm64 0.1.2 16.00 NOTE
r-release-macos-x86_64 0.1.2 25.00 NOTE
r-release-windows-x86_64 0.1.2 4.00 48.00 52.00 NOTE
r-oldrel-macos-arm64 0.1.2 17.00 NOTE
r-oldrel-macos-x86_64 0.1.2 25.00 NOTE
r-oldrel-windows-x86_64 0.1.2 4.00 51.00 55.00 NOTE

Check Details

Version: 0.1.2
Check: Rd files
Result: NOTE checkRd: (-1) altopt.ic.Rd:63: Lost braces in \itemize; \value handles \item{}{} directly checkRd: (-1) altopt.ic.Rd:64: Lost braces in \itemize; \value handles \item{}{} directly checkRd: (-1) altopt.ic.Rd:65: Lost braces in \itemize; \value handles \item{}{} directly checkRd: (-1) altopt.ic.Rd:66: Lost braces in \itemize; \value handles \item{}{} directly checkRd: (-1) altopt.ic.Rd:67: Lost braces in \itemize; \value handles \item{}{} directly checkRd: (-1) altopt.ic.Rd:68: Lost braces in \itemize; \value handles \item{}{} directly checkRd: (-1) altopt.ic.Rd:69: Lost braces in \itemize; \value handles \item{}{} directly checkRd: (-1) altopt.rc.Rd:60: Lost braces in \itemize; \value handles \item{}{} directly checkRd: (-1) altopt.rc.Rd:61: Lost braces in \itemize; \value handles \item{}{} directly checkRd: (-1) altopt.rc.Rd:62: Lost braces in \itemize; \value handles \item{}{} directly checkRd: (-1) altopt.rc.Rd:63: Lost braces in \itemize; \value handles \item{}{} directly checkRd: (-1) altopt.rc.Rd:64: Lost braces in \itemize; \value handles \item{}{} directly checkRd: (-1) altopt.rc.Rd:65: Lost braces in \itemize; \value handles \item{}{} directly checkRd: (-1) altopt.rc.Rd:66: Lost braces in \itemize; \value handles \item{}{} directly Flavors: r-devel-linux-x86_64-debian-clang, r-devel-linux-x86_64-debian-gcc, r-devel-linux-x86_64-fedora-clang, r-devel-linux-x86_64-fedora-gcc, r-devel-windows-x86_64, r-patched-linux-x86_64, r-release-linux-x86_64, r-release-macos-arm64, r-release-macos-x86_64, r-release-windows-x86_64

Version: 0.1.2
Check: LazyData
Result: NOTE 'LazyData' is specified without a 'data' directory Flavors: r-devel-linux-x86_64-debian-clang, r-devel-linux-x86_64-debian-gcc, r-devel-linux-x86_64-fedora-clang, r-devel-linux-x86_64-fedora-gcc, r-devel-windows-x86_64, r-patched-linux-x86_64, r-release-linux-x86_64, r-release-macos-arm64, r-release-macos-x86_64, r-release-windows-x86_64, r-oldrel-macos-arm64, r-oldrel-macos-x86_64, r-oldrel-windows-x86_64