CRAN Package Check Results for Package AIG

Last updated on 2021-08-02 22:54:18 CEST.

Flavor Version Tinstall Tcheck Ttotal Status Flags
r-devel-linux-x86_64-debian-clang 0.1.9 11.42 53.60 65.02 NOTE
r-devel-linux-x86_64-debian-gcc 0.1.9 9.05 44.75 53.80 NOTE
r-devel-linux-x86_64-fedora-clang 0.1.9 144.92 NOTE
r-devel-linux-x86_64-fedora-gcc 0.1.9 127.92 NOTE
r-devel-windows-x86_64 0.1.9 13.00 98.00 111.00 NOTE
r-devel-windows-x86_64-gcc10-UCRT 0.1.9 NOTE
r-patched-linux-x86_64 0.1.9 NOTE
r-patched-solaris-x86 0.1.9 167.00 NOTE
r-release-linux-x86_64 0.1.9 10.35 51.69 62.04 NOTE
r-release-macos-arm64 0.1.9 NOTE
r-release-macos-x86_64 0.1.9 NOTE
r-release-windows-ix86+x86_64 0.1.9 26.00 83.00 109.00 NOTE
r-oldrel-macos-x86_64 0.1.9 OK
r-oldrel-windows-ix86+x86_64 0.1.9 34.00 133.00 167.00 OK

Check Details

Version: 0.1.9
Check: LazyData
Result: NOTE
     'LazyData' is specified without a 'data' directory
Flavors: r-devel-linux-x86_64-debian-clang, r-devel-linux-x86_64-debian-gcc, r-devel-linux-x86_64-fedora-clang, r-devel-linux-x86_64-fedora-gcc, r-devel-windows-x86_64, r-devel-windows-x86_64-gcc10-UCRT, r-patched-linux-x86_64, r-patched-solaris-x86, r-release-linux-x86_64, r-release-macos-arm64, r-release-macos-x86_64, r-release-windows-ix86+x86_64

Version: 0.1.9
Check: for non-standard things in the check directory
Result: NOTE
    Found the following files/directories:
     'ans_19-2.jpg' 'display2d_19-2.jpg' 'dist(3)_19-2.jpg'
     'dist(4)_19-2.jpg' 'dist(mirror)_19-2.jpg' 'dist(mirror2)_19-2.jpg'
Flavors: r-devel-linux-x86_64-debian-clang, r-devel-linux-x86_64-debian-gcc, r-devel-linux-x86_64-fedora-clang, r-devel-linux-x86_64-fedora-gcc, r-patched-linux-x86_64, r-patched-solaris-x86, r-release-linux-x86_64