CRAN Package Check Results for Package AFheritability

Last updated on 2021-06-21 07:48:34 CEST.

Flavor Version Tinstall Tcheck Ttotal Status Flags
r-devel-linux-x86_64-debian-clang 0.1.0 6.20 57.17 63.37 NOTE
r-devel-linux-x86_64-debian-gcc 0.1.0 4.45 43.16 47.61 NOTE
r-devel-linux-x86_64-fedora-clang 0.1.0 83.05 NOTE
r-devel-linux-x86_64-fedora-gcc 0.1.0 73.93 NOTE
r-devel-windows-x86_64 0.1.0 10.00 74.00 84.00 NOTE
r-devel-windows-x86_64-gcc10-UCRT 0.1.0 NOTE
r-patched-linux-x86_64 0.1.0 6.20 54.08 60.28 NOTE
r-patched-solaris-x86 0.1.0 106.40 NOTE
r-release-linux-x86_64 0.1.0 5.79 54.34 60.13 NOTE
r-release-macos-arm64 0.1.0 NOTE
r-release-macos-x86_64 0.1.0 NOTE
r-release-windows-ix86+x86_64 0.1.0 16.00 80.00 96.00 NOTE
r-oldrel-macos-x86_64 0.1.0 OK

Check Details

Version: 0.1.0
Check: LazyData
Result: NOTE
     'LazyData' is specified without a 'data' directory
Flavors: r-devel-linux-x86_64-debian-clang, r-devel-linux-x86_64-debian-gcc, r-devel-linux-x86_64-fedora-clang, r-devel-linux-x86_64-fedora-gcc, r-devel-windows-x86_64, r-devel-windows-x86_64-gcc10-UCRT, r-patched-linux-x86_64, r-patched-solaris-x86, r-release-linux-x86_64, r-release-macos-arm64, r-release-macos-x86_64, r-release-windows-ix86+x86_64