CRAN Package Check Results for Package AFheritability

Last updated on 2022-10-03 18:52:01 CEST.

Flavor Version Tinstall Tcheck Ttotal Status Flags
r-devel-linux-x86_64-debian-clang 0.1.0 7.31 65.30 72.61 NOTE
r-devel-linux-x86_64-debian-gcc 0.1.0 5.27 48.43 53.70 NOTE
r-devel-linux-x86_64-fedora-clang 0.1.0 110.04 NOTE
r-devel-linux-x86_64-fedora-gcc 0.1.0 95.41 NOTE
r-devel-windows-x86_64 0.1.0 27.00 108.00 135.00 NOTE
r-patched-linux-x86_64 0.1.0 6.24 61.20 67.44 NOTE
r-release-linux-x86_64 0.1.0 6.22 64.75 70.97 NOTE
r-release-macos-arm64 0.1.0 27.00 NOTE
r-release-macos-x86_64 0.1.0 39.00 NOTE
r-release-windows-x86_64 0.1.0 31.00 86.00 117.00 NOTE
r-oldrel-macos-arm64 0.1.0 35.00 NOTE
r-oldrel-macos-x86_64 0.1.0 45.00 NOTE
r-oldrel-windows-ix86+x86_64 0.1.0 18.00 88.00 106.00 NOTE

Check Details

Version: 0.1.0
Check: LazyData
Result: NOTE
     'LazyData' is specified without a 'data' directory
Flavors: r-devel-linux-x86_64-debian-clang, r-devel-linux-x86_64-debian-gcc, r-devel-linux-x86_64-fedora-clang, r-devel-linux-x86_64-fedora-gcc, r-devel-windows-x86_64, r-patched-linux-x86_64, r-release-linux-x86_64, r-release-macos-arm64, r-release-macos-x86_64, r-release-windows-x86_64, r-oldrel-macos-arm64, r-oldrel-macos-x86_64, r-oldrel-windows-ix86+x86_64