Last updated on 2023-09-25 01:03:29 CEST.
Flavor | Version | Tinstall | Tcheck | Ttotal | Status | Flags |
---|---|---|---|---|---|---|
r-devel-linux-x86_64-debian-clang | 0.1.0 | 6.69 | 59.91 | 66.60 | NOTE | |
r-devel-linux-x86_64-debian-gcc | 0.1.0 | 5.67 | 44.30 | 49.97 | NOTE | |
r-devel-linux-x86_64-fedora-clang | 0.1.0 | 85.51 | NOTE | |||
r-devel-linux-x86_64-fedora-gcc | 0.1.0 | 78.90 | NOTE | |||
r-devel-windows-x86_64 | 0.1.0 | 9.00 | 78.00 | 87.00 | NOTE | |
r-patched-linux-x86_64 | 0.1.0 | 7.12 | 56.51 | 63.63 | NOTE | |
r-release-linux-x86_64 | 0.1.0 | 7.02 | 57.25 | 64.27 | NOTE | |
r-release-macos-arm64 | 0.1.0 | 31.00 | NOTE | |||
r-release-macos-x86_64 | 0.1.0 | 43.00 | NOTE | |||
r-release-windows-x86_64 | 0.1.0 | 10.00 | 70.00 | 80.00 | NOTE | |
r-oldrel-macos-arm64 | 0.1.0 | 27.00 | NOTE | |||
r-oldrel-macos-x86_64 | 0.1.0 | 39.00 | NOTE | |||
r-oldrel-windows-x86_64 | 0.1.0 | 10.00 | 75.00 | 85.00 | NOTE |
Version: 0.1.0
Check: LazyData
Result: NOTE
'LazyData' is specified without a 'data' directory
Flavors: r-devel-linux-x86_64-debian-clang, r-devel-linux-x86_64-debian-gcc, r-devel-linux-x86_64-fedora-clang, r-devel-linux-x86_64-fedora-gcc, r-devel-windows-x86_64, r-patched-linux-x86_64, r-release-linux-x86_64, r-release-macos-arm64, r-release-macos-x86_64, r-release-windows-x86_64, r-oldrel-macos-arm64, r-oldrel-macos-x86_64, r-oldrel-windows-x86_64