CRAN Package Check Results for Package ACDC

Last updated on 2022-09-26 06:51:06 CEST.

Flavor Version Tinstall Tcheck Ttotal Status Flags
r-devel-linux-x86_64-debian-clang 1.0.0 8.98 93.04 102.02 NOTE
r-devel-linux-x86_64-debian-gcc 1.0.0 5.86 68.22 74.08 NOTE
r-devel-linux-x86_64-fedora-clang 1.0.0 132.14 NOTE
r-devel-linux-x86_64-fedora-gcc 1.0.0 126.88 NOTE
r-devel-windows-x86_64 1.0.0 17.00 135.00 152.00 NOTE
r-patched-linux-x86_64 1.0.0 8.85 85.43 94.28 OK
r-release-linux-x86_64 1.0.0 5.62 86.40 92.02 OK
r-release-macos-arm64 1.0.0 33.00 OK
r-release-macos-x86_64 1.0.0 64.00 OK
r-release-windows-x86_64 1.0.0 17.00 114.00 131.00 OK
r-oldrel-macos-arm64 1.0.0 34.00 OK
r-oldrel-macos-x86_64 1.0.0 46.00 OK
r-oldrel-windows-ix86+x86_64 1.0.0 19.00 118.00 137.00 OK

Check Details

Version: 1.0.0
Check: package subdirectories
Result: NOTE
    Problems with news in 'NEWS.md':
    No news entries found.
Flavors: r-devel-linux-x86_64-debian-clang, r-devel-linux-x86_64-debian-gcc, r-devel-linux-x86_64-fedora-clang, r-devel-linux-x86_64-fedora-gcc, r-devel-windows-x86_64