Last updated on 2022-08-20 01:50:13 CEST.
Flavor | Version | Tinstall | Tcheck | Ttotal | Status | Flags |
---|---|---|---|---|---|---|
r-devel-linux-x86_64-debian-clang | 0.1.2 | 48.37 | 83.36 | 131.73 | OK | |
r-devel-linux-x86_64-debian-gcc | 0.1.2 | 44.43 | 74.58 | 119.01 | OK | |
r-devel-linux-x86_64-fedora-clang | 0.1.2 | 171.68 | OK | |||
r-devel-linux-x86_64-fedora-gcc | 0.1.2 | 175.04 | OK | |||
r-devel-windows-x86_64 | 0.1.2 | 43.00 | 159.00 | 202.00 | OK | |
r-patched-linux-x86_64 | 0.1.2 | 45.27 | 79.41 | 124.68 | OK | |
r-release-linux-x86_64 | 0.1.2 | OK | ||||
r-release-macos-arm64 | 0.1.2 | 52.00 | NOTE | |||
r-release-macos-x86_64 | 0.1.2 | 80.00 | NOTE | |||
r-release-windows-x86_64 | 0.1.2 | 42.00 | 155.00 | 197.00 | OK | |
r-oldrel-macos-arm64 | 0.1.2 | 69.00 | NOTE | |||
r-oldrel-macos-x86_64 | 0.1.2 | 76.00 | NOTE | |||
r-oldrel-windows-ix86+x86_64 | 0.1.2 | 119.00 | 184.00 | 303.00 | OK |
Version: 0.1.2
Check: installed package size
Result: NOTE
installed size is 7.8Mb
sub-directories of 1Mb or more:
libs 7.5Mb
Flavors: r-release-macos-arm64, r-release-macos-x86_64, r-oldrel-macos-arm64, r-oldrel-macos-x86_64