CRAN Package Check Results for Package zoo

Last updated on 2020-09-18 13:52:28 CEST.

Flavor Version Tinstall Tcheck Ttotal Status Flags
r-devel-linux-x86_64-debian-clang 1.8-8 10.69 72.72 83.41 OK
r-devel-linux-x86_64-debian-gcc 1.8-8 7.92 61.69 69.61 OK
r-devel-linux-x86_64-fedora-clang 1.8-8 134.75 NOTE
r-devel-linux-x86_64-fedora-gcc 1.8-8 126.13 OK
r-devel-windows-ix86+x86_64 1.8-8 17.00 188.00 205.00 OK
r-patched-linux-x86_64 1.8-8 8.51 70.79 79.30 OK
r-patched-solaris-x86 1.8-8 147.20 OK
r-release-linux-x86_64 1.8-8 8.99 71.45 80.44 OK
r-release-macos-x86_64 1.8-8 OK
r-release-windows-ix86+x86_64 1.8-8 18.00 172.00 190.00 OK
r-oldrel-macos-x86_64 1.8-8 OK
r-oldrel-windows-ix86+x86_64 1.8-8 13.00 177.00 190.00 OK

Check Details

Version: 1.8-8
Check: Rd cross-references
Result: NOTE
    Undeclared packages ‘stinepack’, ‘latticeExtra’ in Rd xrefs
Flavor: r-devel-linux-x86_64-fedora-clang