CRAN Package Check Results for Package zipR

Last updated on 2023-01-31 19:07:41 CET.

Flavor Version Tinstall Tcheck Ttotal Status Flags
r-devel-linux-x86_64-debian-clang 0.1.1 1.84 22.42 24.26 NOTE
r-devel-linux-x86_64-debian-gcc 0.1.1 1.49 18.02 19.51 NOTE
r-devel-linux-x86_64-fedora-clang 0.1.1 31.72 NOTE
r-devel-linux-x86_64-fedora-gcc 0.1.1 42.12 NOTE
r-devel-windows-x86_64 0.1.1 10.00 51.00 61.00 NOTE
r-patched-linux-x86_64 0.1.1 1.88 23.22 25.10 NOTE
r-release-linux-x86_64 0.1.1 1.97 23.08 25.05 NOTE
r-release-macos-arm64 0.1.1 16.00 NOTE
r-release-macos-x86_64 0.1.1 21.00 NOTE
r-release-windows-x86_64 0.1.1 11.00 57.00 68.00 NOTE
r-oldrel-macos-arm64 0.1.1 21.00 NOTE
r-oldrel-macos-x86_64 0.1.1 26.00 NOTE
r-oldrel-windows-ix86+x86_64 0.1.1 4.00 48.00 52.00 NOTE

Check Details

Version: 0.1.1
Check: LazyData
Result: NOTE
     'LazyData' is specified without a 'data' directory
Flavors: r-devel-linux-x86_64-debian-clang, r-devel-linux-x86_64-debian-gcc, r-devel-linux-x86_64-fedora-clang, r-devel-linux-x86_64-fedora-gcc, r-devel-windows-x86_64, r-patched-linux-x86_64, r-release-linux-x86_64, r-release-macos-arm64, r-release-macos-x86_64, r-release-windows-x86_64, r-oldrel-macos-arm64, r-oldrel-macos-x86_64, r-oldrel-windows-ix86+x86_64