CRAN Package Check Results for Package zendeskR

Last updated on 2022-09-30 12:55:25 CEST.

Flavor Version Tinstall Tcheck Ttotal Status Flags
r-devel-linux-x86_64-debian-clang 0.4 3.29 29.99 33.28 NOTE
r-devel-linux-x86_64-debian-gcc 0.4 2.51 23.66 26.17 NOTE
r-devel-linux-x86_64-fedora-clang 0.4 52.76 NOTE
r-devel-linux-x86_64-fedora-gcc 0.4 50.19 NOTE
r-devel-windows-x86_64 0.4 19.00 58.00 77.00 NOTE
r-patched-linux-x86_64 0.4 2.39 29.87 32.26 NOTE
r-release-linux-x86_64 0.4 2.56 29.15 31.71 NOTE
r-release-macos-arm64 0.4 18.00 NOTE
r-release-macos-x86_64 0.4 24.00 NOTE
r-release-windows-x86_64 0.4 10.00 53.00 63.00 NOTE
r-oldrel-macos-arm64 0.4 21.00 NOTE
r-oldrel-macos-x86_64 0.4 28.00 NOTE
r-oldrel-windows-ix86+x86_64 0.4 15.00 51.00 66.00 NOTE

Check Details

Version: 0.4
Check: DESCRIPTION meta-information
Result: NOTE
    Malformed Description field: should contain one or more complete sentences.
Flavors: r-devel-linux-x86_64-debian-clang, r-devel-linux-x86_64-debian-gcc, r-devel-linux-x86_64-fedora-clang, r-devel-linux-x86_64-fedora-gcc, r-devel-windows-x86_64, r-patched-linux-x86_64, r-release-linux-x86_64, r-release-macos-arm64, r-release-macos-x86_64, r-release-windows-x86_64, r-oldrel-macos-arm64, r-oldrel-macos-x86_64, r-oldrel-windows-ix86+x86_64