CRAN Package Check Results for Package ypssc

Last updated on 2022-09-28 12:55:34 CEST.

Flavor Version Tinstall Tcheck Ttotal Status Flags
r-devel-linux-x86_64-debian-clang 1.1.0 34.59 84.18 118.77 OK
r-devel-linux-x86_64-debian-gcc 1.1.0 30.42 64.95 95.37 OK
r-devel-linux-x86_64-fedora-clang 1.1.0 166.87 NOTE
r-devel-linux-x86_64-fedora-gcc 1.1.0 161.21 NOTE
r-devel-windows-x86_64 1.1.0 39.00 102.00 141.00 OK
r-patched-linux-x86_64 1.1.0 35.37 84.25 119.62 OK
r-release-linux-x86_64 1.1.0 32.64 83.54 116.18 OK
r-release-macos-arm64 1.1.0 66.00 NOTE
r-release-macos-x86_64 1.1.0 106.00 NOTE
r-release-windows-x86_64 1.1.0 38.00 101.00 139.00 OK
r-oldrel-macos-arm64 1.1.0 93.00 NOTE
r-oldrel-macos-x86_64 1.1.0 78.00 NOTE
r-oldrel-windows-ix86+x86_64 1.1.0 71.00 99.00 170.00 OK

Check Details

Version: 1.1.0
Check: dependencies in R code
Result: NOTE
    Namespace in Imports field not imported from: ‘spelling’
     All declared Imports should be used.
Flavors: r-devel-linux-x86_64-fedora-clang, r-devel-linux-x86_64-fedora-gcc, r-release-macos-arm64, r-release-macos-x86_64, r-oldrel-macos-arm64, r-oldrel-macos-x86_64