CRAN Package Check Results for Package yacca

Last updated on 2020-12-04 19:48:45 CET.

Flavor Version Tinstall Tcheck Ttotal Status Flags
r-devel-linux-x86_64-debian-clang 1.1.1 3.07 26.27 29.34 NOTE
r-devel-linux-x86_64-debian-gcc 1.1.1 2.16 21.74 23.90 NOTE
r-devel-linux-x86_64-fedora-clang 1.1.1 39.94 NOTE
r-devel-linux-x86_64-fedora-gcc 1.1.1 30.23 NOTE
r-devel-windows-ix86+x86_64 1.1.1 5.00 29.00 34.00 OK
r-patched-linux-x86_64 1.1.1 2.71 24.66 27.37 NOTE
r-patched-solaris-x86 1.1.1 45.60 OK
r-release-linux-x86_64 1.1.1 3.21 26.49 29.70 NOTE
r-release-macos-x86_64 1.1.1 OK
r-release-windows-ix86+x86_64 1.1.1 4.00 30.00 34.00 OK
r-oldrel-macos-x86_64 1.1.1 OK
r-oldrel-windows-ix86+x86_64 1.1.1 5.00 43.00 48.00 OK

Check Details

Version: 1.1.1
Check: top-level files
Result: NOTE
    Non-standard file/directory found at top level:
     'CONTRIBUTORS'
Flavors: r-devel-linux-x86_64-debian-clang, r-devel-linux-x86_64-debian-gcc, r-devel-linux-x86_64-fedora-clang, r-devel-linux-x86_64-fedora-gcc, r-patched-linux-x86_64, r-release-linux-x86_64